{"id":531,"date":"2022-03-01T15:54:25","date_gmt":"2022-03-01T14:54:25","guid":{"rendered":"https:\/\/agora.xtec.cat\/ceiprivorubeo\/?page_id=531"},"modified":"2022-07-20T13:08:48","modified_gmt":"2022-07-20T11:08:48","slug":"projecte-educatiu-i-projecte-de-direccio","status":"publish","type":"page","link":"https:\/\/agora.xtec.cat\/ceiprivorubeo\/projecte-educatiu\/projecte-educatiu-i-projecte-de-direccio\/","title":{"rendered":"Projecte educatiu de centre"},"content":{"rendered":"<p>El Projecte Educatiu de Centre que podeu consultar tot seguit va ser renovat i aprovat el 2016. Darrera d\u2019aquest Projecte hi ha molta feina, treball en equip i 10 anys d\u2019observaci\u00f3, reflexi\u00f3, experi\u00e8ncia, innovaci\u00f3, motivaci\u00f3, implicaci\u00f3&#8230; Aquest PEC no parteix de zero, explica el proc\u00e9s de desenvolupament i aprenentatge del Rivo Rubeo com a centre i com a comunitat educativa. Per tant, parteix del PEC del 2010 i compta amb una fase fonamental de recull de tota la feina feta durant aquests primers deu anys fent escola. Ha estat fonamental en la seva elaboraci\u00f3 tenir present la participaci\u00f3 de la comunitat tant en actuacions pr\u00e8vies a la redacci\u00f3, com en la revisi\u00f3 i aprovaci\u00f3 i la proposta de seguiment i avaluaci\u00f3 dels objectius. Com es pot comprovar al llarg del PEC, aquest \u00e9s un document que recull multitud d\u2019acords de Claustre que s\u00f3n fruit del treball de reflexi\u00f3 que ha comportat el propi desenvolupament organitzatiu i de les formacions FIC dels darrers cursos.<\/p>\n<p>&nbsp;<\/p>\n<p><a href=\"https:\/\/agora.xtec.cat\/ceiprivorubeo\/wp-content\/uploads\/usu2655\/2022\/06\/Tapa.pdf\">Tapa<\/a><\/p>\n<p><a href=\"https:\/\/agora.xtec.cat\/ceiprivorubeo\/wp-content\/uploads\/usu2655\/2022\/06\/INDEX.pdf\">\u00cdNDEX<\/a><\/p>\n<p><a href=\"https:\/\/agora.xtec.cat\/ceiprivorubeo\/wp-content\/uploads\/usu2655\/2022\/06\/1.ANALISI-DEL-CONTEXT.pdf\">1.AN\u00c0LISI DEL CONTEXT<\/a><\/p>\n<p><a href=\"https:\/\/agora.xtec.cat\/ceiprivorubeo\/wp-content\/uploads\/usu2655\/2022\/06\/2.TRETS-DIDENTITAT.pdf\">2.TRETS D&#8217;IDENTITAT<\/a><\/p>\n<p><a href=\"https:\/\/agora.xtec.cat\/ceiprivorubeo\/wp-content\/uploads\/usu2655\/2022\/06\/3.OBJECTIUS-DEL-CENTRE.pdf\">3.OBJECTIUS DEL CENTRE<\/a><\/p>\n<p><a href=\"https:\/\/agora.xtec.cat\/ceiprivorubeo\/wp-content\/uploads\/usu2655\/2022\/06\/4.AVALUACIO.pdf\">4.AVALUACI\u00d3<\/a><\/p>\n<p><a href=\"https:\/\/agora.xtec.cat\/ceiprivorubeo\/wp-content\/uploads\/usu2655\/2022\/06\/5.ESTRATEGIES-I-ACTUACIONS.pdf\">5.ESTRAT\u00c8GIES I ACTUACIONS<\/a><\/p>\n<p><a href=\"https:\/\/agora.xtec.cat\/ceiprivorubeo\/wp-content\/uploads\/usu2655\/2022\/06\/6.PRINCIPIS-ORGANITZATIUS.pdf\">6.PRINCIPIS ORGANITZATIUS<\/a><\/p>\n<p><a href=\"https:\/\/agora.xtec.cat\/ceiprivorubeo\/wp-content\/uploads\/usu2655\/2022\/06\/ANNEX-I.-PROCES-DELABORACIO-I-APROVACIO.pdf\">ANNEX I. PROC\u00c9S D&#8217;ELABORACIO I APROVACI\u00d3<\/a><\/p>\n<p><a href=\"https:\/\/agora.xtec.cat\/ceiprivorubeo\/wp-content\/uploads\/usu2655\/2022\/07\/ANNEX-II.-SEGUIMENT-DELS-INDICADORS-DAVALUACIO.-Juny-2022.pdf\">ANNEX II. SEGUIMENT DELS INDICADORS D&#8217;AVALUACI\u00d3. Juny 2022<\/a><\/p>\n<p><a href=\"https:\/\/agora.xtec.cat\/ceiprivorubeo\/wp-content\/uploads\/usu2655\/2022\/06\/ANNEX-III.-DEFINICIO-LLOCS-AMB-PERFILS-SINGULARS.pdf\">ANNEX III. DEFINICI\u00d3 LLOCS AMB PERFILS SINGULARS<\/a><\/p>\n<p>&nbsp;<\/p>\n<p><iframe loading=\"lazy\" src=\"http:\/\/prezi.com\/embed\/lbulwdhayyzl\/?bgcolor=ffffff&amp;lock_to_path=0&amp;autoplay=0&amp;autohide_ctrls=0&amp;features=undefined&amp;token=undefined&amp;disabled_features=undefined\" width=\"650\" height=\"460\" frameborder=\"0\"><\/iframe><\/p>\n","protected":false},"excerpt":{"rendered":"<p>El Projecte Educatiu de Centre que podeu consultar tot seguit va ser renovat i aprovat el 2016. Darrera d\u2019aquest Projecte hi ha molta feina, treball en equip i 10 anys d\u2019observaci\u00f3, reflexi\u00f3, experi\u00e8ncia, innovaci\u00f3, motivaci\u00f3, implicaci\u00f3&#8230; Aquest PEC no parteix de zero, explica el proc\u00e9s&hellip;  <a href=\"https:\/\/agora.xtec.cat\/ceiprivorubeo\/projecte-educatiu\/projecte-educatiu-i-projecte-de-direccio\/\" title=\"Read Projecte educatiu de centre\">Llegeix m\u00e9s\u00bb<\/a><\/p>\n","protected":false},"author":1,"featured_media":0,"parent":64,"menu_order":3,"comment_status":"closed","ping_status":"closed","template":"page-templates\/side-menu.php","meta":{"_bbp_topic_count":0,"_bbp_reply_count":0,"_bbp_total_topic_count":0,"_bbp_total_reply_count":0,"_bbp_voice_count":0,"_bbp_anonymous_reply_count":0,"_bbp_topic_count_hidden":0,"_bbp_reply_count_hidden":0,"_bbp_forum_subforum_count":0,"footnotes":""},"class_list":["post-531","page","type-page","status-publish","hentry"],"post_mailing_queue_ids":[],"_links":{"self":[{"href":"https:\/\/agora.xtec.cat\/ceiprivorubeo\/wp-json\/wp\/v2\/pages\/531","targetHints":{"allow":["GET"]}}],"collection":[{"href":"https:\/\/agora.xtec.cat\/ceiprivorubeo\/wp-json\/wp\/v2\/pages"}],"about":[{"href":"https:\/\/agora.xtec.cat\/ceiprivorubeo\/wp-json\/wp\/v2\/types\/page"}],"author":[{"embeddable":true,"href":"https:\/\/agora.xtec.cat\/ceiprivorubeo\/wp-json\/wp\/v2\/users\/1"}],"replies":[{"embeddable":true,"href":"https:\/\/agora.xtec.cat\/ceiprivorubeo\/wp-json\/wp\/v2\/comments?post=531"}],"version-history":[{"count":3,"href":"https:\/\/agora.xtec.cat\/ceiprivorubeo\/wp-json\/wp\/v2\/pages\/531\/revisions"}],"predecessor-version":[{"id":1090,"href":"https:\/\/agora.xtec.cat\/ceiprivorubeo\/wp-json\/wp\/v2\/pages\/531\/revisions\/1090"}],"up":[{"embeddable":true,"href":"https:\/\/agora.xtec.cat\/ceiprivorubeo\/wp-json\/wp\/v2\/pages\/64"}],"wp:attachment":[{"href":"https:\/\/agora.xtec.cat\/ceiprivorubeo\/wp-json\/wp\/v2\/media?parent=531"}],"curies":[{"name":"wp","href":"https:\/\/api.w.org\/{rel}","templated":true}]}}

<p>El Projecte Educatiu de Centre que podeu consultar tot seguit va ser renovat i aprovat el 2016. Darrera d’aquest Projecte hi ha molta feina, treball en equip i 10 anys d’observació, reflexió, experiència, innovació, motivació, implicació&#8230; Aquest PEC no parteix de zero, explica el procés de desenvolupament i aprenentatge del Rivo Rubeo com a centre i com a comunitat educativa. Per tant, parteix del PEC del 2010 i compta amb una fase fonamental de recull de tota la feina feta durant aquests primers deu anys fent escola. Ha estat fonamental en la seva elaboració tenir present la participació de la comunitat tant en actuacions prèvies a la redacció, com en la revisió i aprovació i la proposta de seguiment i avaluació dels objectius. Com es pot comprovar al llarg del PEC, aquest és un document que recull multitud d’acords de Claustre que són fruit del treball de reflexió que ha comportat el propi desenvolupament organitzatiu i de les formacions FIC dels darrers cursos.</p>
<p>&nbsp;</p>
<p><a href="https://agora.xtec.cat/ceiprivorubeo/wp-content/uploads/usu2655/2022/06/Tapa.pdf">Tapa</a></p>
<p><a href="https://agora.xtec.cat/ceiprivorubeo/wp-content/uploads/usu2655/2022/06/INDEX.pdf">ÍNDEX</a></p>
<p><a href="https://agora.xtec.cat/ceiprivorubeo/wp-content/uploads/usu2655/2022/06/1.ANALISI-DEL-CONTEXT.pdf">1.ANÀLISI DEL CONTEXT</a></p>
<p><a href="https://agora.xtec.cat/ceiprivorubeo/wp-content/uploads/usu2655/2022/06/2.TRETS-DIDENTITAT.pdf">2.TRETS D&#8217;IDENTITAT</a></p>
<p><a href="https://agora.xtec.cat/ceiprivorubeo/wp-content/uploads/usu2655/2022/06/3.OBJECTIUS-DEL-CENTRE.pdf">3.OBJECTIUS DEL CENTRE</a></p>
<p><a href="https://agora.xtec.cat/ceiprivorubeo/wp-content/uploads/usu2655/2022/06/4.AVALUACIO.pdf">4.AVALUACIÓ</a></p>
<p><a href="https://agora.xtec.cat/ceiprivorubeo/wp-content/uploads/usu2655/2022/06/5.ESTRATEGIES-I-ACTUACIONS.pdf">5.ESTRATÈGIES I ACTUACIONS</a></p>
<p><a href="https://agora.xtec.cat/ceiprivorubeo/wp-content/uploads/usu2655/2022/06/6.PRINCIPIS-ORGANITZATIUS.pdf">6.PRINCIPIS ORGANITZATIUS</a></p>
<p><a href="https://agora.xtec.cat/ceiprivorubeo/wp-content/uploads/usu2655/2022/06/ANNEX-I.-PROCES-DELABORACIO-I-APROVACIO.pdf">ANNEX I. PROCÉS D&#8217;ELABORACIO I APROVACIÓ</a></p>
<p><a href="https://agora.xtec.cat/ceiprivorubeo/wp-content/uploads/usu2655/2022/07/ANNEX-II.-SEGUIMENT-DELS-INDICADORS-DAVALUACIO.-Juny-2022.pdf">ANNEX II. SEGUIMENT DELS INDICADORS D&#8217;AVALUACIÓ. Juny 2022</a></p>
<p><a href="https://agora.xtec.cat/ceiprivorubeo/wp-content/uploads/usu2655/2022/06/ANNEX-III.-DEFINICIO-LLOCS-AMB-PERFILS-SINGULARS.pdf">ANNEX III. DEFINICIÓ LLOCS AMB PERFILS SINGULARS</a></p>
<p>&nbsp;</p>
<p><iframe loading="lazy" src="http://prezi.com/embed/lbulwdhayyzl/?bgcolor=ffffff&amp;lock_to_path=0&amp;autoplay=0&amp;autohide_ctrls=0&amp;features=undefined&amp;token=undefined&amp;disabled_features=undefined" width="650" height="460" frameborder="0"></iframe></p>

<p>El Projecte Educatiu de Centre que podeu consultar tot seguit va ser renovat i aprovat el 2016. Darrera d’aquest Projecte hi ha molta feina, treball en equip i 10 anys d’observació, reflexió, experiència, innovació, motivació, implicació&#8230; Aquest PEC no parteix de zero, explica el procés&hellip;  <a href="https://agora.xtec.cat/ceiprivorubeo/projecte-educatiu/projecte-educatiu-i-projecte-de-direccio/" title="Read Projecte educatiu de centre">Llegeix més»</a></p>
