{"id":5035,"date":"2026-01-23T13:20:02","date_gmt":"2026-01-23T12:20:02","guid":{"rendered":"https:\/\/agora.xtec.cat\/ceiprivorubeo\/?page_id=5035"},"modified":"2026-01-26T16:05:28","modified_gmt":"2026-01-26T15:05:28","slug":"portes-obertes-26-27","status":"publish","type":"page","link":"https:\/\/agora.xtec.cat\/ceiprivorubeo\/portes-obertes-26-27\/","title":{"rendered":"Preinscripci\u00f3 i matr\u00edcula 26-27"},"content":{"rendered":"<p>Si has de preinscriure el teu fill o filla a educaci\u00f3 infantil (3-6), prim\u00e0ria o secund\u00e0ria obligat\u00f2ria, t&#8217;avancem algunes dates, entre les quals destaquem les de<strong>\u00a0presentaci\u00f3 de sol\u00b7licituds<\/strong>:<\/p>\n<ul>\n<li>Educaci\u00f3 infantil de segon cicle i educaci\u00f3 prim\u00e0ria: <strong>del 4 al 18 de mar\u00e7 de 2026<\/strong><\/li>\n<li>Educaci\u00f3 secund\u00e0ria obligat\u00f2ria: <strong>del 6 al 18 de mar\u00e7 de 2026<\/strong><\/li>\n<\/ul>\n<p>Per saber m\u00e9s, pots entrar a l\u2019enlla\u00e7:\u00a0<a href=\"https:\/\/preinscripcio.gencat.cat\/ca\/detalls\/noticia\/dates-preinscripcio-2026-2027\">Preinscripci\u00f3 26-27<\/a><\/p>\n","protected":false},"excerpt":{"rendered":"<p>Si has de preinscriure el teu fill o filla a educaci\u00f3 infantil (3-6), prim\u00e0ria o secund\u00e0ria obligat\u00f2ria, t&#8217;avancem algunes dates, entre les quals destaquem les de\u00a0presentaci\u00f3 de sol\u00b7licituds:<\/p>\n<ul>\n<li>Educaci\u00f3 infantil de segon cicle i educaci\u00f3 prim\u00e0ria: del 4 al 18 de mar\u00e7 de 2026<\/li>\n<li>Educaci\u00f3 secund\u00e0ria obligat\u00f2ria:&hellip;  <a href=\"https:\/\/agora.xtec.cat\/ceiprivorubeo\/portes-obertes-26-27\/\" title=\"Read Preinscripci\u00f3 i matr\u00edcula 26-27\">Llegeix m\u00e9s\u00bb<\/a><br \/>\n","protected":false},"author":1,"featured_media":0,"parent":0,"menu_order":0,"comment_status":"closed","ping_status":"closed","template":"","meta":{"_bbp_topic_count":0,"_bbp_reply_count":0,"_bbp_total_topic_count":0,"_bbp_total_reply_count":0,"_bbp_voice_count":0,"_bbp_anonymous_reply_count":0,"_bbp_topic_count_hidden":0,"_bbp_reply_count_hidden":0,"_bbp_forum_subforum_count":0,"footnotes":""},"class_list":["post-5035","page","type-page","status-publish","hentry"],"post_mailing_queue_ids":[],"_links":{"self":[{"href":"https:\/\/agora.xtec.cat\/ceiprivorubeo\/wp-json\/wp\/v2\/pages\/5035","targetHints":{"allow":["GET"]}}],"collection":[{"href":"https:\/\/agora.xtec.cat\/ceiprivorubeo\/wp-json\/wp\/v2\/pages"}],"about":[{"href":"https:\/\/agora.xtec.cat\/ceiprivorubeo\/wp-json\/wp\/v2\/types\/page"}],"author":[{"embeddable":true,"href":"https:\/\/agora.xtec.cat\/ceiprivorubeo\/wp-json\/wp\/v2\/users\/1"}],"replies":[{"embeddable":true,"href":"https:\/\/agora.xtec.cat\/ceiprivorubeo\/wp-json\/wp\/v2\/comments?post=5035"}],"version-history":[{"count":3,"href":"https:\/\/agora.xtec.cat\/ceiprivorubeo\/wp-json\/wp\/v2\/pages\/5035\/revisions"}],"predecessor-version":[{"id":5047,"href":"https:\/\/agora.xtec.cat\/ceiprivorubeo\/wp-json\/wp\/v2\/pages\/5035\/revisions\/5047"}],"wp:attachment":[{"href":"https:\/\/agora.xtec.cat\/ceiprivorubeo\/wp-json\/wp\/v2\/media?parent=5035"}],"curies":[{"name":"wp","href":"https:\/\/api.w.org\/{rel}","templated":true}]}}

Preinscripció i matrícula 26-27

<p>Si has de preinscriure el teu fill o filla a educació infantil (3-6), primària o secundària obligatòria, t&#8217;avancem algunes dates, entre les quals destaquem les de<strong> presentació de sol·licituds</strong>:</p>
<ul>
<li>Educació infantil de segon cicle i educació primària: <strong>del 4 al 18 de març de 2026</strong></li>
<li>Educació secundària obligatòria: <strong>del 6 al 18 de març de 2026</strong></li>
</ul>
<p>Per saber més, pots entrar a l’enllaç: <a href="https://preinscripcio.gencat.cat/ca/detalls/noticia/dates-preinscripcio-2026-2027">Preinscripció 26-27</a></p>

<p>Si has de preinscriure el teu fill o filla a educació infantil (3-6), primària o secundària obligatòria, t&#8217;avancem algunes dates, entre les quals destaquem les de presentació de sol·licituds:</p>
<ul>
<li>Educació infantil de segon cicle i educació primària: del 4 al 18 de març de 2026</li>
<li>Educació secundària obligatòria:&hellip;  <a href="https://agora.xtec.cat/ceiprivorubeo/portes-obertes-26-27/" title="Read Preinscripció i matrícula 26-27">Llegeix més»</a><br />
