{"id":1347,"date":"2022-09-14T13:14:56","date_gmt":"2022-09-14T11:14:56","guid":{"rendered":"https:\/\/agora.xtec.cat\/ceiprivorubeo\/?page_id=1347"},"modified":"2022-10-14T16:15:27","modified_gmt":"2022-10-14T14:15:27","slug":"com-ens-comuniquem-a-lescola","status":"publish","type":"page","link":"https:\/\/agora.xtec.cat\/ceiprivorubeo\/lescola\/com-ens-comuniquem-a-lescola\/","title":{"rendered":"Com ens comuniquem a l&#8217;escola?"},"content":{"rendered":"<p>Durant el curs 21-22 vam iniciar un treball de diagnosi per a l&#8217;elaboraci\u00f3 d&#8217;un Pla de Comunicaci\u00f3 per a l&#8217;escola. Durant el curs 22-23 treballarem per concretar i implementar-lo.<\/p>\n<p>Una de les conclusions que es van extreure de l&#8217;an\u00e0lisi va ser la conveni\u00e8ncia de compartir amb tota la comunitat quins canals tenim a l&#8217;escola per comunicar-nos i explicitar quins usos donar-los ja que hem identificat que no est\u00e0 clar en tots els casos.<\/p>\n<p>D&#8217;altra banda, des de la doc\u00e8ncia i identifiquem tres \u00e0mbits de comunicaci\u00f3: <strong>Escola, Aula i Alumne<\/strong>. Es complementa amb el canal comunicatiu de <strong>l&#8217;AFA<\/strong> i tots els <strong>serveis que ofereix.<\/strong><\/p>\n<p>En aquesta graella trobareu tots els canals i les seves particularitats. Si esteu mirant aquesta informaci\u00f3 des del m\u00f2bil no veureu b\u00e9 la graella. Us la podeu descarregar clicant al seg\u00fcent enlla\u00e7: <a href=\"https:\/\/agora.xtec.cat\/ceiprivorubeo\/wp-content\/uploads\/usu2655\/2022\/09\/GRAELLA-RESUM-CANALS-DE-COMUNICACIO.docx-Documents-de-Google-1.pdf\">GRAELLA RESUM CANALS DE COMUNICACI\u00d3<\/a><\/p>\n<table>\n<thead>\n<tr>\n<th><b>CANAL<\/b><\/th>\n<th><b>\u00c0MBIT\u00a0<\/b><\/th>\n<th><b>PARTICULARITATS<\/b><\/th>\n<th><b>PERIODICITAT<\/b><\/th>\n<th><b>Direccionalitat<\/b><\/th>\n<\/tr>\n<\/thead>\n<tbody>\n<tr>\n<td><span style=\"font-weight: 400;\">Web<\/span><\/p>\n<p><a href=\"http:\/\/www.rivorubeo.cat\"><b>www.rivorubeo.cat<\/b><\/a><\/td>\n<td><span style=\"font-weight: 400;\">ESCOLA<\/span><\/p>\n<p><span style=\"font-weight: 400;\">AFA i serveis:<\/span><\/p>\n<ul>\n<li style=\"font-weight: 400;\" aria-level=\"1\"><span style=\"font-weight: 400;\">Acollida<\/span><\/li>\n<li style=\"font-weight: 400;\" aria-level=\"1\"><span style=\"font-weight: 400;\">Menjador<\/span><\/li>\n<li style=\"font-weight: 400;\" aria-level=\"1\"><span style=\"font-weight: 400;\">Extraescolars<\/span><\/li>\n<\/ul>\n<\/td>\n<td><span style=\"font-weight: 400;\">Presentaci\u00f3 de l\u2019escola al m\u00f3n en els apartats fixos.<\/span><\/p>\n<p><span style=\"font-weight: 400;\">Informacions d\u2019escola i altres informacions d\u2019inter\u00e8s que es van generant al llarg del curs. La majoria d\u2019elles es difonen a trav\u00e9s del butllet\u00ed.<\/span><\/p>\n<p><span style=\"font-weight: 400;\">Tamb\u00e9 aglutina els nous blocs d\u2019aula.<\/span><\/td>\n<td><span style=\"font-weight: 400;\">Actualitzaci\u00f3 regular i setmanal<\/span><\/td>\n<td><span style=\"font-weight: 400;\">Unidireccional<\/span><\/p>\n<p><span style=\"font-weight: 400;\">Possibilitat de comentar en algunes publicacions.<\/span><\/td>\n<\/tr>\n<tr>\n<td><span style=\"font-weight: 400;\">Butllet\u00ed<\/span><\/p>\n<p><a href=\"https:\/\/us5.list-manage.com\/subscribe?u=23c98d4159cf6b8514c5a9ad3&amp;id=8f01da9be1\"><b>Formulari de subscripci\u00f3<\/b><\/a><\/td>\n<td><span style=\"font-weight: 400;\">ESCOLA<\/span><\/td>\n<td><span style=\"font-weight: 400;\">S\u2019envia cada setmana.<\/span><\/p>\n<p><span style=\"font-weight: 400;\">Informacions rellevants d\u2019escola i altres informacions d\u2019inter\u00e8s.<\/span><\/p>\n<p><span style=\"font-weight: 400;\">Totes les informacions queden recollides i actualitzades a la web.<\/span><\/p>\n<p><b>\u00c9s responsabilitat de les fam\u00edlies llegir-se\u2019l per estar degudament informades.<\/b><\/p>\n<p><b>\u00c9s necessari estar subscrit per rebre\u2019l.<\/b><\/td>\n<td><span style=\"font-weight: 400;\">Setmanal. Surt els divendres o el darrer dia de la setmana en cas de festiu.<\/span><\/td>\n<td><span style=\"font-weight: 400;\">Unidireccional<\/span><\/td>\n<\/tr>\n<tr>\n<td><span style=\"font-weight: 400;\">Tel\u00e8fon<\/span><\/p>\n<p><b>93 551 75 86<\/b><\/td>\n<td><span style=\"font-weight: 400;\">ESCOLA<\/span><\/p>\n<p><span style=\"font-weight: 400;\">ALUMNE\/A<\/span><\/td>\n<td><b>Informacions immediates o urgents.<\/b><\/p>\n<p><span style=\"font-weight: 400;\">Si es requereix parlar amb una mestra, es prendr\u00e0 nota de la trucada perqu\u00e8 la retorni un cop acabades les classes.<\/span><\/td>\n<td><span style=\"font-weight: 400;\">Segons necessitat.<\/span><\/td>\n<td><span style=\"font-weight: 400;\">Bidireccional<\/span><\/td>\n<\/tr>\n<tr>\n<td><span style=\"font-weight: 400;\">Correu electr\u00f2nic direcci\u00f3<\/span><\/p>\n<p><a href=\"mailto:escola@rivorubeo.cat\"><b>escola@rivorubeo.cat<\/b><\/a><\/td>\n<td><span style=\"font-weight: 400;\">ESCOLA<\/span><\/p>\n<p><span style=\"font-weight: 400;\">ALUMNE\/A<\/span><\/td>\n<td><span style=\"font-weight: 400;\">Consultes, demanda d\u2019informaci\u00f3 concreta amb la direcci\u00f3<\/span><\/td>\n<td><span style=\"font-weight: 400;\">Segons necessitat<\/span><\/p>\n<p><b>Resposta en 24-48h laborables per part de la direcci\u00f3.<\/b><\/td>\n<td><span style=\"font-weight: 400;\">Bidireccional<\/span><\/td>\n<\/tr>\n<tr>\n<td><span style=\"font-weight: 400;\">Instagram<\/span><\/p>\n<p><b>@escolarivorubeo<\/b><\/td>\n<td><span style=\"font-weight: 400;\">ESCOLA<\/span><\/td>\n<td><span style=\"font-weight: 400;\">Mostra del dia a dia a l\u2019escola tant a les fam\u00edlies com a l\u2019entorn del centre<\/span><\/td>\n<td><span style=\"font-weight: 400;\">Actualitzaci\u00f3 regular<\/span><\/td>\n<td><span style=\"font-weight: 400;\">Unidireccional amb possibilitat de comentar.<\/span><\/td>\n<\/tr>\n<tr>\n<td><span style=\"font-weight: 400;\">Reuni\u00f3 fam\u00edlies inici de curs<\/span><\/td>\n<td><span style=\"font-weight: 400;\">AULA<\/span><\/td>\n<td><span style=\"font-weight: 400;\">Reuni\u00f3 en la que s\u2019explica com es desenvolupar\u00e0 el curs a les aules.<\/span><\/td>\n<td><span style=\"font-weight: 400;\">1 al curs.<\/span><\/p>\n<p><span style=\"font-weight: 400;\">Finals de setembre-principis d\u2019octubre.<\/span><\/td>\n<td><span style=\"font-weight: 400;\">Bidireccional<\/span><\/td>\n<\/tr>\n<tr>\n<td><span style=\"font-weight: 400;\">Aules obertes<\/span><\/p>\n<p><span style=\"font-weight: 400;\">+Assemblea<\/span><\/td>\n<td><span style=\"font-weight: 400;\">AULA<\/span><\/td>\n<td><span style=\"font-weight: 400;\">Trobada amb les fam\u00edlies en la que coneixen algun aspecte treballat a l\u2019aula.<\/span><\/p>\n<p><span style=\"font-weight: 400;\">En una segona part es fa l\u2019Assemblea en la que es comenta amb les mateixes fam\u00edlies all\u00f2 que s\u2019ha observat a l\u2019aula oberta en un format participatiu.<\/span><\/td>\n<td><span style=\"font-weight: 400;\">1 al curs.<\/span><\/p>\n<p><span style=\"font-weight: 400;\">2n-3r trimestre segons criteri pedag\u00f2gic.\u00a0<\/span><\/p>\n<p><span style=\"font-weight: 400;\">S\u2019informar\u00e0 degudament.<\/span><\/td>\n<td><span style=\"font-weight: 400;\">Bidireccional<\/span><\/td>\n<\/tr>\n<tr>\n<td><span style=\"font-weight: 400;\">Blocs<\/span><\/p>\n<p><a href=\"http:\/\/www.rivorubeo.cat\"><b>www.rivorubeo.cat<\/b><\/a><\/p>\n<p><span style=\"font-weight: 400;\">Veure men\u00fa blocs<\/span><\/td>\n<td><span style=\"font-weight: 400;\">AULA<\/span><\/td>\n<td><span style=\"font-weight: 400;\">Mostra del dia a dia a l\u2019aula.\u00a0<\/span><\/p>\n<p><span style=\"font-weight: 400;\">Eina nova, comen\u00e7ant a aprendre a fer servir.\u00a0<\/span><\/p>\n<p><span style=\"font-weight: 400;\">Queden tots integrats a la web.<\/span><\/td>\n<td><span style=\"font-weight: 400;\">Actualitzaci\u00f3 regular.<\/span><\/td>\n<td><span style=\"font-weight: 400;\">Unidireccional amb possibilitats de comentar en algunes publicacions.<\/span><\/td>\n<\/tr>\n<tr>\n<td><span style=\"font-weight: 400;\">Correu tutorial<\/span><\/p>\n<p><a href=\"https:\/\/agora.xtec.cat\/ceiprivorubeo\/portada\/tutories-curs-2022-2023\/\"><b>Llistat de correus tutorials<\/b><\/a><\/td>\n<td><span style=\"font-weight: 400;\">AULA<\/span><\/p>\n<p><span style=\"font-weight: 400;\">ALUMNE\/A<\/span><\/td>\n<td><span style=\"font-weight: 400;\">Principal via de comunicaci\u00f3 entre tutoria i fam\u00edlies.\u00a0<\/span><\/p>\n<p><span style=\"font-weight: 400;\">Des de les tutories s\u2019envien informacions generals d\u2019aula, requeriments, novetats&#8230;<\/span><\/p>\n<p><b>Des de les fam\u00edlies \u00e9s l\u2019eina principal per contactar amb les tutores.<\/b><\/p>\n<p><b>No \u00e9s una via de comunicaci\u00f3 urgent.<\/b><\/td>\n<td><span style=\"font-weight: 400;\">Segons necessitat.<\/span><\/p>\n<p><b>Es respon en 24-48h laborables.<\/b><\/td>\n<td><span style=\"font-weight: 400;\">Bidireccional<\/span><\/td>\n<\/tr>\n<tr>\n<td><span style=\"font-weight: 400;\">Entrevista<\/span><\/td>\n<td><span style=\"font-weight: 400;\">ALUMNE\/A<\/span><\/td>\n<td><span style=\"font-weight: 400;\">Reuni\u00f3 fam\u00edlia\/tutoria per comentar aspectes del desenvolupament del curs per part de l\u2019alumne\/a.<\/span><\/p>\n<p><b>Convoca la tutoria o proposa la fam\u00edlia. Tot i aix\u00ed, \u00e9s molt important no esperar a ser convocats si hi ha alguna inquietud.\u00a0<\/b><\/p>\n<p><span style=\"font-weight: 400;\">\u00c9s un <\/span><b>moment molt important de comunicaci\u00f3 entre mestres i fam\u00edlies<\/b><span style=\"font-weight: 400;\">, pel que \u00e9s molt important que ens assegurem uns i altres que hem <\/span><b>compartit i ent\u00e8s tota la informaci\u00f3 necess\u00e0ria<\/b><span style=\"font-weight: 400;\"> per acompanyar l\u2019aprenentatge del nen\/a.<\/span><\/td>\n<td><b>1 al curs<\/b><span style=\"font-weight: 400;\">. En casos particulars se\u2019n poden fer m\u00e9s.<\/span><\/p>\n<p><span style=\"font-weight: 400;\">Dimarts al migdia. Fora d\u2019aquest horari es consideren excepcions que no assenten precedent.<\/span><\/p>\n<p><span style=\"font-weight: 400;\">Se\u2019n fan al llarg del curs, per\u00f2, per q\u00fcestions de calendari, per a la majoria de fam\u00edlies es\u00a0 concentren principalment al 2n trimestre.<\/span><\/td>\n<td><span style=\"font-weight: 400;\">Bidireccional<\/span><\/td>\n<\/tr>\n<tr>\n<td><span style=\"font-weight: 400;\">Informes<\/span><\/td>\n<td><span style=\"font-weight: 400;\">ALUMNE\/A<\/span><\/td>\n<td><span style=\"font-weight: 400;\">L\u2019informe mostra l\u2019evoluci\u00f3 de l\u2019alumne\/a al llarg del curs.<\/span><\/td>\n<td><span style=\"font-weight: 400;\">Infantil. 2 informes (gener i juny).<\/span><\/p>\n<p><span style=\"font-weight: 400;\">Prim\u00e0ria. 3 informes en acabar cada trimestre.<\/span><\/td>\n<td><span style=\"font-weight: 400;\">Unidireccional<\/span><\/td>\n<\/tr>\n<tr>\n<td><span style=\"font-weight: 400;\">Agenda.\u00a0<\/span><\/p>\n<p><span style=\"font-weight: 400;\">A partir de 1r<\/span><\/td>\n<td><span style=\"font-weight: 400;\">AULA<\/span><\/p>\n<p><span style=\"font-weight: 400;\">ALUMNE\/A<\/span><\/td>\n<td><b>Eina de treball amb potencial comunicatiu.<\/b><\/p>\n<p><b>Mitjans.<\/b><span style=\"font-weight: 400;\"> S\u2019informa de les activitats, festes, celebracions d\u2019aniversari, festius, les feines que s\u2019emporten a casa. Tamb\u00e9 es fan demandes a les fam\u00edlies (complementari al mail) incorpora la dita del mes i el treball del calendari.<\/span><\/p>\n<p><b>Grans.<\/b><span style=\"font-weight: 400;\"> \u00c9s una eina m\u00e9s aviat d\u2019organitzaci\u00f3 del treball de l\u2019alumne. Porta els deures, i tasques a fer.<\/span><\/td>\n<td><span style=\"font-weight: 400;\">Segons el nivell<\/span><\/td>\n<td><span style=\"font-weight: 400;\">Mitjans. Unidireccional<\/span><\/p>\n<p><span style=\"font-weight: 400;\">Grans. Bidireccional, encara que per comunicar-se amb la tutora \u00e9s preferible el correu electr\u00f2nic.<\/span><\/td>\n<\/tr>\n<tr>\n<td><span style=\"font-weight: 400;\">Diari d\u2019aprenentatge.\u00a0<\/span><\/p>\n<p><span style=\"font-weight: 400;\">A partir de 4t<\/span><\/td>\n<td><span style=\"font-weight: 400;\">ALUMNE\/A<\/span><\/td>\n<td><b>Eina de treball amb potencial comunicatiu.<\/b><\/p>\n<p><span style=\"font-weight: 400;\">L\u2019alumne\/a explica una activitat significativa de la setmana.<\/span><\/td>\n<td><span style=\"font-weight: 400;\">Setmanal<\/span><\/td>\n<td><span style=\"font-weight: 400;\">Unidireccional<\/span><\/td>\n<\/tr>\n<tr>\n<td><span style=\"font-weight: 400;\">Grups de Telegram<\/span><\/td>\n<td><span style=\"font-weight: 400;\">AFA<\/span><\/p>\n<p><span style=\"font-weight: 400;\">(ESCOLA)<\/span><\/td>\n<td><b>Canal gestionat per les fam\u00edlies delegades d\u2019aula<\/b><span style=\"font-weight: 400;\"> en el que s\u2019informa principalment de les novetats de l\u2019AFA.<\/span><\/p>\n<p><b>Eventualment<\/b><span style=\"font-weight: 400;\"> es difonen <\/span><b>informacions puntuals d\u2019Escola.<\/b><\/td>\n<td><span style=\"font-weight: 400;\">Segons necessitat<\/span><\/td>\n<td><span style=\"font-weight: 400;\">Unidireccional.<\/span><\/p>\n<p><span style=\"font-weight: 400;\">Bidireccional en per\u00edodes concrets.<\/span><\/td>\n<\/tr>\n<tr>\n<td><span style=\"font-weight: 400;\">Atenci\u00f3 sala de l\u2019AFA<\/span><\/td>\n<td><span style=\"font-weight: 400;\">AFA<\/span><\/td>\n<td><b>Atenci\u00f3 presencial<\/b><span style=\"font-weight: 400;\"> a la Sala de l\u2019AFA. <\/span><span style=\"font-weight: 400;\"><br \/>\n<\/span><span style=\"font-weight: 400;\">Permet <\/span><b>comprar articles de l\u2019escola, pagar quota de l\u2019AFA, fer consultes, etc.<\/b><\/td>\n<td><span style=\"font-weight: 400;\">Cada dimarts de 9 a 9:30 encara que pot variar durant el curs.<\/span><\/td>\n<td><span style=\"font-weight: 400;\">Bidireccional<\/span><\/td>\n<\/tr>\n<tr>\n<td><span style=\"font-weight: 400;\">Mail AFA<\/span><\/p>\n<p><a href=\"mailto:afa@rivorubeo.cat\"><b>afa@rivorubeo.cat<\/b><\/a><\/td>\n<td><span style=\"font-weight: 400;\">AFA<\/span><\/td>\n<td><span style=\"font-weight: 400;\">Tel\u00e8fon per a contactar amb secretaria de l\u2019AFA<\/span><\/td>\n<td><span style=\"font-weight: 400;\">Di\u00e0ria laborables<\/span><\/td>\n<td><span style=\"font-weight: 400;\">Bidireccional<\/span><\/td>\n<\/tr>\n<tr>\n<td><span style=\"font-weight: 400;\">Mail AFA Botigueta<\/span><\/p>\n<p><a href=\"mailto:cita.previa.botiga@rivorubeo.cat\"><b>cita.previa.botiga@rivorubeo.cat<\/b><\/a><\/td>\n<td><span style=\"font-weight: 400;\">AFA<\/span><\/td>\n<td><span style=\"font-weight: 400;\">Tel\u00e8fon per a demanar articles de la botiga de l\u2019AFA<\/span><\/td>\n<td><span style=\"font-weight: 400;\">Di\u00e0ria laborables<\/span><\/td>\n<td><span style=\"font-weight: 400;\">Bidireccional<\/span><\/td>\n<\/tr>\n<tr>\n<td><span style=\"font-weight: 400;\">Mail vocalia lleure<\/span><\/p>\n<p><a href=\"mailto:extraescolars@rivorubeo.cat\"><b>extraescolars@rivorubeo.cat<\/b><\/a><\/td>\n<td><span style=\"font-weight: 400;\">AFA<\/span><\/td>\n<td><span style=\"font-weight: 400;\">Tel\u00e8fon per a contactar amb la comissi\u00f3 de Lleure (extraescolars)<\/span><\/td>\n<td><span style=\"font-weight: 400;\">Segons necessitat<\/span><\/td>\n<td><span style=\"font-weight: 400;\">Bidireccional<\/span><\/td>\n<\/tr>\n<tr>\n<td><span style=\"font-weight: 400;\">Tel\u00e8fon del menjador<\/span><\/p>\n<p><b>93 551 75 87<\/b><\/td>\n<td><span style=\"font-weight: 400;\">MENJADOR<\/span><\/td>\n<td><span style=\"font-weight: 400;\">Tel\u00e8fon per contactar amb el servei de menjador, demanar informaci\u00f3, etc.<\/span><\/td>\n<td><span style=\"font-weight: 400;\">Segons necessitat<\/span><\/td>\n<td><span style=\"font-weight: 400;\">Bidireccional<\/span><\/td>\n<\/tr>\n<tr>\n<td><span style=\"font-weight: 400;\">Correu electr\u00f2nic del menjador<\/span><\/p>\n<p><a href=\"mailto:menjadorrivorubeo@gmail.com\"><b>menjadorrivorubeo@gmail.com<\/b><\/a><\/td>\n<td><span style=\"font-weight: 400;\">MENJADOR<\/span><\/td>\n<td><span style=\"font-weight: 400;\">Per contactar amb el servei de menjador, demanar informaci\u00f3, etc.<\/span><\/td>\n<td><span style=\"font-weight: 400;\">Segons necessitat<\/span><\/td>\n<td><span style=\"font-weight: 400;\">Bidireccional<\/span><\/td>\n<\/tr>\n<tr>\n<td><span style=\"font-weight: 400;\">App. <\/span><b>TPV<\/b><\/td>\n<td><span style=\"font-weight: 400;\">MENJADOR<\/span><\/p>\n<p><span style=\"font-weight: 400;\">EXTRAESCOLARS<\/span><\/td>\n<td><span style=\"font-weight: 400;\">A trav\u00e9s de l\u2019app, el servei de menjador informa a les fam\u00edlies del men\u00fa, canvis de men\u00fa, incid\u00e8ncies i la revisteta del menjador i el butllet\u00ed d\u2019extraescolars.<\/span><\/td>\n<td><span style=\"font-weight: 400;\">Segons necessitat.<\/span><\/p>\n<p><span style=\"font-weight: 400;\">Revisteta menjador \u00e9s mensual.<\/span><\/td>\n<td><span style=\"font-weight: 400;\">Unidireccional<\/span><\/td>\n<\/tr>\n<tr>\n<td><span style=\"font-weight: 400;\">Correu electr\u00f2nic VaDeLleure<\/span><\/p>\n<p><a href=\"mailto:info@vadelleure.cat\"><b>info@vadelleure.cat<\/b><\/a><\/td>\n<td><span style=\"font-weight: 400;\">ACOLLIDA<\/span><\/p>\n<p><span style=\"font-weight: 400;\">MENJADOR<\/span><\/p>\n<p><span style=\"font-weight: 400;\">EXTRAESCOLARS<\/span><\/td>\n<td><span style=\"font-weight: 400;\">Per tal de resoldre aspectes administratius, consultes sobre els diferents serveis.<\/span><\/td>\n<td><span style=\"font-weight: 400;\">Segons necessitat<\/span><\/td>\n<td><span style=\"font-weight: 400;\">Bidireccional<\/span><\/td>\n<\/tr>\n<tr>\n<td><span style=\"font-weight: 400;\">Tel\u00e8fon VaDeLleure<\/span><\/p>\n<p><b>93 863 46 58<\/b><\/td>\n<td><span style=\"font-weight: 400;\">ACOLLIDA<\/span><\/p>\n<p><span style=\"font-weight: 400;\">MENJADOR<\/span><\/p>\n<p><span style=\"font-weight: 400;\">EXTRAESCOLARS<\/span><\/td>\n<td><span style=\"font-weight: 400;\">Per tal de resoldre aspectes administratius, consultes sobre els diferents serveis.<\/span><\/td>\n<td><span style=\"font-weight: 400;\">Segons necessitat<\/span><\/td>\n<td><span style=\"font-weight: 400;\">Bidireccional<\/span><\/td>\n<\/tr>\n<tr>\n<td><span style=\"font-weight: 400;\">Reuni\u00f3 mensual de l\u2019AFA<\/span><\/td>\n<td><span style=\"font-weight: 400;\">AFA<\/span><\/td>\n<td><span style=\"font-weight: 400;\">Reuni\u00f3 mensual per parlar de temes que impulsa l\u2019AFA o l\u2019escola i que s\u00f3n d\u2019inter\u00e8s per a les fam\u00edlies<\/span><\/td>\n<td><span style=\"font-weight: 400;\">Primer dimarts de cada mes tret de l\u2019Agost<\/span><\/td>\n<td><span style=\"font-weight: 400;\">Bidireccional<\/span><\/td>\n<\/tr>\n<tr>\n<td><span style=\"font-weight: 400;\">Assemblea anual de l\u2019AFA<\/span><\/td>\n<td><span style=\"font-weight: 400;\">AFA<\/span><\/td>\n<td><span style=\"font-weight: 400;\">Reuni\u00f3 anual per a tancar l&#8217;exercici anterior, aprovar la gesti\u00f3 de l\u2019AFA, renovaci\u00f3 de c\u00e0rrecs, etc<\/span><\/td>\n<td><span style=\"font-weight: 400;\">Octubre<\/span><\/td>\n<td><span style=\"font-weight: 400;\">Bidireccional<\/span><\/td>\n<\/tr>\n<tr>\n<td><span style=\"font-weight: 400;\">Facebook AFA<\/span><\/p>\n<p><a href=\"https:\/\/www.facebook.com\/ampa.rivorubeo\"><span style=\"font-weight: 400;\">Afa Rivo Rubeo | Facebook<\/span><\/a><\/td>\n<td><span style=\"font-weight: 400;\">AFA<\/span><\/td>\n<td><span style=\"font-weight: 400;\">Perfil AFA a Facebook<\/span><\/td>\n<td><span style=\"font-weight: 400;\">Segons necessitat<\/span><\/td>\n<td><span style=\"font-weight: 400;\">Unidireccional<\/span><\/td>\n<\/tr>\n<tr>\n<td><span style=\"font-weight: 400;\">Twitter AFA<\/span><\/p>\n<p><a href=\"https:\/\/twitter.com\/amparivorubeo\"><span style=\"font-weight: 400;\">AFA RivoRubeo (@AMPARIVORUBEO) \/ Twitter<\/span><\/a><\/td>\n<td><span style=\"font-weight: 400;\">AFA<\/span><\/td>\n<td><span style=\"font-weight: 400;\">Perfil AFA a Twitter<\/span><\/td>\n<td><span style=\"font-weight: 400;\">Segons necessitat<\/span><\/td>\n<td><span style=\"font-weight: 400;\">Unidireccional<\/span><\/td>\n<\/tr>\n<tr>\n<td><span style=\"font-weight: 400;\">Instagram AFA<\/span><\/p>\n<p><a href=\"https:\/\/www.instagram.com\/afarivorubeo\/\"><span style=\"font-weight: 400;\">@afarivorubeo\/<\/span><\/a><\/td>\n<td><span style=\"font-weight: 400;\">AFA<\/span><\/td>\n<td><span style=\"font-weight: 400;\">Perfil AFA a Instagram<\/span><\/td>\n<td><span style=\"font-weight: 400;\">Segons necessitat<\/span><\/td>\n<td><span style=\"font-weight: 400;\">Unidireccional<\/span><\/td>\n<\/tr>\n<\/tbody>\n<\/table>\n","protected":false},"excerpt":{"rendered":"<p>Durant el curs 21-22 vam iniciar un treball de diagnosi per a l&#8217;elaboraci\u00f3 d&#8217;un Pla de Comunicaci\u00f3 per a l&#8217;escola. Durant el curs 22-23 treballarem per concretar i implementar-lo.<br \/>\nUna de les conclusions que es van extreure de l&#8217;an\u00e0lisi va ser la conveni\u00e8ncia de compartir amb&hellip;  <a href=\"https:\/\/agora.xtec.cat\/ceiprivorubeo\/lescola\/com-ens-comuniquem-a-lescola\/\" title=\"Read Com ens comuniquem a l&#8217;escola?\">Llegeix m\u00e9s\u00bb<\/a><\/p>\n","protected":false},"author":1,"featured_media":0,"parent":22,"menu_order":6,"comment_status":"closed","ping_status":"closed","template":"","meta":{"_bbp_topic_count":0,"_bbp_reply_count":0,"_bbp_total_topic_count":0,"_bbp_total_reply_count":0,"_bbp_voice_count":0,"_bbp_anonymous_reply_count":0,"_bbp_topic_count_hidden":0,"_bbp_reply_count_hidden":0,"_bbp_forum_subforum_count":0,"footnotes":""},"class_list":["post-1347","page","type-page","status-publish","hentry"],"post_mailing_queue_ids":[],"_links":{"self":[{"href":"https:\/\/agora.xtec.cat\/ceiprivorubeo\/wp-json\/wp\/v2\/pages\/1347","targetHints":{"allow":["GET"]}}],"collection":[{"href":"https:\/\/agora.xtec.cat\/ceiprivorubeo\/wp-json\/wp\/v2\/pages"}],"about":[{"href":"https:\/\/agora.xtec.cat\/ceiprivorubeo\/wp-json\/wp\/v2\/types\/page"}],"author":[{"embeddable":true,"href":"https:\/\/agora.xtec.cat\/ceiprivorubeo\/wp-json\/wp\/v2\/users\/1"}],"replies":[{"embeddable":true,"href":"https:\/\/agora.xtec.cat\/ceiprivorubeo\/wp-json\/wp\/v2\/comments?post=1347"}],"version-history":[{"count":3,"href":"https:\/\/agora.xtec.cat\/ceiprivorubeo\/wp-json\/wp\/v2\/pages\/1347\/revisions"}],"predecessor-version":[{"id":1638,"href":"https:\/\/agora.xtec.cat\/ceiprivorubeo\/wp-json\/wp\/v2\/pages\/1347\/revisions\/1638"}],"up":[{"embeddable":true,"href":"https:\/\/agora.xtec.cat\/ceiprivorubeo\/wp-json\/wp\/v2\/pages\/22"}],"wp:attachment":[{"href":"https:\/\/agora.xtec.cat\/ceiprivorubeo\/wp-json\/wp\/v2\/media?parent=1347"}],"curies":[{"name":"wp","href":"https:\/\/api.w.org\/{rel}","templated":true}]}}