{"id":1221,"date":"2022-09-08T16:15:47","date_gmt":"2022-09-08T14:15:47","guid":{"rendered":"https:\/\/agora.xtec.cat\/ceiprivorubeo\/?page_id=1221"},"modified":"2024-09-06T19:48:15","modified_gmt":"2024-09-06T17:48:15","slug":"associeu-vos","status":"publish","type":"page","link":"https:\/\/agora.xtec.cat\/ceiprivorubeo\/afa\/associeu-vos\/","title":{"rendered":"Associeu-vos!!"},"content":{"rendered":"<h3>COM PODEM PARTICIPAR A L\u2019AFA?<\/h3>\n<p>1. Fent-vos socis\/es pagant la quota anual de 35\u20ac <strong>per fam\u00edlia<\/strong>.<\/p>\n<p><span style=\"font-family: inherit; font-size: 1em;\">2. Col\u00b7laborant en d\u2019una d\u2019aquestes comissions:<\/span><\/p>\n<p>Menjador, extraescolars, festes, comunicaci\u00f3, comissi\u00f3 solid\u00e0ria, escola verda, casals, g\u00e8nere, atenci\u00f3 a les fam\u00edlies, activitats per a fam\u00edlies, patis, abocador, administraci\u00f3 de l\u2019AFA i web.<\/p>\n<h3><\/h3>\n<h3>QUINS AVANTATGES T\u00c9 ASSOCIAR-SE?<\/h3>\n<ul style=\"list-style-type: circle;\">\n<li>Contribuir a la qualitat de l\u2019escola.<\/li>\n<li>Col\u00b7laborar en l\u2019obtenci\u00f3 de materials per l\u2019escola com grans jocs, equips de so, mobiliari&#8230;<\/li>\n<li>Descomptes: extraescolars, casals, bon dia, casalet de la jornada intensiva, materials escolars.<\/li>\n<li>Canguratges durant les reunions amb fam\u00edlies.<\/li>\n<li>Regal anual de benvinguda al curs.<\/li>\n<li>Contribuir econ\u00f2micament a la millora dels patis.<\/li>\n<li>Gaudir festes i activitats amb fam\u00edlies, tallers, cursos.<\/li>\n<li>Col\u00b7laborar en projectes solidaris i socials.<\/li>\n<\/ul>\n<h3><\/h3>\n<h3>COM PODEM PAGAR LA QUOTA?<\/h3>\n<p>En aquest enlla\u00e7 teniu les instruccions: <a href=\"https:\/\/agora.xtec.cat\/ceiprivorubeo\/docs\/quota-afa\/?bp-attachment=Nova-quota-AFA-Amb-els-dos-comptes.pdf\">Nova quota AFA<\/a><\/p>\n<p>Hi ha dues formes de pagament:<\/p>\n<ol>\n<li>Pagament per transfer\u00e8ncia banc\u00e0ria.<\/li>\n<li>Pagament a la sala de l&#8217;AFA. Oberta els dimarts des de les 9:00 fins les 9:30.<\/li>\n<\/ol>\n","protected":false},"excerpt":{"rendered":"<p>COM PODEM PARTICIPAR A L\u2019AFA?<br \/>\n1. Fent-vos socis\/es pagant la quota anual de 35\u20ac per fam\u00edlia.<br \/>\n2. Col\u00b7laborant en d\u2019una d\u2019aquestes comissions:<br \/>\nMenjador, extraescolars, festes, comunicaci\u00f3, comissi\u00f3 solid\u00e0ria, escola verda, casals, g\u00e8nere, atenci\u00f3 a les fam\u00edlies, activitats per a fam\u00edlies, patis, abocador, administraci\u00f3 de l\u2019AFA i web.<\/p>\n<p>QUINS AVANTATGES&hellip;  <a href=\"https:\/\/agora.xtec.cat\/ceiprivorubeo\/afa\/associeu-vos\/\" title=\"Read Associeu-vos!!\">Llegeix m\u00e9s\u00bb<\/a><\/p>\n","protected":false},"author":4,"featured_media":0,"parent":66,"menu_order":0,"comment_status":"closed","ping_status":"closed","template":"page-templates\/side-menu.php","meta":{"_bbp_topic_count":0,"_bbp_reply_count":0,"_bbp_total_topic_count":0,"_bbp_total_reply_count":0,"_bbp_voice_count":0,"_bbp_anonymous_reply_count":0,"_bbp_topic_count_hidden":0,"_bbp_reply_count_hidden":0,"_bbp_forum_subforum_count":0,"footnotes":""},"class_list":["post-1221","page","type-page","status-publish","hentry"],"post_mailing_queue_ids":[],"_links":{"self":[{"href":"https:\/\/agora.xtec.cat\/ceiprivorubeo\/wp-json\/wp\/v2\/pages\/1221","targetHints":{"allow":["GET"]}}],"collection":[{"href":"https:\/\/agora.xtec.cat\/ceiprivorubeo\/wp-json\/wp\/v2\/pages"}],"about":[{"href":"https:\/\/agora.xtec.cat\/ceiprivorubeo\/wp-json\/wp\/v2\/types\/page"}],"author":[{"embeddable":true,"href":"https:\/\/agora.xtec.cat\/ceiprivorubeo\/wp-json\/wp\/v2\/users\/4"}],"replies":[{"embeddable":true,"href":"https:\/\/agora.xtec.cat\/ceiprivorubeo\/wp-json\/wp\/v2\/comments?post=1221"}],"version-history":[{"count":6,"href":"https:\/\/agora.xtec.cat\/ceiprivorubeo\/wp-json\/wp\/v2\/pages\/1221\/revisions"}],"predecessor-version":[{"id":4211,"href":"https:\/\/agora.xtec.cat\/ceiprivorubeo\/wp-json\/wp\/v2\/pages\/1221\/revisions\/4211"}],"up":[{"embeddable":true,"href":"https:\/\/agora.xtec.cat\/ceiprivorubeo\/wp-json\/wp\/v2\/pages\/66"}],"wp:attachment":[{"href":"https:\/\/agora.xtec.cat\/ceiprivorubeo\/wp-json\/wp\/v2\/media?parent=1221"}],"curies":[{"name":"wp","href":"https:\/\/api.w.org\/{rel}","templated":true}]}}

<h3>COM PODEM PARTICIPAR A L’AFA?</h3>
<p>1. Fent-vos socis/es pagant la quota anual de 35€ <strong>per família</strong>.</p>
<p><span style="font-family: inherit; font-size: 1em;">2. Col·laborant en d’una d’aquestes comissions:</span></p>
<p>Menjador, extraescolars, festes, comunicació, comissió solidària, escola verda, casals, gènere, atenció a les famílies, activitats per a famílies, patis, abocador, administració de l’AFA i web.</p>
<h3></h3>
<h3>QUINS AVANTATGES TÉ ASSOCIAR-SE?</h3>
<ul style="list-style-type: circle;">
<li>Contribuir a la qualitat de l’escola.</li>
<li>Col·laborar en l’obtenció de materials per l’escola com grans jocs, equips de so, mobiliari&#8230;</li>
<li>Descomptes: extraescolars, casals, bon dia, casalet de la jornada intensiva, materials escolars.</li>
<li>Canguratges durant les reunions amb famílies.</li>
<li>Regal anual de benvinguda al curs.</li>
<li>Contribuir econòmicament a la millora dels patis.</li>
<li>Gaudir festes i activitats amb famílies, tallers, cursos.</li>
<li>Col·laborar en projectes solidaris i socials.</li>
</ul>
<h3></h3>
<h3>COM PODEM PAGAR LA QUOTA?</h3>
<p>En aquest enllaç teniu les instruccions: <a href="https://agora.xtec.cat/ceiprivorubeo/docs/quota-afa/?bp-attachment=Nova-quota-AFA-Amb-els-dos-comptes.pdf">Nova quota AFA</a></p>
<p>Hi ha dues formes de pagament:</p>
<ol>
<li>Pagament per transferència bancària.</li>
<li>Pagament a la sala de l&#8217;AFA. Oberta els dimarts des de les 9:00 fins les 9:30.</li>
</ol>

<p>COM PODEM PARTICIPAR A L’AFA?<br />
1. Fent-vos socis/es pagant la quota anual de 35€ per família.<br />
2. Col·laborant en d’una d’aquestes comissions:<br />
Menjador, extraescolars, festes, comunicació, comissió solidària, escola verda, casals, gènere, atenció a les famílies, activitats per a famílies, patis, abocador, administració de l’AFA i web.</p>
<p>QUINS AVANTATGES&hellip;  <a href="https://agora.xtec.cat/ceiprivorubeo/afa/associeu-vos/" title="Read Associeu-vos!!">Llegeix més»</a></p>
