{"id":940,"date":"2015-01-11T21:11:37","date_gmt":"2015-01-11T20:11:37","guid":{"rendered":"http:\/\/www.rieraderibes.cat\/?page_id=940"},"modified":"2021-12-13T12:48:49","modified_gmt":"2021-12-13T11:48:49","slug":"comissions-mixtes","status":"publish","type":"page","link":"https:\/\/agora.xtec.cat\/ceiprieraderibes\/comissions-mixtes\/","title":{"rendered":"Comissions mixtes (EN PROC\u00c9S D&#8217;ACTUALITZACI\u00d3)"},"content":{"rendered":"<p><span style=\"color: #000000;\">Les comissions mixtes s\u00f3n grups de treball que depenen directament del Consell Escolar.\u00a0 Aquestes comissions s\u00f3n oportunitats que ofereix l&#8217;escola per a qu\u00e8 els diferents estaments de la comunitat educativa puguin participar en la millora del projecte.<\/span><\/p>\n<p><span style=\"color: #000000;\">El nostre agra\u00efment a tots els membres de les comissions per la seva col.col\u00b7laboraci\u00f3 i la seva disponibilitat.<\/span><\/p>\n<p><span style=\"color: #3366ff;\"><strong>Pedag\u00f2gica<\/strong><\/span><br \/>\n<span style=\"color: #000000;\">\u00c9s un equip de professionals del centre, pares i mares que treballen per acomplir els enc\u00e0rrecs del Consell escolar i proposar idees de millora per promoure el coneixement de la linia pedag\u00f2gica de l&#8217;escola en el si de la comunitat.<\/span><\/p>\n<p><span style=\"color: #000000;\">Membres que la formen:<\/span><\/p>\n<ul style=\"list-style-type: circle;\">\n<li><span style=\"color: #ff9900;\">Equip directiu:<\/span>\u00a0<span style=\"color: #000000;\">Bel\u00e9n J., Susana G.<\/span><\/li>\n<li><span style=\"color: #ff9900;\">Mestres:\u00a0<\/span><span style=\"color: #000000;\">Elena F., N\u00faria S., Merc\u00e8 C. N\u00faria B.<\/span><\/li>\n<li><span style=\"color: #ff9900;\">Families:<\/span> Ana A., Daniel B.<\/li>\n<\/ul>\n<p><span style=\"color: #3366ff;\"><strong>Econ\u00f2mica\u00a0<\/strong><\/span><br \/>\n<span style=\"color: #000000;\">\u00c9s un equip de professionals del centre, pares i mares que treballen per la gesti\u00f3 econ\u00f2mica del centre amb la finalitat de garantir la transpar\u00e8ncia en la distribuci\u00f3 de les despeses. A la vegada han d\u2019acomplir els enc\u00e0rrecs del Consell escolar i proposar idees de millora.<\/span><br \/>\n<span style=\"color: #000000;\"> La comissi\u00f3 econ\u00f2mica \u00e9s obligat\u00f2ria en tots els centres educatius p\u00fablics.<\/span><\/p>\n<p><span style=\"color: #000000;\">Membres que la formen:<\/span><\/p>\n<ul style=\"list-style-type: circle;\">\n<li><span style=\"color: #ff9900;\">Equip Directiu: <\/span><span style=\"color: #000000;\">Mari N.<\/span><\/li>\n<li><span style=\"color: #ff9900;\">Mestres:<\/span> <span style=\"color: #000000;\">Montse P., Marga M.<\/span><\/li>\n<li><span style=\"color: #ff9900;\">Junta AFA: <\/span><span style=\"color: #000000;\">Taryn P.<\/span><\/li>\n<li><span style=\"color: #ff9900;\">Fam\u00edlies: <\/span><span style=\"color: #000000;\">N\u00faria G., Josep F., David S., Manuela M.<\/span><span style=\"color: #000000;\">, Daniel B.<\/span><span style=\"color: #ff9900;\"><span style=\"color: #000000;\"><br \/>\n<\/span><\/span><\/li>\n<\/ul>\n<p><strong><span style=\"color: #3366ff;\">Conviv\u00e8ncia <a href=\"https:\/\/agora.xtec.cat\/ceiprieraderibes\/categoria\/comissio-de-convivencia\/\">(per m\u00e9s informaci\u00f3 feu click)\u00a0<\/a><\/span><\/strong>\u00a0 \u00a0 \u00a0<span style=\"color: #000000;\"> \u00a0 \u00a0 \u00a0 \u00a0 \u00a0 \u00a0 \u00a0 \u00a0 \u00a0 \u00a0 \u00a0 \u00a0 \u00a0 \u00a0 \u00a0 \u00a0 \u00a0 \u00a0 \u00a0 \u00a0 \u00a0 \u00a0 \u00a0 \u00a0 \u00a0 \u00a0 \u00a0 \u00a0 \u00a0 \u00a0 \u00a0 \u00a0 \u00a0 \u00a0 \u00a0 \u00a0 \u00a0 \u00a0 \u00a0 \u00a0 \u00a0 \u00a0 \u00a0 \u00a0 \u00a0 \u00a0 \u00a0 \u00a0 \u00a0 \u00a0 \u00a0 \u00a0 \u00a0 \u00a0 \u00a0 \u00a0 \u00a0 \u00a0 \u00a0 \u00a0 \u00a0 \u00a0 \u00a0 \u00a0 \u00a0 \u00a0 \u00a0 \u00a0 \u00a0 \u00a0 \u00a0 \u00a0 \u00a0 \u00a0 \u00a0 \u00a0 \u00a0 \u00a0 \u00c9s un equip de professionals del centre, pares i mares que treballen per mantenir sa el clima relacional del centre. A la vegada han d\u2019acomplir els enc\u00e0rrecs del Consell escolar i proposar idees de millora<\/span>.<\/p>\n<p><span style=\"color: #000000;\">La comissi\u00f3\u00a0 de conviv\u00e8ncia \u00e9s obligat\u00f2ria en tots els centres educatius p\u00fablics.<\/span><\/p>\n<p><span style=\"color: #000000;\">Membres que la formen:<\/span><\/p>\n<ul style=\"list-style-type: circle;\">\n<li><span style=\"color: #ff9900;\">Cap d&#8217;estudis: <span style=\"color: #000000;\">Susana G.<\/span><\/span><\/li>\n<li><span style=\"color: #ff9900;\">Mestres: <span style=\"color: #000000;\">N\u00faria B., Lola S., Rosa Maria B.<\/span><\/span><\/li>\n<li><span style=\"color: #000000;\"><span style=\"color: #ff9900;\">Ju<\/span><\/span><span style=\"color: #000000;\"><span style=\"color: #ff9900;\">nta AFA:<\/span> Jordi F., Silvia P.<\/span><\/li>\n<li><span style=\"color: #ffcc00;\"><span style=\"color: #ffcc99;\"><span style=\"color: #ff9900;\">Fam\u00edlies<\/span>:<\/span>\u00a0<\/span><span style=\"color: #000000;\">Lali M., Laia B., Adrian S., Daniel B., Carolina O.<\/span><\/li>\n<li><span style=\"color: #ff9900;\"><span style=\"color: #000000;\"><span style=\"color: #ff9900;\">Convidats Empresa de Menjador:<span style=\"color: #000000;\"> Assumpta C., Montse A.<\/span><\/span><\/span><\/span><\/li>\n<li><span style=\"color: #ff9900;\">Ajuntament:<\/span> <span style=\"color: #000000;\">Enrico C.<\/span><\/li>\n<\/ul>\n<p><span style=\"color: #3366ff;\"><strong>Festes\u00a0<\/strong><\/span><br \/>\n<span style=\"color: #000000;\">\u00c9s l\u2019equip de professionals del centre, pares i mares que treballen per organitzar les festes de l\u2019escola amb la finalitat de coordinar, programar i executar el calendari festiu tradicional de l\u2019escola. Tamb\u00e9\u00a0 ajuden, organitzen i canalitzen la participaci\u00f3 de les fam\u00edlies en les festes. \u00a0A la vegada han d\u2019acomplir els enc\u00e0rrecs del Consell escolar i proposar idees de millora.<\/span><\/p>\n<p><span style=\"color: #000000;\">Membres que la formen:<\/span><\/p>\n<ul style=\"list-style-type: circle;\">\n<li><span style=\"color: #ff9900;\">Cap d&#8217;estudis: <span style=\"color: #000000;\">Susana G.<\/span><\/span><\/li>\n<li><span style=\"color: #ff9900;\">Coordinadores: <\/span><span style=\"color: #000000;\">Dolors C., Ester P., Sofia M.<\/span><\/li>\n<li><span style=\"color: #ff9900;\">Mestres: <\/span><span style=\"color: #000000;\">Jordi P., Mar G., Sarai O.<\/span><\/li>\n<li><span style=\"color: #ff9900;\">Junta AFA:<\/span> <span style=\"color: #000000;\">Toti<\/span><\/li>\n<li><span style=\"color: #ff9900;\"><span style=\"color: #000000;\"><span style=\"color: #ff9900;\">Fam\u00edlies: <\/span><\/span><\/span><span style=\"color: #000000;\">N\u00faria G., N\u00faria R., <\/span><span style=\"color: #000000;\">Lena S., Paula P.<\/span><span style=\"color: #ff9900;\"><span style=\"color: #000000;\"><span style=\"color: #ff9900;\"><br \/>\n<\/span><\/span><\/span><\/li>\n<\/ul>\n<p><span style=\"color: #3366ff;\"><strong>Manteniment\u00a0<\/strong><\/span><br \/>\n<span style=\"color: #000000;\">\u00c9s un equip de professionals del centre, pares i mares que treballen pel manteniment i millora de l\u2019edifici i la seva seguretat.<\/span><\/p>\n<p><span style=\"color: #000000;\">A la vegada han d\u2019acomplir els enc\u00e0rrecs del Consell escolar i proposar idees de millora.<\/span><\/p>\n<p><span style=\"color: #000000;\">Membres que la formen:<\/span><\/p>\n<ul style=\"list-style-type: circle;\">\n<li><span style=\"color: #ff9900;\">Secret\u00e0ria:<\/span>\u00a0<span style=\"color: #000000;\">Mari N.<\/span><\/li>\n<li><span style=\"color: #ff9900;\">Mestres: <\/span><span style=\"color: #000000;\">Noem\u00ed M., Jordi P., Natalia G.<\/span><\/li>\n<li><span style=\"color: #ff9900;\">Junta AFA:\u00a0<\/span><span style=\"color: #000000;\">Mar<\/span><\/li>\n<li><span style=\"color: #ff9900;\"><span style=\"color: #000000;\"><span style=\"color: #ff9900;\">Fam\u00edlies:<\/span><\/span><\/span> <span style=\"color: #000000;\">Jordi G., Joan T., Albert del B., Carolina O.<\/span><\/li>\n<li><span style=\"color: #ff9900;\">Bidell:<\/span> \u00c0<span style=\"color: #000000;\">lex S.<\/span><\/li>\n<\/ul>\n<p><span style=\"color: #3366ff;\"><strong>Menjador\u00a0<\/strong><\/span><br \/>\n<span style=\"color: #000000;\">\u00c9s un equip de professionals del centre, pares i mares que treballen per la coordinaci\u00f3 del servei de menjador amb l\u2019objectiu de fer una gesti\u00f3 compartida, des del lloc que ocupa cadasc\u00fa, per consolidar i millorar el projecte d\u2019escola. A la vegada han d\u2019acomplir els enc\u00e0rrecs del Consell escolar i proposar idees de millora.<\/span><\/p>\n<p><span style=\"color: #000000;\">Membres que la formen:<\/span><\/p>\n<ul style=\"list-style-type: circle;\">\n<li><span style=\"color: #ff9900;\">Equip directiu:<\/span> Bel\u00e9n J.<\/li>\n<li><span style=\"color: #ff9900;\">Mestres:<span style=\"color: #000000;\"><span style=\"color: #000000;\"> Carlos G., Maria F., Gemma G.<\/span><\/span><\/span><\/li>\n<li><span style=\"color: #ff9900;\">Junta AFA: <\/span><span style=\"color: #000000;\">Kay V., Marina<\/span><\/li>\n<li><span style=\"color: #ff9900;\"><span style=\"color: #000000;\"><span style=\"color: #ff9900;\">Fam\u00edlies: <span style=\"color: #000000;\">Anna B., Bet B., Ingrid I.<\/span><\/span><\/span><\/span><\/li>\n<li><span style=\"color: #ff9900;\"><span style=\"color: #000000;\"><span style=\"color: #ff9900;\"><span style=\"color: #000000;\"><span style=\"color: #ff9900;\"><span style=\"color: #000000;\"><span style=\"color: #ff9900;\">Empresa de menjador: <\/span><\/span><\/span><\/span><\/span><\/span><\/span><span style=\"color: #000000;\">Assumpta C., Josep B., Montse A.<\/span><\/li>\n<\/ul>\n<p><span style=\"color: #3366ff;\"><strong>Flexibilitzaci\u00f3 de l&#8217;horari escolar <a href=\"https:\/\/agora.xtec.cat\/ceiprieraderibes\/categoria\/comissio-de-flexibilizacio-de-lhorari-escolar\/\">(per m\u00e9s informaci\u00f3 feu click)<\/a><\/strong><\/span><br \/>\n<span style=\"color: #000000;\">\u00c9s un equip de professionals del centre, pares i mares que treballen per acomplir els enc\u00e0rrecs del Consell escolar i proposar idees de millora amb l\u2019objectiu de fer un estudi de la flexibilitzaci\u00f3 de l\u2019horari escolar tenint en compte el que diuen les fam\u00edlies i els experts.<\/span><\/p>\n<p><span style=\"color: #000000;\">Membres que la formen:<\/span><\/p>\n<ul style=\"list-style-type: circle;\">\n<li><span style=\"color: #ff9900;\">Mestres: <\/span><span style=\"color: #000000;\">Araceli V., Mar G., Maria F., Andrea G.<\/span><\/li>\n<li><span style=\"color: #ff9900;\">Junta AFA:\u00a0<\/span><span style=\"color: #000000;\">N\u00faria E.<\/span><\/li>\n<li><span style=\"color: #ff9900;\"><span style=\"color: #000000;\"><span style=\"color: #ff9900;\">Fam\u00edlies:<\/span><\/span><\/span><span style=\"color: #000000;\"> Maite S., Montse C., Varis A., Carolina O.<\/span><\/li>\n<\/ul>\n<p><span style=\"color: #ff9900;\"><span style=\"color: #000000;\"><span style=\"color: #ff9900;\"><span style=\"color: #000000;\">\u00a0<\/span><\/span><\/span><\/span><\/p>\n","protected":false},"excerpt":{"rendered":"<p>Les comissions mixtes s\u00f3n grups de treball que depenen directament del Consell Escolar.\u00a0 Aquestes comissions s\u00f3n oportunitats que ofereix l&#8217;escola per a qu\u00e8 els diferents estaments de la comunitat educativa puguin participar en la millora del projecte.<br \/>\nEl nostre agra\u00efment a tots els membres de les&hellip;  <a href=\"https:\/\/agora.xtec.cat\/ceiprieraderibes\/comissions-mixtes\/\" title=\"Read Comissions mixtes (EN PROC\u00c9S D&#8217;ACTUALITZACI\u00d3)\">Llegeix m\u00e9s\u00bb<\/a><\/p>\n","protected":false},"author":175,"featured_media":0,"parent":0,"menu_order":0,"comment_status":"closed","ping_status":"open","template":"","meta":{"_bbp_topic_count":0,"_bbp_reply_count":0,"_bbp_total_topic_count":0,"_bbp_total_reply_count":0,"_bbp_voice_count":0,"_bbp_anonymous_reply_count":0,"_bbp_topic_count_hidden":0,"_bbp_reply_count_hidden":0,"_bbp_forum_subforum_count":0,"footnotes":""},"class_list":["post-940","page","type-page","status-publish","hentry"],"post_mailing_queue_ids":[],"_links":{"self":[{"href":"https:\/\/agora.xtec.cat\/ceiprieraderibes\/wp-json\/wp\/v2\/pages\/940","targetHints":{"allow":["GET"]}}],"collection":[{"href":"https:\/\/agora.xtec.cat\/ceiprieraderibes\/wp-json\/wp\/v2\/pages"}],"about":[{"href":"https:\/\/agora.xtec.cat\/ceiprieraderibes\/wp-json\/wp\/v2\/types\/page"}],"author":[{"embeddable":true,"href":"https:\/\/agora.xtec.cat\/ceiprieraderibes\/wp-json\/wp\/v2\/users\/175"}],"replies":[{"embeddable":true,"href":"https:\/\/agora.xtec.cat\/ceiprieraderibes\/wp-json\/wp\/v2\/comments?post=940"}],"version-history":[{"count":3,"href":"https:\/\/agora.xtec.cat\/ceiprieraderibes\/wp-json\/wp\/v2\/pages\/940\/revisions"}],"predecessor-version":[{"id":12218,"href":"https:\/\/agora.xtec.cat\/ceiprieraderibes\/wp-json\/wp\/v2\/pages\/940\/revisions\/12218"}],"wp:attachment":[{"href":"https:\/\/agora.xtec.cat\/ceiprieraderibes\/wp-json\/wp\/v2\/media?parent=940"}],"curies":[{"name":"wp","href":"https:\/\/api.w.org\/{rel}","templated":true}]}}

Comissions mixtes (EN PROCÉS D&#8217;ACTUALITZACIÓ)

<p><span style="color: #000000;">Les comissions mixtes són grups de treball que depenen directament del Consell Escolar.  Aquestes comissions són oportunitats que ofereix l&#8217;escola per a què els diferents estaments de la comunitat educativa puguin participar en la millora del projecte.</span></p>
<p><span style="color: #000000;">El nostre agraïment a tots els membres de les comissions per la seva col.col·laboració i la seva disponibilitat.</span></p>
<p><span style="color: #3366ff;"><strong>Pedagògica</strong></span><br />
<span style="color: #000000;">És un equip de professionals del centre, pares i mares que treballen per acomplir els encàrrecs del Consell escolar i proposar idees de millora per promoure el coneixement de la linia pedagògica de l&#8217;escola en el si de la comunitat.</span></p>
<p><span style="color: #000000;">Membres que la formen:</span></p>
<ul style="list-style-type: circle;">
<li><span style="color: #ff9900;">Equip directiu:</span> <span style="color: #000000;">Belén J., Susana G.</span></li>
<li><span style="color: #ff9900;">Mestres: </span><span style="color: #000000;">Elena F., Núria S., Mercè C. Núria B.</span></li>
<li><span style="color: #ff9900;">Families:</span> Ana A., Daniel B.</li>
</ul>
<p><span style="color: #3366ff;"><strong>Econòmica </strong></span><br />
<span style="color: #000000;">És un equip de professionals del centre, pares i mares que treballen per la gestió econòmica del centre amb la finalitat de garantir la transparència en la distribució de les despeses. A la vegada han d’acomplir els encàrrecs del Consell escolar i proposar idees de millora.</span><br />
<span style="color: #000000;"> La comissió econòmica és obligatòria en tots els centres educatius públics.</span></p>
<p><span style="color: #000000;">Membres que la formen:</span></p>
<ul style="list-style-type: circle;">
<li><span style="color: #ff9900;">Equip Directiu: </span><span style="color: #000000;">Mari N.</span></li>
<li><span style="color: #ff9900;">Mestres:</span> <span style="color: #000000;">Montse P., Marga M.</span></li>
<li><span style="color: #ff9900;">Junta AFA: </span><span style="color: #000000;">Taryn P.</span></li>
<li><span style="color: #ff9900;">Famílies: </span><span style="color: #000000;">Núria G., Josep F., David S., Manuela M.</span><span style="color: #000000;">, Daniel B.</span><span style="color: #ff9900;"><span style="color: #000000;"><br />
</span></span></li>
</ul>
<p><strong><span style="color: #3366ff;">Convivència <a href="https://agora.xtec.cat/ceiprieraderibes/categoria/comissio-de-convivencia/">(per més informació feu click) </a></span></strong>     <span style="color: #000000;">                                                                                                                                                             És un equip de professionals del centre, pares i mares que treballen per mantenir sa el clima relacional del centre. A la vegada han d’acomplir els encàrrecs del Consell escolar i proposar idees de millora</span>.</p>
<p><span style="color: #000000;">La comissió  de convivència és obligatòria en tots els centres educatius públics.</span></p>
<p><span style="color: #000000;">Membres que la formen:</span></p>
<ul style="list-style-type: circle;">
<li><span style="color: #ff9900;">Cap d&#8217;estudis: <span style="color: #000000;">Susana G.</span></span></li>
<li><span style="color: #ff9900;">Mestres: <span style="color: #000000;">Núria B., Lola S., Rosa Maria B.</span></span></li>
<li><span style="color: #000000;"><span style="color: #ff9900;">Ju</span></span><span style="color: #000000;"><span style="color: #ff9900;">nta AFA:</span> Jordi F., Silvia P.</span></li>
<li><span style="color: #ffcc00;"><span style="color: #ffcc99;"><span style="color: #ff9900;">Famílies</span>:</span> </span><span style="color: #000000;">Lali M., Laia B., Adrian S., Daniel B., Carolina O.</span></li>
<li><span style="color: #ff9900;"><span style="color: #000000;"><span style="color: #ff9900;">Convidats Empresa de Menjador:<span style="color: #000000;"> Assumpta C., Montse A.</span></span></span></span></li>
<li><span style="color: #ff9900;">Ajuntament:</span> <span style="color: #000000;">Enrico C.</span></li>
</ul>
<p><span style="color: #3366ff;"><strong>Festes </strong></span><br />
<span style="color: #000000;">És l’equip de professionals del centre, pares i mares que treballen per organitzar les festes de l’escola amb la finalitat de coordinar, programar i executar el calendari festiu tradicional de l’escola. També  ajuden, organitzen i canalitzen la participació de les famílies en les festes.  A la vegada han d’acomplir els encàrrecs del Consell escolar i proposar idees de millora.</span></p>
<p><span style="color: #000000;">Membres que la formen:</span></p>
<ul style="list-style-type: circle;">
<li><span style="color: #ff9900;">Cap d&#8217;estudis: <span style="color: #000000;">Susana G.</span></span></li>
<li><span style="color: #ff9900;">Coordinadores: </span><span style="color: #000000;">Dolors C., Ester P., Sofia M.</span></li>
<li><span style="color: #ff9900;">Mestres: </span><span style="color: #000000;">Jordi P., Mar G., Sarai O.</span></li>
<li><span style="color: #ff9900;">Junta AFA:</span> <span style="color: #000000;">Toti</span></li>
<li><span style="color: #ff9900;"><span style="color: #000000;"><span style="color: #ff9900;">Famílies: </span></span></span><span style="color: #000000;">Núria G., Núria R., </span><span style="color: #000000;">Lena S., Paula P.</span><span style="color: #ff9900;"><span style="color: #000000;"><span style="color: #ff9900;"><br />
</span></span></span></li>
</ul>
<p><span style="color: #3366ff;"><strong>Manteniment </strong></span><br />
<span style="color: #000000;">És un equip de professionals del centre, pares i mares que treballen pel manteniment i millora de l’edifici i la seva seguretat.</span></p>
<p><span style="color: #000000;">A la vegada han d’acomplir els encàrrecs del Consell escolar i proposar idees de millora.</span></p>
<p><span style="color: #000000;">Membres que la formen:</span></p>
<ul style="list-style-type: circle;">
<li><span style="color: #ff9900;">Secretària:</span> <span style="color: #000000;">Mari N.</span></li>
<li><span style="color: #ff9900;">Mestres: </span><span style="color: #000000;">Noemí M., Jordi P., Natalia G.</span></li>
<li><span style="color: #ff9900;">Junta AFA: </span><span style="color: #000000;">Mar</span></li>
<li><span style="color: #ff9900;"><span style="color: #000000;"><span style="color: #ff9900;">Famílies:</span></span></span> <span style="color: #000000;">Jordi G., Joan T., Albert del B., Carolina O.</span></li>
<li><span style="color: #ff9900;">Bidell:</span> À<span style="color: #000000;">lex S.</span></li>
</ul>
<p><span style="color: #3366ff;"><strong>Menjador </strong></span><br />
<span style="color: #000000;">És un equip de professionals del centre, pares i mares que treballen per la coordinació del servei de menjador amb l’objectiu de fer una gestió compartida, des del lloc que ocupa cadascú, per consolidar i millorar el projecte d’escola. A la vegada han d’acomplir els encàrrecs del Consell escolar i proposar idees de millora.</span></p>
<p><span style="color: #000000;">Membres que la formen:</span></p>
<ul style="list-style-type: circle;">
<li><span style="color: #ff9900;">Equip directiu:</span> Belén J.</li>
<li><span style="color: #ff9900;">Mestres:<span style="color: #000000;"><span style="color: #000000;"> Carlos G., Maria F., Gemma G.</span></span></span></li>
<li><span style="color: #ff9900;">Junta AFA: </span><span style="color: #000000;">Kay V., Marina</span></li>
<li><span style="color: #ff9900;"><span style="color: #000000;"><span style="color: #ff9900;">Famílies: <span style="color: #000000;">Anna B., Bet B., Ingrid I.</span></span></span></span></li>
<li><span style="color: #ff9900;"><span style="color: #000000;"><span style="color: #ff9900;"><span style="color: #000000;"><span style="color: #ff9900;"><span style="color: #000000;"><span style="color: #ff9900;">Empresa de menjador: </span></span></span></span></span></span></span><span style="color: #000000;">Assumpta C., Josep B., Montse A.</span></li>
</ul>
<p><span style="color: #3366ff;"><strong>Flexibilització de l&#8217;horari escolar <a href="https://agora.xtec.cat/ceiprieraderibes/categoria/comissio-de-flexibilizacio-de-lhorari-escolar/">(per més informació feu click)</a></strong></span><br />
<span style="color: #000000;">És un equip de professionals del centre, pares i mares que treballen per acomplir els encàrrecs del Consell escolar i proposar idees de millora amb l’objectiu de fer un estudi de la flexibilització de l’horari escolar tenint en compte el que diuen les famílies i els experts.</span></p>
<p><span style="color: #000000;">Membres que la formen:</span></p>
<ul style="list-style-type: circle;">
<li><span style="color: #ff9900;">Mestres: </span><span style="color: #000000;">Araceli V., Mar G., Maria F., Andrea G.</span></li>
<li><span style="color: #ff9900;">Junta AFA: </span><span style="color: #000000;">Núria E.</span></li>
<li><span style="color: #ff9900;"><span style="color: #000000;"><span style="color: #ff9900;">Famílies:</span></span></span><span style="color: #000000;"> Maite S., Montse C., Varis A., Carolina O.</span></li>
</ul>
<p><span style="color: #ff9900;"><span style="color: #000000;"><span style="color: #ff9900;"><span style="color: #000000;"> </span></span></span></span></p>

<p>Les comissions mixtes són grups de treball que depenen directament del Consell Escolar.  Aquestes comissions són oportunitats que ofereix l&#8217;escola per a què els diferents estaments de la comunitat educativa puguin participar en la millora del projecte.<br />
El nostre agraïment a tots els membres de les&hellip;  <a href="https://agora.xtec.cat/ceiprieraderibes/comissions-mixtes/" title="Read Comissions mixtes (EN PROCÉS D&#8217;ACTUALITZACIÓ)">Llegeix més»</a></p>
