{"id":560,"date":"2014-12-19T16:06:56","date_gmt":"2014-12-19T14:06:56","guid":{"rendered":"http:\/\/www.rieraderibes.cat\/?page_id=560"},"modified":"2019-04-25T10:02:20","modified_gmt":"2019-04-25T08:02:20","slug":"articles","status":"publish","type":"page","link":"https:\/\/agora.xtec.cat\/ceiprieraderibes\/articles\/","title":{"rendered":"Articles d&#8217;Inter\u00e8s"},"content":{"rendered":"<p>Al llarg del anys, l&#8217;escola ha anat publicant\u00a0 en\u00a0 diferents revistes de l&#8217;\u00e0mbit educatiu. Us en presentem algunes d&#8217;elles.<\/p>\n<p><a href=\"http:\/\/agora.xtec.cat\/ceiprieraderibes\/wp-content\/uploads\/usu901\/2014\/12\/COMUNICACI\u00d3-EN-L\u00c0MBIT-DE-LES-MATEM\u00c0TIQUES-Beatriu-Castan-i-Merc\u00e8-Cuadras.pdf\">COMUNICACI\u00d3 EN L&#8217;\u00c0MBIT DE LES MATEM\u00c0TIQUES<\/a><\/p>\n<p><a href=\"http:\/\/agora.xtec.cat\/ceiprieraderibes\/wp-content\/uploads\/usu901\/2014\/12\/el-joc-des-de-la-pedagogia.pdf\">EL JOC DES DE LA PEDAGOGIA<\/a><\/p>\n<p><a href=\"http:\/\/agora.xtec.cat\/ceiprieraderibes\/wp-content\/uploads\/usu901\/2014\/12\/el-joc-en-els-racons-dactivitat.pdf\">El JOC EN ELS RACONS D&#8217;ACTIVITAT<\/a><\/p>\n<p><a href=\"http:\/\/agora.xtec.cat\/ceiprieraderibes\/wp-content\/uploads\/usu901\/2014\/12\/el-joc-entre-la-llum-i-la-foscor.pdf\">El JOC ENTRE LA LLUM I LA FOSCOR<\/a><\/p>\n<p><a href=\"http:\/\/agora.xtec.cat\/ceiprieraderibes\/wp-content\/uploads\/usu901\/2014\/12\/FAMILIES-I-PROFESSIONALS-COMPARTIM-UNA-EXPERI\u00c8NCIA-DE-CENTRE.pdf\">FAM\u00cdLIES I PROFESSIONALS COMPARTIM UNA EXPERI\u00c8NCIA DE CENTRE<\/a><\/p>\n<p><a href=\"http:\/\/agora.xtec.cat\/ceiprieraderibes\/wp-content\/uploads\/usu901\/2014\/12\/JUGUEM-A-BOTIGUES.pdf\">JUGUEM A BOTIGUES<\/a><\/p>\n<p><a href=\"http:\/\/agora.xtec.cat\/ceiprieraderibes\/wp-content\/uploads\/usu901\/2014\/12\/Les-foques-neden-fins-al-fons.pdf\">LES FOQUES NEDEN FINS AL FONS<\/a><\/p>\n<p><a href=\"http:\/\/agora.xtec.cat\/ceiprieraderibes\/wp-content\/uploads\/usu901\/2014\/12\/Lescola-Riera-de-Ribes-una-comunitat-que-apr\u00e8n.pdf\">L&#8217;ESCOLA RIERA DE RIBES, UNA COMUNITAT QUE APR\u00c8N<\/a><\/p>\n<p><a href=\"http:\/\/agora.xtec.cat\/ceiprieraderibes\/wp-content\/uploads\/usu901\/2014\/12\/Lescola-Riera-de-Ribes-una-proposta-dactuaci\u00f3-que-dona-cabuda-a-les-idees-i-als-projectes-individuals-i-col.pdf\">L&#8217;ESCOLA RIERA DE RIBES, UNA PROPOSTA D&#8217;ACTUACI\u00d3 QUE D\u00d3NA CABUDA A LES IDEES I ALS PROJECTES INDIVIDUALS I COL\u00b7LECTIUS<\/a><\/p>\n<p><a href=\"http:\/\/agora.xtec.cat\/ceiprieraderibes\/wp-content\/uploads\/usu901\/2014\/12\/Poblar-lescola.-Com-acollir-els-mestrs-nous.pdf\">POBLAR L&#8217;ESCOLA . COM ACOLLIR ELS MESTRES NOUS<\/a><\/p>\n<p><a href=\"http:\/\/agora.xtec.cat\/ceiprieraderibes\/wp-content\/uploads\/usu901\/2014\/12\/Textos-reflexivos-Infantil.Monogr\u00e1fico-Cuadernos-de-Pedagogia.pdf\">TEXTOS REFLEXIVOS. INFANTIL<\/a><\/p>\n<p><a href=\"http:\/\/agora.xtec.cat\/ceiprieraderibes\/wp-content\/uploads\/usu901\/2014\/12\/Textos-reflexivos-Ciclo-inicial.-Monogr\u00e1fico-Cuadernos-de-Pedagogia.pdf\">TEXTOS REFLEXIVOS. CICLO INICIAL<\/a><\/p>\n<p><a href=\"http:\/\/agora.xtec.cat\/ceiprieraderibes\/wp-content\/uploads\/usu901\/2014\/12\/Textos-reflexivos-Ciclo-medio.-Monogr\u00e1fico-Cuadernos-de-Pedagogia.pdf\">TEXTOS REFLEXIVOS. CICLO MEDIO<\/a><\/p>\n<p><a href=\"http:\/\/agora.xtec.cat\/ceiprieraderibes\/wp-content\/uploads\/usu901\/2014\/12\/Textos-reflexivos-Construir-el-futuro.Monogr\u00e1fico-Cuadernos-de-Pedagogia.pdf\">TEXTOS REFLEXIVOS. CICLO SUPERIOR<\/a><\/p>\n<p><a href=\"http:\/\/agora.xtec.cat\/ceiprieraderibes\/wp-content\/uploads\/usu901\/2014\/12\/Textos-reflexivos-Construir-el-futuro.Monogr\u00e1fico-Cuadernos-de-Pedagogia.pdf\">\u00a0TEXTOS REFLEXIVOS. CONSTRUIR EL FUTURO<\/a><\/p>\n<p><a href=\"http:\/\/agora.xtec.cat\/ceiprieraderibes\/wp-content\/uploads\/usu901\/2014\/12\/Textos-reflexivos-Para-saber-m\u00e1s.Monogr\u00e1fico-Cuadernos-de-Pedagogia.pdf\">TEXTOS REFLEXIVOS. SABER M\u00c1S<\/a><\/p>\n<p><a href=\"http:\/\/agora.xtec.cat\/ceiprieraderibes\/wp-content\/uploads\/usu901\/2014\/12\/Textos-reflexivos-Un-horizonte-en-el-espejo.Monogr\u00e1fico-Cuadernos-de-Pedagogia.pdf\">TEXTOS REFLEXIVOS. UN HORIZONTE EN EL ESPEJO<\/a><\/p>\n<p><a href=\"https:\/\/agora.xtec.cat\/ceiprieraderibes\/wp-content\/uploads\/usu901\/2019\/04\/0-\u00c0\u00c1F-\u00c1MBITOS-DE-PSICOPEDAGOG\u00cdA-46.pdf\">\u00c1MBITOS DE PSICOPEDAGOG\u00cdA 46<\/a><\/p>\n<p><a href=\"https:\/\/agora.xtec.cat\/ceiprieraderibes\/wp-content\/uploads\/usu901\/2019\/04\/0-\u00c0\u00c1F-\u00c0MBITS-DE-PSICOPEDAGOGIA-46.pdf\">\u00c0MBITS DE PSICOPEDAGOGIA 46<\/a><\/p>\n<p><a style=\"color: #2795b6;\" href=\"https:\/\/agora.xtec.cat\/ceiprieraderibes\/wp-content\/uploads\/usu901\/2019\/04\/ARTICLE-DOSIER-NUEVOS-ESCENARIOS-....pdf\">ARTICLE DOSIER NUEVOS ESCENARIOS <\/a><\/p>\n<p><a href=\"https:\/\/agora.xtec.cat\/ceiprieraderibes\/wp-content\/uploads\/usu901\/2019\/04\/1-PRA\u0300CTICA-Escola-Riera-de-Ribes.pdf\">PRA\u0300CTICA-ESCOLA RIERA DE RIBES<\/a><\/p>\n<p><a style=\"font-family: inherit; font-size: 1em;\" href=\"https:\/\/agora.xtec.cat\/ceiprieraderibes\/wp-content\/uploads\/usu901\/2019\/04\/1-PRA\u0301CTICA-Escuela-Riera-de-Ribes.pdf\">PRA\u0301CTICA-ESCUELA RIERA DE RIBES<\/a><\/p>\n<p><a href=\"https:\/\/agora.xtec.cat\/ceiprieraderibes\/wp-content\/uploads\/usu901\/2019\/04\/C\u00d3MO-ACOMPA\u00d1AR-EN-LA-B\u00daSQUEDA-DE-INFORMACI\u00d3N-EN-INTERNET.pdf\">C\u00d3MO ACOMPA\u00d1AR EN LA B\u00daSQUEDA DE INFORMACI\u00d3N EN INTERNET<\/a><\/p>\n<p><a href=\"https:\/\/agora.xtec.cat\/ceiprieraderibes\/wp-content\/uploads\/usu901\/2019\/04\/C\u00d3MO-ES-UN-BUEN-MAESTRO.pdf\">C\u00d3MO ES UN BUEN MAESTRO<\/a><\/p>\n<p><a href=\"https:\/\/agora.xtec.cat\/ceiprieraderibes\/wp-content\/uploads\/usu901\/2019\/04\/ESCRIBIR-ESCRIBIRME.pdf\">ESCRIBIR, ESCRIBIRME<\/a><\/p>\n<p><a href=\"https:\/\/agora.xtec.cat\/ceiprieraderibes\/wp-content\/uploads\/usu901\/2019\/04\/LA-REFLEXI\u00d3N-EL-INGREDIENTE-QUE-POTENCIA-EL-APRENDIZAJE.pdf\">EL INGREDIENTE QUE POTENCIA EL APRENDIZAJE<\/a><\/p>\n<p><a href=\"https:\/\/agora.xtec.cat\/ceiprieraderibes\/wp-content\/uploads\/usu901\/2019\/04\/REFLEXIONO-PARA-COMPRENDER.pdf\">REFLEXIONO PARA COMPRENDER<\/a><\/p>\n<p>&nbsp;<\/p>\n<p>&nbsp;<\/p>\n","protected":false},"excerpt":{"rendered":"<p>Al llarg del anys, l&#8217;escola ha anat publicant\u00a0 en\u00a0 diferents revistes de l&#8217;\u00e0mbit educatiu. Us en presentem algunes d&#8217;elles.<br \/>\n<a href=\"http:\/\/agora.xtec.cat\/ceiprieraderibes\/wp-content\/uploads\/usu901\/2014\/12\/COMUNICACI\u00d3-EN-L\u00c0MBIT-DE-LES-MATEM\u00c0TIQUES-Beatriu-Castan-i-Merc\u00e8-Cuadras.pdf\">COMUNICACI\u00d3 EN L&#8217;\u00c0MBIT DE LES MATEM\u00c0TIQUES<\/a><br \/>\n<a href=\"http:\/\/agora.xtec.cat\/ceiprieraderibes\/wp-content\/uploads\/usu901\/2014\/12\/el-joc-des-de-la-pedagogia.pdf\">EL JOC DES DE LA PEDAGOGIA<\/a><br \/>\n<a href=\"http:\/\/agora.xtec.cat\/ceiprieraderibes\/wp-content\/uploads\/usu901\/2014\/12\/el-joc-en-els-racons-dactivitat.pdf\">El JOC EN ELS RACONS D&#8217;ACTIVITAT<\/a><br \/>\n<a href=\"http:\/\/agora.xtec.cat\/ceiprieraderibes\/wp-content\/uploads\/usu901\/2014\/12\/el-joc-entre-la-llum-i-la-foscor.pdf\">El JOC ENTRE LA LLUM I LA FOSCOR<\/a><br \/>\n<a&hellip;  <a href=\"https:\/\/agora.xtec.cat\/ceiprieraderibes\/articles\/\" title=\"Read Articles d&#8217;Inter\u00e8s\">Llegeix m\u00e9s\u00bb<\/a><\/p>\n","protected":false},"author":175,"featured_media":0,"parent":0,"menu_order":0,"comment_status":"closed","ping_status":"open","template":"","meta":{"_bbp_topic_count":0,"_bbp_reply_count":0,"_bbp_total_topic_count":0,"_bbp_total_reply_count":0,"_bbp_voice_count":0,"_bbp_anonymous_reply_count":0,"_bbp_topic_count_hidden":0,"_bbp_reply_count_hidden":0,"_bbp_forum_subforum_count":0,"footnotes":""},"class_list":["post-560","page","type-page","status-publish","hentry"],"post_mailing_queue_ids":[],"_links":{"self":[{"href":"https:\/\/agora.xtec.cat\/ceiprieraderibes\/wp-json\/wp\/v2\/pages\/560","targetHints":{"allow":["GET"]}}],"collection":[{"href":"https:\/\/agora.xtec.cat\/ceiprieraderibes\/wp-json\/wp\/v2\/pages"}],"about":[{"href":"https:\/\/agora.xtec.cat\/ceiprieraderibes\/wp-json\/wp\/v2\/types\/page"}],"author":[{"embeddable":true,"href":"https:\/\/agora.xtec.cat\/ceiprieraderibes\/wp-json\/wp\/v2\/users\/175"}],"replies":[{"embeddable":true,"href":"https:\/\/agora.xtec.cat\/ceiprieraderibes\/wp-json\/wp\/v2\/comments?post=560"}],"version-history":[{"count":3,"href":"https:\/\/agora.xtec.cat\/ceiprieraderibes\/wp-json\/wp\/v2\/pages\/560\/revisions"}],"predecessor-version":[{"id":9073,"href":"https:\/\/agora.xtec.cat\/ceiprieraderibes\/wp-json\/wp\/v2\/pages\/560\/revisions\/9073"}],"wp:attachment":[{"href":"https:\/\/agora.xtec.cat\/ceiprieraderibes\/wp-json\/wp\/v2\/media?parent=560"}],"curies":[{"name":"wp","href":"https:\/\/api.w.org\/{rel}","templated":true}]}}

Articles d&#8217;Interès

<p>Al llarg del anys, l&#8217;escola ha anat publicant  en  diferents revistes de l&#8217;àmbit educatiu. Us en presentem algunes d&#8217;elles.</p>
<p><a href="http://agora.xtec.cat/ceiprieraderibes/wp-content/uploads/usu901/2014/12/COMUNICACIÓ-EN-LÀMBIT-DE-LES-MATEMÀTIQUES-Beatriu-Castan-i-Mercè-Cuadras.pdf">COMUNICACIÓ EN L&#8217;ÀMBIT DE LES MATEMÀTIQUES</a></p>
<p><a href="http://agora.xtec.cat/ceiprieraderibes/wp-content/uploads/usu901/2014/12/el-joc-des-de-la-pedagogia.pdf">EL JOC DES DE LA PEDAGOGIA</a></p>
<p><a href="http://agora.xtec.cat/ceiprieraderibes/wp-content/uploads/usu901/2014/12/el-joc-en-els-racons-dactivitat.pdf">El JOC EN ELS RACONS D&#8217;ACTIVITAT</a></p>
<p><a href="http://agora.xtec.cat/ceiprieraderibes/wp-content/uploads/usu901/2014/12/el-joc-entre-la-llum-i-la-foscor.pdf">El JOC ENTRE LA LLUM I LA FOSCOR</a></p>
<p><a href="http://agora.xtec.cat/ceiprieraderibes/wp-content/uploads/usu901/2014/12/FAMILIES-I-PROFESSIONALS-COMPARTIM-UNA-EXPERIÈNCIA-DE-CENTRE.pdf">FAMÍLIES I PROFESSIONALS COMPARTIM UNA EXPERIÈNCIA DE CENTRE</a></p>
<p><a href="http://agora.xtec.cat/ceiprieraderibes/wp-content/uploads/usu901/2014/12/JUGUEM-A-BOTIGUES.pdf">JUGUEM A BOTIGUES</a></p>
<p><a href="http://agora.xtec.cat/ceiprieraderibes/wp-content/uploads/usu901/2014/12/Les-foques-neden-fins-al-fons.pdf">LES FOQUES NEDEN FINS AL FONS</a></p>
<p><a href="http://agora.xtec.cat/ceiprieraderibes/wp-content/uploads/usu901/2014/12/Lescola-Riera-de-Ribes-una-comunitat-que-aprèn.pdf">L&#8217;ESCOLA RIERA DE RIBES, UNA COMUNITAT QUE APRÈN</a></p>
<p><a href="http://agora.xtec.cat/ceiprieraderibes/wp-content/uploads/usu901/2014/12/Lescola-Riera-de-Ribes-una-proposta-dactuació-que-dona-cabuda-a-les-idees-i-als-projectes-individuals-i-col.pdf">L&#8217;ESCOLA RIERA DE RIBES, UNA PROPOSTA D&#8217;ACTUACIÓ QUE DÓNA CABUDA A LES IDEES I ALS PROJECTES INDIVIDUALS I COL·LECTIUS</a></p>
<p><a href="http://agora.xtec.cat/ceiprieraderibes/wp-content/uploads/usu901/2014/12/Poblar-lescola.-Com-acollir-els-mestrs-nous.pdf">POBLAR L&#8217;ESCOLA . COM ACOLLIR ELS MESTRES NOUS</a></p>
<p><a href="http://agora.xtec.cat/ceiprieraderibes/wp-content/uploads/usu901/2014/12/Textos-reflexivos-Infantil.Monográfico-Cuadernos-de-Pedagogia.pdf">TEXTOS REFLEXIVOS. INFANTIL</a></p>
<p><a href="http://agora.xtec.cat/ceiprieraderibes/wp-content/uploads/usu901/2014/12/Textos-reflexivos-Ciclo-inicial.-Monográfico-Cuadernos-de-Pedagogia.pdf">TEXTOS REFLEXIVOS. CICLO INICIAL</a></p>
<p><a href="http://agora.xtec.cat/ceiprieraderibes/wp-content/uploads/usu901/2014/12/Textos-reflexivos-Ciclo-medio.-Monográfico-Cuadernos-de-Pedagogia.pdf">TEXTOS REFLEXIVOS. CICLO MEDIO</a></p>
<p><a href="http://agora.xtec.cat/ceiprieraderibes/wp-content/uploads/usu901/2014/12/Textos-reflexivos-Construir-el-futuro.Monográfico-Cuadernos-de-Pedagogia.pdf">TEXTOS REFLEXIVOS. CICLO SUPERIOR</a></p>
<p><a href="http://agora.xtec.cat/ceiprieraderibes/wp-content/uploads/usu901/2014/12/Textos-reflexivos-Construir-el-futuro.Monográfico-Cuadernos-de-Pedagogia.pdf"> TEXTOS REFLEXIVOS. CONSTRUIR EL FUTURO</a></p>
<p><a href="http://agora.xtec.cat/ceiprieraderibes/wp-content/uploads/usu901/2014/12/Textos-reflexivos-Para-saber-más.Monográfico-Cuadernos-de-Pedagogia.pdf">TEXTOS REFLEXIVOS. SABER MÁS</a></p>
<p><a href="http://agora.xtec.cat/ceiprieraderibes/wp-content/uploads/usu901/2014/12/Textos-reflexivos-Un-horizonte-en-el-espejo.Monográfico-Cuadernos-de-Pedagogia.pdf">TEXTOS REFLEXIVOS. UN HORIZONTE EN EL ESPEJO</a></p>
<p><a href="https://agora.xtec.cat/ceiprieraderibes/wp-content/uploads/usu901/2019/04/0-ÀÁF-ÁMBITOS-DE-PSICOPEDAGOGÍA-46.pdf">ÁMBITOS DE PSICOPEDAGOGÍA 46</a></p>
<p><a href="https://agora.xtec.cat/ceiprieraderibes/wp-content/uploads/usu901/2019/04/0-ÀÁF-ÀMBITS-DE-PSICOPEDAGOGIA-46.pdf">ÀMBITS DE PSICOPEDAGOGIA 46</a></p>
<p><a style="color: #2795b6;" href="https://agora.xtec.cat/ceiprieraderibes/wp-content/uploads/usu901/2019/04/ARTICLE-DOSIER-NUEVOS-ESCENARIOS-....pdf">ARTICLE DOSIER NUEVOS ESCENARIOS </a></p>
<p><a href="https://agora.xtec.cat/ceiprieraderibes/wp-content/uploads/usu901/2019/04/1-PRÀCTICA-Escola-Riera-de-Ribes.pdf">PRÀCTICA-ESCOLA RIERA DE RIBES</a></p>
<p><a style="font-family: inherit; font-size: 1em;" href="https://agora.xtec.cat/ceiprieraderibes/wp-content/uploads/usu901/2019/04/1-PRÁCTICA-Escuela-Riera-de-Ribes.pdf">PRÁCTICA-ESCUELA RIERA DE RIBES</a></p>
<p><a href="https://agora.xtec.cat/ceiprieraderibes/wp-content/uploads/usu901/2019/04/CÓMO-ACOMPAÑAR-EN-LA-BÚSQUEDA-DE-INFORMACIÓN-EN-INTERNET.pdf">CÓMO ACOMPAÑAR EN LA BÚSQUEDA DE INFORMACIÓN EN INTERNET</a></p>
<p><a href="https://agora.xtec.cat/ceiprieraderibes/wp-content/uploads/usu901/2019/04/CÓMO-ES-UN-BUEN-MAESTRO.pdf">CÓMO ES UN BUEN MAESTRO</a></p>
<p><a href="https://agora.xtec.cat/ceiprieraderibes/wp-content/uploads/usu901/2019/04/ESCRIBIR-ESCRIBIRME.pdf">ESCRIBIR, ESCRIBIRME</a></p>
<p><a href="https://agora.xtec.cat/ceiprieraderibes/wp-content/uploads/usu901/2019/04/LA-REFLEXIÓN-EL-INGREDIENTE-QUE-POTENCIA-EL-APRENDIZAJE.pdf">EL INGREDIENTE QUE POTENCIA EL APRENDIZAJE</a></p>
<p><a href="https://agora.xtec.cat/ceiprieraderibes/wp-content/uploads/usu901/2019/04/REFLEXIONO-PARA-COMPRENDER.pdf">REFLEXIONO PARA COMPRENDER</a></p>
<p>&nbsp;</p>
<p>&nbsp;</p>

<p>Al llarg del anys, l&#8217;escola ha anat publicant  en  diferents revistes de l&#8217;àmbit educatiu. Us en presentem algunes d&#8217;elles.<br />
<a href="http://agora.xtec.cat/ceiprieraderibes/wp-content/uploads/usu901/2014/12/COMUNICACIÓ-EN-LÀMBIT-DE-LES-MATEMÀTIQUES-Beatriu-Castan-i-Mercè-Cuadras.pdf">COMUNICACIÓ EN L&#8217;ÀMBIT DE LES MATEMÀTIQUES</a><br />
<a href="http://agora.xtec.cat/ceiprieraderibes/wp-content/uploads/usu901/2014/12/el-joc-des-de-la-pedagogia.pdf">EL JOC DES DE LA PEDAGOGIA</a><br />
<a href="http://agora.xtec.cat/ceiprieraderibes/wp-content/uploads/usu901/2014/12/el-joc-en-els-racons-dactivitat.pdf">El JOC EN ELS RACONS D&#8217;ACTIVITAT</a><br />
<a href="http://agora.xtec.cat/ceiprieraderibes/wp-content/uploads/usu901/2014/12/el-joc-entre-la-llum-i-la-foscor.pdf">El JOC ENTRE LA LLUM I LA FOSCOR</a><br />
<a&hellip;  <a href="https://agora.xtec.cat/ceiprieraderibes/articles/" title="Read Articles d&#8217;Interès">Llegeix més»</a></p>
