{"id":344,"date":"2014-11-19T14:32:00","date_gmt":"2014-11-19T12:32:00","guid":{"rendered":"http:\/\/www.rieraderibes.cat\/?page_id=344"},"modified":"2023-05-01T22:02:07","modified_gmt":"2023-05-01T20:02:07","slug":"delegats-daula","status":"publish","type":"page","link":"https:\/\/agora.xtec.cat\/ceiprieraderibes\/delegats-daula\/","title":{"rendered":"Delegats i Delegades d&#8217;aula (EN PROC\u00c9S D&#8217;ACTUALITZACI\u00d3)"},"content":{"rendered":"<p style=\"text-align: justify;\">Cada grup d\u2019aula de prim\u00e0ria escull una persona que les representen a l\u2019assemblea de delegats, que \u00e9s celebra una vegada al mes. En aquesta assemblea, que \u00e9s gestionada per la Direcci\u00f3, es recull les demanades i aportacions de l\u2019alumnat pel bon funcionament del centre a la vegada que es treballa el saber estar i la conviv\u00e8ncia.<\/p>\n<p>CURS 2022-2023:<\/p>\n<p>De la <strong>comunitat de Grans<\/strong>:<br \/>\nIona Ca\u00f1ellas, Zoe Rama, Rita Luquetti, Mar Bueno<br \/>\ni Martina Riu.<\/p>\n<p>De la <strong>comunitat de Mitjans<\/strong>:<br \/>\nCandela Mor\u00f3n, Paula Medina, Jan Antonijuan,<br \/>\nMarc Moll\u00e0 i Elna Sol\u00e0.<\/p>\n<p>De la <strong>comunitat de Petits<\/strong>:<br \/>\nJoana P\u00e9rez, Abril Monz\u00f3, Dante Toribio, Liam<br \/>\nAntonijuan i Adri\u00e0 Tom\u00e0s.<\/p>\n","protected":false},"excerpt":{"rendered":"<p>Cada grup d\u2019aula de prim\u00e0ria escull una persona que les representen a l\u2019assemblea de delegats, que \u00e9s celebra una vegada al mes. En aquesta assemblea, que \u00e9s gestionada per la Direcci\u00f3, es recull les demanades i aportacions de l\u2019alumnat pel bon funcionament del centre a&hellip;  <a href=\"https:\/\/agora.xtec.cat\/ceiprieraderibes\/delegats-daula\/\" title=\"Read Delegats i Delegades d&#8217;aula (EN PROC\u00c9S D&#8217;ACTUALITZACI\u00d3)\">Llegeix m\u00e9s\u00bb<\/a><\/p>\n","protected":false},"author":175,"featured_media":0,"parent":0,"menu_order":0,"comment_status":"open","ping_status":"open","template":"","meta":{"_bbp_topic_count":0,"_bbp_reply_count":0,"_bbp_total_topic_count":0,"_bbp_total_reply_count":0,"_bbp_voice_count":0,"_bbp_anonymous_reply_count":0,"_bbp_topic_count_hidden":0,"_bbp_reply_count_hidden":0,"_bbp_forum_subforum_count":0,"footnotes":""},"class_list":["post-344","page","type-page","status-publish","hentry"],"post_mailing_queue_ids":[],"_links":{"self":[{"href":"https:\/\/agora.xtec.cat\/ceiprieraderibes\/wp-json\/wp\/v2\/pages\/344","targetHints":{"allow":["GET"]}}],"collection":[{"href":"https:\/\/agora.xtec.cat\/ceiprieraderibes\/wp-json\/wp\/v2\/pages"}],"about":[{"href":"https:\/\/agora.xtec.cat\/ceiprieraderibes\/wp-json\/wp\/v2\/types\/page"}],"author":[{"embeddable":true,"href":"https:\/\/agora.xtec.cat\/ceiprieraderibes\/wp-json\/wp\/v2\/users\/175"}],"replies":[{"embeddable":true,"href":"https:\/\/agora.xtec.cat\/ceiprieraderibes\/wp-json\/wp\/v2\/comments?post=344"}],"version-history":[{"count":5,"href":"https:\/\/agora.xtec.cat\/ceiprieraderibes\/wp-json\/wp\/v2\/pages\/344\/revisions"}],"predecessor-version":[{"id":12973,"href":"https:\/\/agora.xtec.cat\/ceiprieraderibes\/wp-json\/wp\/v2\/pages\/344\/revisions\/12973"}],"wp:attachment":[{"href":"https:\/\/agora.xtec.cat\/ceiprieraderibes\/wp-json\/wp\/v2\/media?parent=344"}],"curies":[{"name":"wp","href":"https:\/\/api.w.org\/{rel}","templated":true}]}}

Delegats i Delegades d&#8217;aula (EN PROCÉS D&#8217;ACTUALITZACIÓ)

<p style="text-align: justify;">Cada grup d’aula de primària escull una persona que les representen a l’assemblea de delegats, que és celebra una vegada al mes. En aquesta assemblea, que és gestionada per la Direcció, es recull les demanades i aportacions de l’alumnat pel bon funcionament del centre a la vegada que es treballa el saber estar i la convivència.</p>
<p>CURS 2022-2023:</p>
<p>De la <strong>comunitat de Grans</strong>:<br />
Iona Cañellas, Zoe Rama, Rita Luquetti, Mar Bueno<br />
i Martina Riu.</p>
<p>De la <strong>comunitat de Mitjans</strong>:<br />
Candela Morón, Paula Medina, Jan Antonijuan,<br />
Marc Mollà i Elna Solà.</p>
<p>De la <strong>comunitat de Petits</strong>:<br />
Joana Pérez, Abril Monzó, Dante Toribio, Liam<br />
Antonijuan i Adrià Tomàs.</p>

<p>Cada grup d’aula de primària escull una persona que les representen a l’assemblea de delegats, que és celebra una vegada al mes. En aquesta assemblea, que és gestionada per la Direcció, es recull les demanades i aportacions de l’alumnat pel bon funcionament del centre a&hellip;  <a href="https://agora.xtec.cat/ceiprieraderibes/delegats-daula/" title="Read Delegats i Delegades d&#8217;aula (EN PROCÉS D&#8217;ACTUALITZACIÓ)">Llegeix més»</a></p>
