{"id":341,"date":"2014-11-19T14:20:30","date_gmt":"2014-11-19T12:20:30","guid":{"rendered":"http:\/\/www.rieraderibes.cat\/?page_id=341"},"modified":"2023-05-01T22:05:46","modified_gmt":"2023-05-01T20:05:46","slug":"equips-docents","status":"publish","type":"page","link":"https:\/\/agora.xtec.cat\/ceiprieraderibes\/equips-docents\/","title":{"rendered":"Equip docent"},"content":{"rendered":"<p>El model de gesti\u00f3 de l\u2019escola \u00e9s el lideratge distribu\u00eft conscient i integrador on la funci\u00f3 de cada equip \u00e9s essencial per la millora del projecte educatiu, la millora professional dels i de les mestres, la millora dels aprenentatges de l\u2019alumnat i la millora de la confian\u00e7a de les fam\u00edlies.<\/p>\n<p><strong><strong>Equip Directiu: <\/strong><\/strong>N\u00faria S. (Directora), Gemma G. (Cap d&#8217;Estudis) i Estefania C. (Secret\u00e0ria)<\/p>\n<p><strong>Equip de Projecci\u00f3 Pedag\u00f2gica i Organizativa:<\/strong> N\u00faria S., Gemma G., Estefania C., Sergi S., Laura D., Roger F., M\u00f2nica R., Mar\u00eda F., Sandra D., Ester P.<\/p>\n<p><strong> <strong>Equip Consell Escolar: <\/strong><\/strong><span style=\"font-family: inherit; font-size: 1em;\">N\u00faria S., <\/span>Gemma G., Estefania C.,<span style=\"font-family: inherit; font-size: 1em;\">\u00a0<\/span>Montse P., <span style=\"font-family: inherit; font-size: 1em;\">Marga M., Andrea G., Maria F., Sergi S., Laura D., Sofia M.<\/span><\/p>\n<p><strong> Equip Digital del Centre: <\/strong>Estefania C., Ester P., Johanna P., N\u00faria B.<\/p>\n<p><strong> <strong>Equip Diversitat: <\/strong><\/strong>\u00a0Gemma G., Noem\u00ed M., Andrea G., Mar\u00eda F.<\/p>\n<p><strong>Comunitat de Xics<\/strong>: Gemma G., <span style=\"font-family: inherit; font-size: 1em;\">Sandra D.<\/span><span style=\"font-family: inherit; font-size: 1em;\">, <\/span>Ester P., S\u00edlvia G., Marta B., Clara R., Noem\u00ed M., C\u00e8lia V., Vanesa H., Carme P., Bego\u00f1a P. (TEI), Eva O. (Vetlladora)<\/p>\n<p><strong>Comunitat de Petits<\/strong>:\u00a0<span style=\"font-family: inherit; font-size: 1em;\">\u00a0<\/span><span style=\"font-family: inherit; font-size: 1em;\">Estefania C., <\/span>M\u00f2nica R., Mar\u00eda F.<span style=\"font-family: inherit; font-size: 1em;\">,\u00a0<\/span>Vanesa C., Juan Carlos C., Saray R., Sofia M.<\/p>\n<p><strong>Comunitat de Mitjans<\/strong>: Laura D., Roger F., Diego S., Jordi P., N\u00faria B., C\u00e8lia G., <span style=\"font-family: inherit; font-size: 1em;\">Bella S. (Educadora).<\/span><\/p>\n<p><strong>Comunitat de Grans:<\/strong> N\u00faria S., Sergi S., David B., Charo M., Judith S., Marga M., Johanna P.<span style=\"font-family: inherit; font-size: 1em;\">,\u00a0 Andrea G.<\/span><\/p>\n<p>&nbsp;<\/p>\n<p>&nbsp;<\/p>\n","protected":false},"excerpt":{"rendered":"<p>El model de gesti\u00f3 de l\u2019escola \u00e9s el lideratge distribu\u00eft conscient i integrador on la funci\u00f3 de cada equip \u00e9s essencial per la millora del projecte educatiu, la millora professional dels i de les mestres, la millora dels aprenentatges de l\u2019alumnat i la millora de&hellip;  <a href=\"https:\/\/agora.xtec.cat\/ceiprieraderibes\/equips-docents\/\" title=\"Read Equip docent\">Llegeix m\u00e9s\u00bb<\/a><\/p>\n","protected":false},"author":175,"featured_media":372,"parent":0,"menu_order":0,"comment_status":"open","ping_status":"open","template":"","meta":{"_bbp_topic_count":0,"_bbp_reply_count":0,"_bbp_total_topic_count":0,"_bbp_total_reply_count":0,"_bbp_voice_count":0,"_bbp_anonymous_reply_count":0,"_bbp_topic_count_hidden":0,"_bbp_reply_count_hidden":0,"_bbp_forum_subforum_count":0,"footnotes":""},"class_list":["post-341","page","type-page","status-publish","has-post-thumbnail","hentry"],"post_mailing_queue_ids":[],"_links":{"self":[{"href":"https:\/\/agora.xtec.cat\/ceiprieraderibes\/wp-json\/wp\/v2\/pages\/341","targetHints":{"allow":["GET"]}}],"collection":[{"href":"https:\/\/agora.xtec.cat\/ceiprieraderibes\/wp-json\/wp\/v2\/pages"}],"about":[{"href":"https:\/\/agora.xtec.cat\/ceiprieraderibes\/wp-json\/wp\/v2\/types\/page"}],"author":[{"embeddable":true,"href":"https:\/\/agora.xtec.cat\/ceiprieraderibes\/wp-json\/wp\/v2\/users\/175"}],"replies":[{"embeddable":true,"href":"https:\/\/agora.xtec.cat\/ceiprieraderibes\/wp-json\/wp\/v2\/comments?post=341"}],"version-history":[{"count":4,"href":"https:\/\/agora.xtec.cat\/ceiprieraderibes\/wp-json\/wp\/v2\/pages\/341\/revisions"}],"predecessor-version":[{"id":12975,"href":"https:\/\/agora.xtec.cat\/ceiprieraderibes\/wp-json\/wp\/v2\/pages\/341\/revisions\/12975"}],"wp:featuredmedia":[{"embeddable":true,"href":"https:\/\/agora.xtec.cat\/ceiprieraderibes\/wp-json\/wp\/v2\/media\/372"}],"wp:attachment":[{"href":"https:\/\/agora.xtec.cat\/ceiprieraderibes\/wp-json\/wp\/v2\/media?parent=341"}],"curies":[{"name":"wp","href":"https:\/\/api.w.org\/{rel}","templated":true}]}}

<p>El model de gestió de l’escola és el lideratge distribuït conscient i integrador on la funció de cada equip és essencial per la millora del projecte educatiu, la millora professional dels i de les mestres, la millora dels aprenentatges de l’alumnat i la millora de la confiança de les famílies.</p>
<p><strong><strong>Equip Directiu: </strong></strong>Núria S. (Directora), Gemma G. (Cap d&#8217;Estudis) i Estefania C. (Secretària)</p>
<p><strong>Equip de Projecció Pedagògica i Organizativa:</strong> Núria S., Gemma G., Estefania C., Sergi S., Laura D., Roger F., Mònica R., María F., Sandra D., Ester P.</p>
<p><strong> <strong>Equip Consell Escolar: </strong></strong><span style="font-family: inherit; font-size: 1em;">Núria S., </span>Gemma G., Estefania C.,<span style="font-family: inherit; font-size: 1em;"> </span>Montse P., <span style="font-family: inherit; font-size: 1em;">Marga M., Andrea G., Maria F., Sergi S., Laura D., Sofia M.</span></p>
<p><strong> Equip Digital del Centre: </strong>Estefania C., Ester P., Johanna P., Núria B.</p>
<p><strong> <strong>Equip Diversitat: </strong></strong> Gemma G., Noemí M., Andrea G., María F.</p>
<p><strong>Comunitat de Xics</strong>: Gemma G., <span style="font-family: inherit; font-size: 1em;">Sandra D.</span><span style="font-family: inherit; font-size: 1em;">, </span>Ester P., Sílvia G., Marta B., Clara R., Noemí M., Cèlia V., Vanesa H., Carme P., Begoña P. (TEI), Eva O. (Vetlladora)</p>
<p><strong>Comunitat de Petits</strong>: <span style="font-family: inherit; font-size: 1em;"> </span><span style="font-family: inherit; font-size: 1em;">Estefania C., </span>Mònica R., María F.<span style="font-family: inherit; font-size: 1em;">, </span>Vanesa C., Juan Carlos C., Saray R., Sofia M.</p>
<p><strong>Comunitat de Mitjans</strong>: Laura D., Roger F., Diego S., Jordi P., Núria B., Cèlia G., <span style="font-family: inherit; font-size: 1em;">Bella S. (Educadora).</span></p>
<p><strong>Comunitat de Grans:</strong> Núria S., Sergi S., David B., Charo M., Judith S., Marga M., Johanna P.<span style="font-family: inherit; font-size: 1em;">,  Andrea G.</span></p>
<p>&nbsp;</p>
<p>&nbsp;</p>

<p>El model de gestió de l’escola és el lideratge distribuït conscient i integrador on la funció de cada equip és essencial per la millora del projecte educatiu, la millora professional dels i de les mestres, la millora dels aprenentatges de l’alumnat i la millora de&hellip;  <a href="https://agora.xtec.cat/ceiprieraderibes/equips-docents/" title="Read Equip docent">Llegeix més»</a></p>
