{"id":689,"date":"2014-12-22T17:57:35","date_gmt":"2014-12-22T15:57:35","guid":{"rendered":"http:\/\/agora.xtec.cat\/ceiprieraderibes\/wp-content\/uploads\/usu901\/2014\/11\/Imatge1.jpg"},"modified":"2014-12-22T17:57:35","modified_gmt":"2014-12-22T15:57:35","slug":"imatge1","status":"inherit","type":"attachment","link":"https:\/\/agora.xtec.cat\/ceiprieraderibes\/documents\/triptic-llibret-riera-i-quadern-de-notes\/attachment\/imatge1\/","title":{"rendered":"Imatge1"},"author":1,"featured_media":0,"comment_status":"closed","ping_status":"open","template":"","meta":{"_bbp_topic_count":0,"_bbp_reply_count":0,"_bbp_total_topic_count":0,"_bbp_total_reply_count":0,"_bbp_voice_count":0,"_bbp_anonymous_reply_count":0,"_bbp_topic_count_hidden":0,"_bbp_reply_count_hidden":0,"_bbp_forum_subforum_count":0},"class_list":["post-689","attachment","type-attachment","status-inherit","hentry"],"description":{"rendered":"<p class=\"attachment\"><a href='https:\/\/agora.xtec.cat\/ceiprieraderibes\/wp-content\/uploads\/usu901\/2014\/11\/Imatge1.jpg'><img loading=\"lazy\" decoding=\"async\" width=\"212\" height=\"300\" src=\"https:\/\/agora.xtec.cat\/ceiprieraderibes\/wp-content\/uploads\/usu901\/2014\/11\/Imatge1-212x300.jpg\" class=\"attachment-medium size-medium\" alt=\"\" srcset=\"https:\/\/agora.xtec.cat\/ceiprieraderibes\/wp-content\/uploads\/usu901\/2014\/11\/Imatge1-212x300.jpg 212w, https:\/\/agora.xtec.cat\/ceiprieraderibes\/wp-content\/uploads\/usu901\/2014\/11\/Imatge1.jpg 507w\" sizes=\"auto, (max-width: 212px) 100vw, 212px\" \/><\/a><\/p>\n"},"caption":{"rendered":"<p>El Llibret de la Riera \u00e9s d\u00f3na a les fam\u00edlies nouvingudes, en les reunions de juny i setembre&hellip;  <a href=\"https:\/\/agora.xtec.cat\/ceiprieraderibes\/documents\/triptic-llibret-riera-i-quadern-de-notes\/attachment\/imatge1\/\" title=\"Read Imatge1\">Llegeix m\u00e9s\u00bb<\/a><\/p>\n"},"alt_text":"","media_type":"image","mime_type":"image\/jpeg","media_details":{"width":507,"height":717,"file":"2014\/11\/Imatge1.jpg","sizes":{"thumbnail":{"file":"Imatge1-150x150.jpg","width":150,"height":150,"mime_type":"image\/jpeg","source_url":"https:\/\/agora.xtec.cat\/ceiprieraderibes\/wp-content\/uploads\/usu901\/2014\/11\/Imatge1-150x150.jpg"},"medium":{"file":"Imatge1-212x300.jpg","width":212,"height":300,"mime_type":"image\/jpeg","source_url":"https:\/\/agora.xtec.cat\/ceiprieraderibes\/wp-content\/uploads\/usu901\/2014\/11\/Imatge1-212x300.jpg"},"thumb-300":{"file":"Imatge1-300x250.jpg","width":300,"height":250,"mime_type":"image\/jpeg","source_url":"https:\/\/agora.xtec.cat\/ceiprieraderibes\/wp-content\/uploads\/usu901\/2014\/11\/Imatge1-300x250.jpg"},"thumb-200":{"file":"Imatge1-200x150.jpg","width":200,"height":150,"mime_type":"image\/jpeg","source_url":"https:\/\/agora.xtec.cat\/ceiprieraderibes\/wp-content\/uploads\/usu901\/2014\/11\/Imatge1-200x150.jpg"},"full":{"file":"Imatge1.jpg","width":507,"height":717,"mime_type":"image\/jpeg","source_url":"https:\/\/agora.xtec.cat\/ceiprieraderibes\/wp-content\/uploads\/usu901\/2014\/11\/Imatge1.jpg"}},"image_meta":{"aperture":0,"credit":"","camera":"","caption":"","created_timestamp":0,"copyright":"","focal_length":0,"iso":0,"shutter_speed":0,"title":"","orientation":0}},"post":288,"source_url":"https:\/\/agora.xtec.cat\/ceiprieraderibes\/wp-content\/uploads\/usu901\/2014\/11\/Imatge1.jpg","_links":{"self":[{"href":"https:\/\/agora.xtec.cat\/ceiprieraderibes\/wp-json\/wp\/v2\/media\/689","targetHints":{"allow":["GET"]}}],"collection":[{"href":"https:\/\/agora.xtec.cat\/ceiprieraderibes\/wp-json\/wp\/v2\/media"}],"about":[{"href":"https:\/\/agora.xtec.cat\/ceiprieraderibes\/wp-json\/wp\/v2\/types\/attachment"}],"author":[{"embeddable":true,"href":"https:\/\/agora.xtec.cat\/ceiprieraderibes\/wp-json\/wp\/v2\/users\/1"}],"replies":[{"embeddable":true,"href":"https:\/\/agora.xtec.cat\/ceiprieraderibes\/wp-json\/wp\/v2\/comments?post=689"}]}}

<p>El Llibret de la Riera és dóna a les famílies nouvingudes, en les reunions de juny i setembre&hellip;  <a href="https://agora.xtec.cat/ceiprieraderibes/documents/triptic-llibret-riera-i-quadern-de-notes/attachment/imatge1/" title="Read Imatge1">Llegeix més»</a></p>
