{"id":9064,"date":"2017-09-25T19:48:13","date_gmt":"2017-09-25T17:48:13","guid":{"rendered":"http:\/\/agora.xtec.cat\/ceipreixac\/?page_id=9064"},"modified":"2026-04-21T15:55:25","modified_gmt":"2026-04-21T13:55:25","slug":"ampa","status":"publish","type":"page","link":"https:\/\/agora.xtec.cat\/ceipreixac\/ampa\/","title":{"rendered":"AFA"},"content":{"rendered":"<p><img loading=\"lazy\" decoding=\"async\" class=\" wp-image-8996 alignright\" style=\"text-align: justify;\" src=\"http:\/\/agora.xtec.cat\/ceipreixac\/wp-content\/uploads\/usu1230\/2017\/09\/10428009_1419710568328713_2438418895855583914_n.jpg\" alt=\"\" width=\"169\" height=\"169\" srcset=\"https:\/\/agora.xtec.cat\/ceipreixac\/wp-content\/uploads\/usu1230\/2017\/09\/10428009_1419710568328713_2438418895855583914_n.jpg 200w, https:\/\/agora.xtec.cat\/ceipreixac\/wp-content\/uploads\/usu1230\/2017\/09\/10428009_1419710568328713_2438418895855583914_n-150x150.jpg 150w\" sizes=\"auto, (max-width: 169px) 100vw, 169px\" \/><\/p>\n<div>\n<p>L&#8217;AMPA \u00e9s una associaci\u00f3 sense afany de lucre formada per les\u00a0mares i els pares dels alumnes de l&#8217;escola i que t\u00e9 com a\u00a0objectiu principal contribuir a la millora de la qualitat del sistema educatiu p\u00fablic. El seu funcionament es basa en el di\u00e0leg i en la col\u00b7laboraci\u00f3 amb els diferents sectors de la comunitat educativa.<\/p>\n<p>Podeu posar-vos en contacte a trav\u00e9s del seu Mail <strong>ampa.reixac@gmail.com<\/strong>, o b\u00e9 acudint al local de l&#8217;AMPA situat al costat de l&#8217;entrada principal de l&#8217;escola. Trobareu m\u00e9s informaci\u00f3 als seg\u00fcents enlla\u00e7os:<\/p>\n<\/div>\n<p>&nbsp;<\/p>\n<p>ACTIVITATS EXTRAESCOLARS s&#8217;organitzen cada curs escolars i es notifiquen via correu electr\u00f2nic a les fam\u00edlies de l&#8217;escola.<a href=\"https:\/\/www.instagram.com\/ampareixac\/\" target=\"_blank\" rel=\"noopener\"><img loading=\"lazy\" decoding=\"async\" class=\" wp-image-17684 alignright\" src=\"https:\/\/agora.xtec.cat\/ceipreixac\/wp-content\/uploads\/usu1230\/2024\/07\/AMPA-REIXAC.png\" alt=\"\" width=\"194\" height=\"168\" \/><\/a><\/p>\n<p><a href=\"https:\/\/www.instagram.com\/ampareixac\/\" target=\"_blank\" rel=\"noopener\">INSTAGRAM DE L&#8217;AMPA<\/a><\/p>\n<p><a href=\"http:\/\/ampareixac.blogspot.com.es\/\" target=\"_blank\" rel=\"noopener\">BLOC DE L&#8217;AMPA<\/a><\/p>\n<p><a href=\"https:\/\/es-es.facebook.com\/ampa.escolareixac\/\" target=\"_blank\" rel=\"noopener\">FACEBOOK DE L&#8217;AMPA<\/a><\/p>\n<p>&nbsp;<\/p>\n<div><\/div>\n","protected":false},"excerpt":{"rendered":"<p>L&#8217;AMPA \u00e9s una associaci\u00f3 sense afany de lucre formada per les\u00a0mares i els pares dels alumnes de l&#8217;escola i que t\u00e9 com a\u00a0objectiu principal contribuir a la millora de la qualitat del sistema educatiu p\u00fablic. El seu funcionament es basa en el di\u00e0leg i en&hellip;  <a href=\"https:\/\/agora.xtec.cat\/ceipreixac\/ampa\/\" title=\"Read AFA\">Llegeix m\u00e9s\u00bb<\/a><\/p>\n","protected":false},"author":1,"featured_media":0,"parent":0,"menu_order":0,"comment_status":"closed","ping_status":"closed","template":"page-templates\/side-menu.php","meta":{"_bbp_topic_count":0,"_bbp_reply_count":0,"_bbp_total_topic_count":0,"_bbp_total_reply_count":0,"_bbp_voice_count":0,"_bbp_anonymous_reply_count":0,"_bbp_topic_count_hidden":0,"_bbp_reply_count_hidden":0,"_bbp_forum_subforum_count":0,"footnotes":""},"class_list":["post-9064","page","type-page","status-publish","hentry"],"post_mailing_queue_ids":[],"_links":{"self":[{"href":"https:\/\/agora.xtec.cat\/ceipreixac\/wp-json\/wp\/v2\/pages\/9064","targetHints":{"allow":["GET"]}}],"collection":[{"href":"https:\/\/agora.xtec.cat\/ceipreixac\/wp-json\/wp\/v2\/pages"}],"about":[{"href":"https:\/\/agora.xtec.cat\/ceipreixac\/wp-json\/wp\/v2\/types\/page"}],"author":[{"embeddable":true,"href":"https:\/\/agora.xtec.cat\/ceipreixac\/wp-json\/wp\/v2\/users\/1"}],"replies":[{"embeddable":true,"href":"https:\/\/agora.xtec.cat\/ceipreixac\/wp-json\/wp\/v2\/comments?post=9064"}],"version-history":[{"count":6,"href":"https:\/\/agora.xtec.cat\/ceipreixac\/wp-json\/wp\/v2\/pages\/9064\/revisions"}],"predecessor-version":[{"id":19346,"href":"https:\/\/agora.xtec.cat\/ceipreixac\/wp-json\/wp\/v2\/pages\/9064\/revisions\/19346"}],"wp:attachment":[{"href":"https:\/\/agora.xtec.cat\/ceipreixac\/wp-json\/wp\/v2\/media?parent=9064"}],"curies":[{"name":"wp","href":"https:\/\/api.w.org\/{rel}","templated":true}]}}