{"id":38,"date":"2014-09-18T12:34:08","date_gmt":"2014-09-18T11:34:08","guid":{"rendered":"http:\/\/agora.xtec.cat\/ceipreixac\/?page_id=38"},"modified":"2017-09-25T17:23:24","modified_gmt":"2017-09-25T15:23:24","slug":"salut","status":"publish","type":"page","link":"https:\/\/agora.xtec.cat\/ceipreixac\/lescola\/salut\/","title":{"rendered":"Salut"},"content":{"rendered":"<p style=\"text-align: justify;\"><img loading=\"lazy\" decoding=\"async\" class=\" wp-image-8953 alignright\" src=\"http:\/\/agora.xtec.cat\/ceipreixac\/wp-content\/uploads\/usu1230\/2014\/09\/salut.jpg\" alt=\"\" width=\"233\" height=\"207\" srcset=\"https:\/\/agora.xtec.cat\/ceipreixac\/wp-content\/uploads\/usu1230\/2014\/09\/salut.jpg 372w, https:\/\/agora.xtec.cat\/ceipreixac\/wp-content\/uploads\/usu1230\/2014\/09\/salut-300x266.jpg 300w\" sizes=\"auto, (max-width: 233px) 100vw, 233px\" \/>L&#8217;<em>Escola Reixac<\/em>, en col.laboraci\u00f3 amb l<em>&#8216;Institut Catal\u00e0 de la Salut,<\/em> \u00a0i a trav\u00e9s de la <em>Regidoria de Salut P\u00fablica<\/em> de l&#8217;<em>Ajuntament de Montcada,<\/em> fem d&#8217;intermediaris entre els <em>Equips d&#8217;Atenci\u00f3 Prim\u00e0ria<\/em>, i l&#8217;alumnat del nostre centre:<\/p>\n<p style=\"text-align: justify;\">El calendari de salut, s&#8217;actualitza cada curs, i contempla:<\/p>\n<ul>\n<li style=\"text-align: justify;\"><span style=\"text-decoration: underline;\"><strong><em>Examen de salut per a l&#8217;alumnat de P4<\/em>,<\/strong><\/span> segons el Decret 155\/1993. Es porta a terme al Centre d&#8217;Atenci\u00f3 Prim\u00e0ria (CAP), demanant hora a la infermera pedi\u00e0trica.<\/li>\n<li style=\"text-align: justify;\"><span style=\"text-decoration: underline;\"><strong>Revisi\u00f3 bucodental<\/strong><\/span> per als alumnes de 1r d&#8217;EP, 3r d&#8217;EP i 6\u00e8 d&#8217;EP. Es porta \u00a0a terme a l&#8217;escola i t\u00e9 car\u00e0cter preventiu i assistencial.<\/li>\n<li style=\"text-align: justify;\"><span style=\"text-decoration: underline;\"><strong>Vacunaci\u00f3<\/strong><\/span> de l&#8217;alumnat compr\u00e8s entre els 11 i els 12 anys (6\u00e8 EP). Es porta a terme a l&#8217;escola, pr\u00e8via autoritzaci\u00f3 familiar, segons el calendari de Salut vigent. Podeu trobar les dades actualitzades a la <a href=\"http:\/\/www.aspb.cat\/quefem\/vacunacions.htm\" target=\"_blank\" rel=\"noopener noreferrer\">Web de l&#8217;Ag\u00e8ncia de Salut P\u00fablica de Barcelona.\u00a0<\/a><\/li>\n<\/ul>\n<p>&nbsp;<\/p>\n<p>&nbsp;<\/p>\n<p>&nbsp;<\/p>\n<p>&nbsp;<\/p>\n<p>&nbsp;<\/p>\n","protected":false},"excerpt":{"rendered":"<p>L&#8217;Escola Reixac, en col.laboraci\u00f3 amb l&#8216;Institut Catal\u00e0 de la Salut, \u00a0i a trav\u00e9s de la Regidoria de Salut P\u00fablica de l&#8217;Ajuntament de Montcada, fem d&#8217;intermediaris entre els Equips d&#8217;Atenci\u00f3 Prim\u00e0ria, i l&#8217;alumnat del nostre centre:<br \/>\nEl calendari de salut, s&#8217;actualitza cada curs, i contempla:<\/p>\n<ul>\n<li style=\"text-align: justify;\">Examen&hellip;  <a href=\"https:\/\/agora.xtec.cat\/ceipreixac\/lescola\/salut\/\" title=\"Read Salut\">Llegeix m\u00e9s\u00bb<\/a><br \/>\n","protected":false},"author":1,"featured_media":0,"parent":22,"menu_order":80,"comment_status":"closed","ping_status":"closed","template":"page-templates\/side-menu.php","meta":{"_bbp_topic_count":0,"_bbp_reply_count":0,"_bbp_total_topic_count":0,"_bbp_total_reply_count":0,"_bbp_voice_count":0,"_bbp_anonymous_reply_count":0,"_bbp_topic_count_hidden":0,"_bbp_reply_count_hidden":0,"_bbp_forum_subforum_count":0,"footnotes":""},"class_list":["post-38","page","type-page","status-publish","hentry"],"post_mailing_queue_ids":[],"_links":{"self":[{"href":"https:\/\/agora.xtec.cat\/ceipreixac\/wp-json\/wp\/v2\/pages\/38","targetHints":{"allow":["GET"]}}],"collection":[{"href":"https:\/\/agora.xtec.cat\/ceipreixac\/wp-json\/wp\/v2\/pages"}],"about":[{"href":"https:\/\/agora.xtec.cat\/ceipreixac\/wp-json\/wp\/v2\/types\/page"}],"author":[{"embeddable":true,"href":"https:\/\/agora.xtec.cat\/ceipreixac\/wp-json\/wp\/v2\/users\/1"}],"replies":[{"embeddable":true,"href":"https:\/\/agora.xtec.cat\/ceipreixac\/wp-json\/wp\/v2\/comments?post=38"}],"version-history":[{"count":4,"href":"https:\/\/agora.xtec.cat\/ceipreixac\/wp-json\/wp\/v2\/pages\/38\/revisions"}],"predecessor-version":[{"id":9042,"href":"https:\/\/agora.xtec.cat\/ceipreixac\/wp-json\/wp\/v2\/pages\/38\/revisions\/9042"}],"up":[{"embeddable":true,"href":"https:\/\/agora.xtec.cat\/ceipreixac\/wp-json\/wp\/v2\/pages\/22"}],"wp:attachment":[{"href":"https:\/\/agora.xtec.cat\/ceipreixac\/wp-json\/wp\/v2\/media?parent=38"}],"curies":[{"name":"wp","href":"https:\/\/api.w.org\/{rel}","templated":true}]}}