{"id":24,"date":"2014-09-18T12:23:15","date_gmt":"2014-09-18T11:23:15","guid":{"rendered":"http:\/\/agora.xtec.cat\/ceipreixac\/?page_id=24"},"modified":"2017-09-26T19:05:26","modified_gmt":"2017-09-26T17:05:26","slug":"on-som","status":"publish","type":"page","link":"https:\/\/agora.xtec.cat\/ceipreixac\/lescola\/on-som\/","title":{"rendered":"On som?"},"content":{"rendered":"<p>Escola Reixac<\/p>\n<p>C. Doctor Bux\u00f3, s\/n<\/p>\n<p>08110 Montcada i Reixac<\/p>\n<p>Telf 93 564 17 43<\/p>\n<p><a href=\"https:\/\/goo.gl\/maps\/nGaeKa8AeXR2\"><img loading=\"lazy\" decoding=\"async\" class=\"alignnone size-full wp-image-8858\" src=\"http:\/\/agora.xtec.cat\/ceipreixac\/wp-content\/uploads\/usu1230\/2014\/09\/empla\u00e7ament-cole.jpg\" alt=\"\" width=\"798\" height=\"745\" srcset=\"https:\/\/agora.xtec.cat\/ceipreixac\/wp-content\/uploads\/usu1230\/2014\/09\/empla\u00e7ament-cole.jpg 798w, https:\/\/agora.xtec.cat\/ceipreixac\/wp-content\/uploads\/usu1230\/2014\/09\/empla\u00e7ament-cole-300x280.jpg 300w, https:\/\/agora.xtec.cat\/ceipreixac\/wp-content\/uploads\/usu1230\/2014\/09\/empla\u00e7ament-cole-768x717.jpg 768w\" sizes=\"auto, (max-width: 798px) 100vw, 798px\" \/><\/a><\/p>\n<p>&nbsp;<\/p>\n<p><span style=\"text-decoration: underline;\"><strong>Com arribar-hi:<\/strong><\/span><\/p>\n<p><strong>Tren:<\/strong>\u00a0Estaci\u00f3 Montcada i Reixac (L\u00ednia Rodalies 2) i Estaci\u00f3 Montcada Manresa (L\u00ednia Rodalies 4).<br \/>\n<strong>Bus TMB:<\/strong> L\u00ednies 96 i 155.<\/p>\n<p><strong>Per carretera:\u00a0<\/strong><br \/>\nC-17 (tant en sentit Barcelona com en sentit Vic)<br \/>\nC-58 (entrada pel pol\u00edgon de La Ferreria)<br \/>\nN-150 (a l&#8217;al\u00e7ada de Can Sant Joan, Can Cui\u00e0s, i per Terra Nostra i La Ferreria)<br \/>\nBV-5001 (carretera de la Roca, per Montcada Centre)<br \/>\nBV-1411 (carretera de Ripollet, per Mas Rampinyo)<br \/>\nBV-5011 (carretera de la Vallen\u00e7ana, des de Badalona)<\/p>\n<p>&nbsp;<\/p>\n<p>&nbsp;<\/p>\n<p>&nbsp;<\/p>\n","protected":false},"excerpt":{"rendered":"<p>Escola Reixac<br \/>\nC. Doctor Bux\u00f3, s\/n<br \/>\n08110 Montcada i Reixac<br \/>\nTelf 93 564 17 43<br \/>\n<a href=\"https:\/\/goo.gl\/maps\/nGaeKa8AeXR2\"><\/a><br \/>\n&nbsp;<br \/>\nCom arribar-hi:<br \/>\nTren:\u00a0Estaci\u00f3 Montcada i Reixac (L\u00ednia Rodalies 2) i Estaci\u00f3 Montcada Manresa (L\u00ednia Rodalies 4).<br \/>\nBus TMB: L\u00ednies 96 i 155.<br \/>\nPer carretera:\u00a0<br \/>\nC-17 (tant en sentit Barcelona com en sentit Vic)<br \/>\nC-58 (entrada pel pol\u00edgon de&hellip;  <a href=\"https:\/\/agora.xtec.cat\/ceipreixac\/lescola\/on-som\/\" title=\"Read On som?\">Llegeix m\u00e9s\u00bb<\/a><\/p>\n","protected":false},"author":1,"featured_media":0,"parent":22,"menu_order":10,"comment_status":"closed","ping_status":"closed","template":"page-templates\/side-menu.php","meta":{"_bbp_topic_count":0,"_bbp_reply_count":0,"_bbp_total_topic_count":0,"_bbp_total_reply_count":0,"_bbp_voice_count":0,"_bbp_anonymous_reply_count":0,"_bbp_topic_count_hidden":0,"_bbp_reply_count_hidden":0,"_bbp_forum_subforum_count":0,"footnotes":""},"class_list":["post-24","page","type-page","status-publish","hentry"],"post_mailing_queue_ids":[],"_links":{"self":[{"href":"https:\/\/agora.xtec.cat\/ceipreixac\/wp-json\/wp\/v2\/pages\/24","targetHints":{"allow":["GET"]}}],"collection":[{"href":"https:\/\/agora.xtec.cat\/ceipreixac\/wp-json\/wp\/v2\/pages"}],"about":[{"href":"https:\/\/agora.xtec.cat\/ceipreixac\/wp-json\/wp\/v2\/types\/page"}],"author":[{"embeddable":true,"href":"https:\/\/agora.xtec.cat\/ceipreixac\/wp-json\/wp\/v2\/users\/1"}],"replies":[{"embeddable":true,"href":"https:\/\/agora.xtec.cat\/ceipreixac\/wp-json\/wp\/v2\/comments?post=24"}],"version-history":[{"count":4,"href":"https:\/\/agora.xtec.cat\/ceipreixac\/wp-json\/wp\/v2\/pages\/24\/revisions"}],"predecessor-version":[{"id":9207,"href":"https:\/\/agora.xtec.cat\/ceipreixac\/wp-json\/wp\/v2\/pages\/24\/revisions\/9207"}],"up":[{"embeddable":true,"href":"https:\/\/agora.xtec.cat\/ceipreixac\/wp-json\/wp\/v2\/pages\/22"}],"wp:attachment":[{"href":"https:\/\/agora.xtec.cat\/ceipreixac\/wp-json\/wp\/v2\/media?parent=24"}],"curies":[{"name":"wp","href":"https:\/\/api.w.org\/{rel}","templated":true}]}}