{"id":28,"date":"2014-09-18T12:29:35","date_gmt":"2014-09-18T11:29:35","guid":{"rendered":"http:\/\/agora.xtec.cat\/ceipramonfausiesteve\/?page_id=28"},"modified":"2026-01-09T15:38:35","modified_gmt":"2026-01-09T14:38:35","slug":"consell-escolar","status":"publish","type":"page","link":"https:\/\/agora.xtec.cat\/ceipramonfausiesteve\/lescola\/consell-escolar\/","title":{"rendered":"El Consell Escolar"},"content":{"rendered":"<h5>Representants del Consell Escolar: 18 membres en total<span style=\"color: #ff0000;\"><br \/>\n<\/span><\/h5>\n<pre>Directora\r\n\r\nCap d'estudis\r\n\r\nSecret\u00e0ria <em>(amb veu per\u00f2 sense vot)<\/em>\r\n\r\n1 Representant de l'Ajuntament<em>\u00a0\u00a0<\/em>\r\n\r\n5 Representants de pares, mares i\/o tutors i tutores legals\r\n\r\n1 Representant de l'AFA\r\n\r\n1 Representant del PAS\r\n\r\n1 Representant del PAE\r\n\r\n6 Representants del professorat\r\n\r\n<\/pre>\n<pre><strong>MARC CONCEPTUAL<\/strong>\r\nLa participaci\u00f3 de la comunitat escolar en el control i la gesti\u00f3 dels centres educatius \u00e9s un\r\ndels principis organitzatius pel qual es regeix el nostre sistema educatiu.\r\n\r\nEl consell escolar i el claustre del professorat s\u00f3n els \u00f2rgans col\u00b7legiats de participaci\u00f3 de la comunitat escolar\r\nen el govern i la gesti\u00f3 dels centres educatius que, com a m\u00ednim, han d\u2019existir en tots els centres\r\nque conformen el Servei d\u2019Educaci\u00f3 de Catalunya.\r\n\r\nL\u2019\u00f2rgan col\u00b7legiat de participaci\u00f3 de la comunitat escolar en el govern del centre \u00e9s el\r\nconsell escolar. La LEC (art.148) i la LOE (art.127) determinen les facultats que li corresponen.\r\nEl Departament adapta l'estructura i la composici\u00f3 del consell escolar per als diversos centres\r\nque s\u00f3n considerats com un \u00fanic centre educatiu (ZER) i per als altres centres de caracter\u00edstiques\r\nsingulars.\r\nEl centre determina la composici\u00f3 del consell escolar en les normes d'organitzaci\u00f3 i\r\nfuncionament, d'acord amb el projecte educatiu i respectant la legislaci\u00f3 vigent . El reglament\r\ndel consell escolar, un cop aprovat per aquest, s'integra en les normes d'organitzaci\u00f3 i\r\nfuncionament del centre.\r\nEl consell escolar ha d'aprovar les seves normes de funcionament. En all\u00f2 que aquestes normes\r\nno estableixin, s'apliquen les normes reguladores dels \u00f2rgans col\u00b7legiats de l'Administraci\u00f3 de la\r\nGeneralitat.\r\nEls processos electius es desenvolupen en el centre d'acord amb les normes que aprovi el consell\r\nescolar a proposta de la direcci\u00f3. En tot cas, aquestes normes han de garantir la publicitat dels\r\nrespectius censos electorals i de les diverses candidatures, han de determinar la composici\u00f3 de\r\nles meses, que seran presidides pel director o directora, o persona de l'equip directiu en qui\r\ndelegui, i han d'establir un per\u00edode no inferior a deu dies entre la convocat\u00f2ria de les eleccions\r\nd'un sector i el dia de les votacions.<\/pre>\n<pre><strong>MARC NORMATIU<\/strong>\r\nResoluci\u00f3 EDU\/3043\/2021, de 6 d'octubre, per la qual s'estableix el calendari i el r\u00e8gim del proc\u00e9s electoral per renovar els membres dels consell escolars dels centres p\u00fablics i privats sostinguts amb fons p\u00fablics.\r\n\r\nLlei Org\u00e0nica 2\/2006, de 3 de maig, d\u2019Educaci\u00f3 \u2013LOE, modificada per la LOMCE.\r\nLlei 12\/2009, del 10 de juliol, d\u2019educaci\u00f3 \u2013 LEC\r\nDecret 102\/2010, de 3 d\u2019agost, d\u2019autonomia dels centres educatius.\r\nDecret155\/2010, de 2 de novembre, de la direcci\u00f3 dels centres educatius p\u00fablics i del\r\npersonal directiu professional docent.\r\nLlei 40\/2015, d\u20191 d\u2019octubre, del r\u00e8gim jur\u00eddic del sector p\u00fablic.\r\nLlei 26\/2010, de 3 d\u2019agost, de r\u00e8gim jur\u00eddic i de procediment de les administracions\r\np\u00fabliques de Catalunya.\r\nDecret 282\/2006, de 4 de juliol, dels requisits dels centres del 1r cicle de l\u2019ed. infantil.<\/pre>\n<h5>ACORDS DEL CONSELL ESCOLAR<\/h5>\n<h5><span style=\"color: #000000;\">CURS 2019\/2020<\/span><\/h5>\n<p><a href=\"https:\/\/drive.google.com\/file\/d\/1m33v6xr1r3E3S0dULr16BLjPaDXIjIOV\/view?usp=sharing\">Acords reuni\u00f3 dia 16 de juny de 2020<\/a><\/p>\n<h5><span style=\"color: #000000;\">CURS 2020\/2021<\/span><\/h5>\n<p><a href=\"https:\/\/drive.google.com\/file\/d\/1BjG0Qmdtgd_zmlVOu5yLdRbmdoIeaFQ4\/view?usp=sharing\">Acords\u00a0 reuni\u00f3 1 de setembre de 2020<\/a><\/p>\n<p><a href=\"https:\/\/drive.google.com\/file\/d\/19G_5RLp493Wk13GquXEgljxVXrSdzNBk\/view?usp=sharing\">Acords reuni\u00f3 28 de setembre de 2020<\/a><\/p>\n<p><a href=\"https:\/\/drive.google.com\/file\/d\/1CQBwk-_rMAELzJd9WJ_xm3mSA5i_67Ao\/view?usp=sharing\">Acords reuni\u00f3 8 d&#8217;octubre de 2020<\/a><\/p>\n<p><a href=\"https:\/\/drive.google.com\/file\/d\/1vTXj1U6ZqiTZhE48cS18fPcTgPQY5w64\/view?usp=sharing\">Acords reuni\u00f3 20 de novembre de 2020<\/a><\/p>\n<p>Acords reuni\u00f3 1 de febrer de 2021<\/p>\n<p><a href=\"https:\/\/drive.google.com\/file\/d\/1Duu2SG3d2JHpFpiFe7qJ-3e2AMhlPfT2\/view?usp=sharing\">Acords reuni\u00f3 17 de maig de 2021<\/a><\/p>\n<p><a href=\"https:\/\/drive.google.com\/file\/d\/1fPtjtUdBZxvmE78C65-k-3Fw83zx-UkV\/view?usp=sharing\">Acords reuni\u00f3 11 de juny de 2021<\/a><\/p>\n<h5>CURS 2021\/2022<\/h5>\n<p><a href=\"https:\/\/drive.google.com\/file\/d\/1z1YWtEy8cleKdJlojC01UJiHynP7yNKo\/view?usp=sharing\">Acords reuni\u00f3 6 de setembre de 2021<\/a><\/p>\n<p><a href=\"https:\/\/drive.google.com\/file\/d\/16vDMavzXjISDROmDmJD3uieAl7TVSTR8\/view?usp=sharing\">Acords reuni\u00f3 26 d&#8217;octubre de 2021<\/a><\/p>\n<p><a href=\"https:\/\/drive.google.com\/file\/d\/1tF7GwJWWRa1udKUyt1f7G0O31iZ5J5-A\/view?usp=sharing\">Acords reuni\u00f3 29 de novembre de 2021<\/a><\/p>\n<p><a href=\"https:\/\/drive.google.com\/file\/d\/1d8-rNn4y77F6GTl_J6LsjkzDjuuBSjFW\/view?usp=sharing\">Acords reuni\u00f3 11 de febrer de 2022<\/a><\/p>\n<p><a href=\"https:\/\/drive.google.com\/file\/d\/1CK2kRouWmqNHyq0q8s8obscPND14TWcz\/view?usp=sharing\">Acords reuni\u00f3 31 de maig de 2022<\/a><\/p>\n<p>CURS 2022\/2023<\/p>\n<p><a href=\"https:\/\/drive.google.com\/file\/d\/1nlsY0EMwcXqdKCtwpmJIJrjUjUz9xULX\/view?usp=sharing\">Acords 26 de setembre de 2022<\/a><\/p>\n<p><a href=\"https:\/\/drive.google.com\/file\/d\/1ORESIP-22J9u2phNDvB_Ps1ztNG7ZUq6\/view?usp=sharing\">Acords 18 d&#8217;octubre de 2022<\/a><\/p>\n<p><a href=\"https:\/\/drive.google.com\/file\/d\/1TcCLz5YUFgDZh-ErxWRq2OxMdNAgsJYN\/view?usp=share_link\">Acords 10 de febrer de 2023<\/a><\/p>\n<p><a href=\"https:\/\/drive.google.com\/file\/d\/1NZDoUT42Cci_kJNBwdpH4Vm7d27aQFtO\/view?usp=share_link\">Acords 18 de maig de 2023<\/a><\/p>\n<p><a href=\"https:\/\/drive.google.com\/file\/d\/1epzZWMTT9xg14j5LgfnkNibYi4_lo_Xz\/view?usp=share_link\">Acords 23 de maig de 2023<\/a><\/p>\n<p><a href=\"https:\/\/drive.google.com\/file\/d\/15yRUjCim8OyPp-H78KKQKBQNtOwuyren\/view?usp=sharing\">Acords 5 de juny de 2023<\/a><\/p>\n<p>CURS 2023\/2024<\/p>\n<p><a href=\"https:\/\/drive.google.com\/file\/d\/1S8o-Ji6U7mq3tPxQxnwOyOE1WmyzFRD3\/view?usp=sharing\">Acords 16 d&#8217;octubre de 2023<\/a><\/p>\n<p><a href=\"https:\/\/drive.google.com\/file\/d\/1LdylNkouUUymieQHgb2CFCPmhbhOFPpa\/view?usp=drive_link\">Acords 21 de novembre de 2023<\/a><\/p>\n<p><a href=\"https:\/\/drive.google.com\/file\/d\/10ixXpuA-vvPEYMdbPAshKrIUZaCfcXHR\/view?usp=drive_link\">Acords 27 de gener de 2024<\/a><\/p>\n<p><a href=\"https:\/\/drive.google.com\/file\/d\/1vxLYF20JI0nIzAkp0PnVFjDNvrCPIYup\/view?usp=drive_link\">Acords 23 de febrer de 2024<\/a><\/p>\n<p><a href=\"https:\/\/drive.google.com\/file\/d\/17JiUE2jKWgQ4PIUkBvr8vBBUnjLbPoNH\/view?usp=sharing\">Acords 23 de maig de 2024<\/a><\/p>\n<p><a href=\"https:\/\/drive.google.com\/file\/d\/1BKIB5TakjioQ9PX67_Z03BGrk5d9LUEq\/view?usp=sharing\">Acords 12 de juny de 2024<\/a><\/p>\n<p>CURS 2024\/2025<\/p>\n<p><a href=\"https:\/\/docs.google.com\/document\/d\/1apUOXOB5Nzr-ZxQVCIWYWuJ8HqaR5iFPf5duoGx309o\/edit?usp=drive_link\">Acords 13 de setembre de 2024<\/a><\/p>\n<p><a href=\"https:\/\/docs.google.com\/document\/d\/1gZjesRZzvY3jANb-7KR9wW0HHSp1muRX-aO1nUS-OyQ\/edit?usp=drive_link\">Acords 27 de setembre de 2024<\/a><\/p>\n<p><a href=\"https:\/\/drive.google.com\/file\/d\/1IhmmLpu5wdjBqQ9YxUMPKcUGnxsXxhhN\/view?usp=sharing\">Acords 17 de febrer de 2025<\/a><\/p>\n<p><a href=\"https:\/\/drive.google.com\/file\/d\/1UcRJa6tSE5-MYPAOiUXqA5qsUG9udbOp\/view?usp=drive_link\">Acords 24 de mar\u00e7 de 2025<\/a><\/p>\n<p><a href=\"https:\/\/drive.google.com\/file\/d\/1TcErDEiCzTpGteie4-RHLVbEVLkONREj\/view?usp=drive_link\">Acords 27 de maig de 2025<\/a><\/p>\n<p>CURS 2025\/2026<\/p>\n<p><a href=\"https:\/\/drive.google.com\/file\/d\/1JRtMC8rDKvCBMHHb40f87J93MyuSxos-\/view?usp=sharing\">Acords 4 de setembre de 2025<\/a><\/p>\n<p><a href=\"https:\/\/drive.google.com\/file\/d\/1h7SuA6suftIC5gOpuYgCDp_orQiOiFr7\/view?usp=sharing\">Acords 14 d&#8217;octubre de 2025<\/a><\/p>\n<p><a href=\"https:\/\/drive.google.com\/file\/d\/1RabEx_fbE11VBNL4IRDETVdwwHphW8Fw\/view?usp=drive_link\">Acords 27 d&#8217;octubre de 2025<\/a><\/p>\n<p><a href=\"https:\/\/drive.google.com\/file\/d\/1S6ll1uawaIgHMAUqiRDoTKGhj2P1edP9\/view?usp=drive_link\">Acords 21 de novembre de 2025<\/a><\/p>\n<p><a href=\"https:\/\/drive.google.com\/file\/d\/17339n9zx7GsFo2Gq7hKMwxZNCceDruwG\/view?usp=sharing\"><em>D&#8217;acord amb l&#8217;article 11.1.a de la Llei 19\/2014, del 29 de desembre, de transpar\u00e8ncia,<\/em><\/a> <em>acc\u00e9s a la informaci\u00f3 p\u00fablica i bon govern, els centres han de fer p\u00fablic en la seva<\/em> <em>p\u00e0gina web o en un altre mitj\u00e0, el seu pressupost, amb la descripci\u00f3 de les partides<\/em> <em>pressupost\u00e0ries anuals i les dades de llur execuci\u00f3 \u2013per con\u00e8ixer el grau d&#8217;execuci\u00f3<\/em> <em>amb car\u00e0cter trimestral\u2013 i de llur liquidaci\u00f3, i el compliment dels objectius d&#8217;estabilitat<\/em> <em>pressupost\u00e0ria i sostenibilitat financera. Aquesta informaci\u00f3 es justifica amb els<\/em> <em>documents que s&#8217;extreuen de l&#8217;aplicaci\u00f3 Esfer@. <\/em><\/p>\n","protected":false},"excerpt":{"rendered":"<p>Representants del Consell Escolar: 18 membres en total<\/p>\n<p>Directora<\/p>\n<p>Cap d&#8217;estudis<\/p>\n<p>Secret\u00e0ria (amb veu per\u00f2 sense vot)<\/p>\n<p>1 Representant de l&#8217;Ajuntament\u00a0\u00a0<\/p>\n<p>5 Representants de pares, mares i\/o tutors i tutores legals<\/p>\n<p>1 Representant de l&#8217;AFA<\/p>\n<p>1 Representant del PAS<\/p>\n<p>1 Representant del PAE<\/p>\n<p>6 Representants del professorat<\/p>\n<p>MARC CONCEPTUAL<br \/>\nLa participaci\u00f3 de la comunitat escolar en&hellip;  <a href=\"https:\/\/agora.xtec.cat\/ceipramonfausiesteve\/lescola\/consell-escolar\/\" title=\"Read El Consell Escolar\">Llegeix m\u00e9s\u00bb<\/a><\/p>\n","protected":false},"author":1,"featured_media":0,"parent":22,"menu_order":30,"comment_status":"closed","ping_status":"closed","template":"page-templates\/side-menu.php","meta":{"_bbp_topic_count":0,"_bbp_reply_count":0,"_bbp_total_topic_count":0,"_bbp_total_reply_count":0,"_bbp_voice_count":0,"_bbp_anonymous_reply_count":0,"_bbp_topic_count_hidden":0,"_bbp_reply_count_hidden":0,"_bbp_forum_subforum_count":0,"footnotes":""},"class_list":["post-28","page","type-page","status-publish","hentry"],"post_mailing_queue_ids":[],"_links":{"self":[{"href":"https:\/\/agora.xtec.cat\/ceipramonfausiesteve\/wp-json\/wp\/v2\/pages\/28","targetHints":{"allow":["GET"]}}],"collection":[{"href":"https:\/\/agora.xtec.cat\/ceipramonfausiesteve\/wp-json\/wp\/v2\/pages"}],"about":[{"href":"https:\/\/agora.xtec.cat\/ceipramonfausiesteve\/wp-json\/wp\/v2\/types\/page"}],"author":[{"embeddable":true,"href":"https:\/\/agora.xtec.cat\/ceipramonfausiesteve\/wp-json\/wp\/v2\/users\/1"}],"replies":[{"embeddable":true,"href":"https:\/\/agora.xtec.cat\/ceipramonfausiesteve\/wp-json\/wp\/v2\/comments?post=28"}],"version-history":[{"count":7,"href":"https:\/\/agora.xtec.cat\/ceipramonfausiesteve\/wp-json\/wp\/v2\/pages\/28\/revisions"}],"predecessor-version":[{"id":10802,"href":"https:\/\/agora.xtec.cat\/ceipramonfausiesteve\/wp-json\/wp\/v2\/pages\/28\/revisions\/10802"}],"up":[{"embeddable":true,"href":"https:\/\/agora.xtec.cat\/ceipramonfausiesteve\/wp-json\/wp\/v2\/pages\/22"}],"wp:attachment":[{"href":"https:\/\/agora.xtec.cat\/ceipramonfausiesteve\/wp-json\/wp\/v2\/media?parent=28"}],"curies":[{"name":"wp","href":"https:\/\/api.w.org\/{rel}","templated":true}]}}