{"id":1282,"date":"2018-04-16T13:19:53","date_gmt":"2018-04-16T11:19:53","guid":{"rendered":"http:\/\/agora.xtec.cat\/ceipramonfausiesteve\/?page_id=1282"},"modified":"2024-03-02T12:44:07","modified_gmt":"2024-03-02T11:44:07","slug":"projecte-menjador","status":"publish","type":"page","link":"https:\/\/agora.xtec.cat\/ceipramonfausiesteve\/projecte-menjador\/","title":{"rendered":"Projecte menjador"},"content":{"rendered":"<h1 style=\"text-align: center;\"><span style=\"color: #800080;\">Ja ha comen\u00e7at el nou curs escolar i amb aquest un nou projecte d&#8217;escola pels nostres infants.<\/span><\/h1>\n<p>Amb aquest nou projecte volem fer cr\u00e9ixer els nostres alumnes potenciant la seva autonomia, ajudant-los a desenvolupar les seves habilitats socials i, alhora, comen\u00e7ant a familiaritzar-se amb una nova llengua per ells: l&#8217;angl\u00e8s.<\/p>\n<p>Us hem preparat un recull de fotos per poder veure un petit tastet del que n&#8217;ha estat l&#8217;inici.<\/p>\n<p>Quan arribem al mat\u00ed els infants d&#8217;I5 s&#8217;encarreguen de comptar quants nens i nenes es quedaran a dinar i, tamb\u00e9, d&#8217;explicar el men\u00fa del dia a la resta de companys.<\/p>\n<p><a href=\"https:\/\/agora.xtec.cat\/ceipramonfausiesteve\/wp-content\/uploads\/usu1656\/2018\/11\/IMG_20181015_125209.jpg\"><img loading=\"lazy\" decoding=\"async\" class=\"wp-image-2047 alignright\" src=\"https:\/\/agora.xtec.cat\/ceipramonfausiesteve\/wp-content\/uploads\/usu1656\/2018\/11\/IMG_20181015_125209-578x1024.jpg\" alt=\"\" width=\"155\" height=\"274\" srcset=\"https:\/\/agora.xtec.cat\/ceipramonfausiesteve\/wp-content\/uploads\/usu1656\/2018\/11\/IMG_20181015_125209-578x1024.jpg 578w, https:\/\/agora.xtec.cat\/ceipramonfausiesteve\/wp-content\/uploads\/usu1656\/2018\/11\/IMG_20181015_125209-169x300.jpg 169w, https:\/\/agora.xtec.cat\/ceipramonfausiesteve\/wp-content\/uploads\/usu1656\/2018\/11\/IMG_20181015_125209-768x1360.jpg 768w\" sizes=\"auto, (max-width: 155px) 100vw, 155px\" \/><\/a><\/p>\n<p><a href=\"https:\/\/agora.xtec.cat\/ceipramonfausiesteve\/wp-content\/uploads\/usu1656\/2018\/11\/IMG_20181015_124306.jpg\"><img loading=\"lazy\" decoding=\"async\" class=\"wp-image-2048 alignright\" src=\"https:\/\/agora.xtec.cat\/ceipramonfausiesteve\/wp-content\/uploads\/usu1656\/2018\/11\/IMG_20181015_124306-1024x578.jpg\" alt=\"\" width=\"310\" height=\"175\" srcset=\"https:\/\/agora.xtec.cat\/ceipramonfausiesteve\/wp-content\/uploads\/usu1656\/2018\/11\/IMG_20181015_124306-1024x578.jpg 1024w, https:\/\/agora.xtec.cat\/ceipramonfausiesteve\/wp-content\/uploads\/usu1656\/2018\/11\/IMG_20181015_124306-300x169.jpg 300w, https:\/\/agora.xtec.cat\/ceipramonfausiesteve\/wp-content\/uploads\/usu1656\/2018\/11\/IMG_20181015_124306-768x434.jpg 768w\" sizes=\"auto, (max-width: 310px) 100vw, 310px\" \/><\/a><\/p>\n<p>Un cop arribem al menjador ens asseiem al costat dels nostres amics. Ens aprenem a servir el menjar, a posar-nos l&#8217;aigua i tamb\u00e9 a desparar la taula.<\/p>\n<p><a href=\"https:\/\/agora.xtec.cat\/ceipramonfausiesteve\/wp-content\/uploads\/usu1656\/2018\/11\/IMG_20181026_130459.jpg\"><img loading=\"lazy\" decoding=\"async\" class=\" wp-image-2049\" src=\"https:\/\/agora.xtec.cat\/ceipramonfausiesteve\/wp-content\/uploads\/usu1656\/2018\/11\/IMG_20181026_130459-578x1024.jpg\" alt=\"\" width=\"292\" height=\"517\" srcset=\"https:\/\/agora.xtec.cat\/ceipramonfausiesteve\/wp-content\/uploads\/usu1656\/2018\/11\/IMG_20181026_130459-578x1024.jpg 578w, https:\/\/agora.xtec.cat\/ceipramonfausiesteve\/wp-content\/uploads\/usu1656\/2018\/11\/IMG_20181026_130459-169x300.jpg 169w, https:\/\/agora.xtec.cat\/ceipramonfausiesteve\/wp-content\/uploads\/usu1656\/2018\/11\/IMG_20181026_130459-768x1360.jpg 768w\" sizes=\"auto, (max-width: 292px) 100vw, 292px\" \/><\/a><\/p>\n<p>&nbsp;<\/p>\n<p>&nbsp;<\/p>\n","protected":false},"excerpt":{"rendered":"<p>Ja ha comen\u00e7at el nou curs escolar i amb aquest un nou projecte d&#8217;escola pels nostres infants.<br \/>\nAmb aquest nou projecte volem fer cr\u00e9ixer els nostres alumnes potenciant la seva autonomia, ajudant-los a desenvolupar les seves habilitats socials i, alhora, comen\u00e7ant a familiaritzar-se amb una nova&hellip;  <a href=\"https:\/\/agora.xtec.cat\/ceipramonfausiesteve\/projecte-menjador\/\" title=\"Read Projecte menjador\">Llegeix m\u00e9s\u00bb<\/a><\/p>\n","protected":false},"author":1,"featured_media":0,"parent":0,"menu_order":0,"comment_status":"closed","ping_status":"closed","template":"","meta":{"_bbp_topic_count":0,"_bbp_reply_count":0,"_bbp_total_topic_count":0,"_bbp_total_reply_count":0,"_bbp_voice_count":0,"_bbp_anonymous_reply_count":0,"_bbp_topic_count_hidden":0,"_bbp_reply_count_hidden":0,"_bbp_forum_subforum_count":0,"footnotes":""},"class_list":["post-1282","page","type-page","status-publish","hentry"],"post_mailing_queue_ids":[],"_links":{"self":[{"href":"https:\/\/agora.xtec.cat\/ceipramonfausiesteve\/wp-json\/wp\/v2\/pages\/1282","targetHints":{"allow":["GET"]}}],"collection":[{"href":"https:\/\/agora.xtec.cat\/ceipramonfausiesteve\/wp-json\/wp\/v2\/pages"}],"about":[{"href":"https:\/\/agora.xtec.cat\/ceipramonfausiesteve\/wp-json\/wp\/v2\/types\/page"}],"author":[{"embeddable":true,"href":"https:\/\/agora.xtec.cat\/ceipramonfausiesteve\/wp-json\/wp\/v2\/users\/1"}],"replies":[{"embeddable":true,"href":"https:\/\/agora.xtec.cat\/ceipramonfausiesteve\/wp-json\/wp\/v2\/comments?post=1282"}],"version-history":[{"count":4,"href":"https:\/\/agora.xtec.cat\/ceipramonfausiesteve\/wp-json\/wp\/v2\/pages\/1282\/revisions"}],"predecessor-version":[{"id":9362,"href":"https:\/\/agora.xtec.cat\/ceipramonfausiesteve\/wp-json\/wp\/v2\/pages\/1282\/revisions\/9362"}],"wp:attachment":[{"href":"https:\/\/agora.xtec.cat\/ceipramonfausiesteve\/wp-json\/wp\/v2\/media?parent=1282"}],"curies":[{"name":"wp","href":"https:\/\/api.w.org\/{rel}","templated":true}]}}