{"id":2997,"date":"2020-02-01T13:03:19","date_gmt":"2020-02-01T12:03:19","guid":{"rendered":"http:\/\/agora.xtec.cat\/ceipramoncasas\/?page_id=2997"},"modified":"2020-02-01T19:46:33","modified_gmt":"2020-02-01T18:46:33","slug":"alimentacio-sostenible","status":"publish","type":"page","link":"https:\/\/agora.xtec.cat\/ceipramoncasas\/projectes\/alimentacio-sostenible\/","title":{"rendered":"Alimentaci\u00f3 Sostenible"},"content":{"rendered":"<p>La nostra escola \u00e9s un del sis centres pilot que formem part d&#8217;aquest projecte, que t\u00e9 l&#8217;objectiu de reduir la carn vermella i\/o processada i consumir m\u00e9s prote\u00efna vegetal en el men\u00fa escolar, per <strong>reduir les emissions contaminants<\/strong> que generen i per <strong>millorar la salut i els h\u00e0bits alimentaris dels nostres infants i adolescents.<\/strong><\/p>\n<p>En aquesta iniciativa, rebem l&#8217;assessorament i l&#8217;acompanyament professional de l&#8217;Ag\u00e8ncia de Salut P\u00fablica de Barcelona, l&#8217;Ajuntament de Barcelona, el Consorci d&#8217;Educaci\u00f3 de Barcelona i Escoles m\u00e9s Sostenibles, per implantar una dieta m\u00e9s<strong> saludable<\/strong>\u00a0amb <strong>productes de temporada<\/strong>, de <strong>proximitat<\/strong> i <strong>ecol\u00f2gics<\/strong>, redu\u00efnt el consum de prote\u00efnes animals.<\/p>\n<p>Aquesta mesura de l&#8217;Ajuntament parteix de les moltes que es porten a terme despr\u00e9s de la declaraci\u00f3 d&#8217;<strong>emerg\u00e8ncia clim\u00e0tica<\/strong> a la ciutat, ja que l&#8217;any 2021 Barcelona ser\u00e0 la capital mundial de l&#8217;<strong>Alimentaci\u00f3 Sostenible.<\/strong><\/p>\n","protected":false},"excerpt":{"rendered":"<p>La nostra escola \u00e9s un del sis centres pilot que formem part d&#8217;aquest projecte, que t\u00e9 l&#8217;objectiu de reduir la carn vermella i\/o processada i consumir m\u00e9s prote\u00efna vegetal en el men\u00fa escolar, per reduir les emissions contaminants que generen i per millorar la salut&hellip;  <a href=\"https:\/\/agora.xtec.cat\/ceipramoncasas\/projectes\/alimentacio-sostenible\/\" title=\"Read Alimentaci\u00f3 Sostenible\">Llegeix m\u00e9s\u00bb<\/a><\/p>\n","protected":false},"author":1,"featured_media":0,"parent":2512,"menu_order":5,"comment_status":"closed","ping_status":"closed","template":"page-templates\/side-menu.php","meta":{"_bbp_topic_count":0,"_bbp_reply_count":0,"_bbp_total_topic_count":0,"_bbp_total_reply_count":0,"_bbp_voice_count":0,"_bbp_anonymous_reply_count":0,"_bbp_topic_count_hidden":0,"_bbp_reply_count_hidden":0,"_bbp_forum_subforum_count":0,"footnotes":""},"class_list":["post-2997","page","type-page","status-publish","hentry"],"post_mailing_queue_ids":[],"_links":{"self":[{"href":"https:\/\/agora.xtec.cat\/ceipramoncasas\/wp-json\/wp\/v2\/pages\/2997","targetHints":{"allow":["GET"]}}],"collection":[{"href":"https:\/\/agora.xtec.cat\/ceipramoncasas\/wp-json\/wp\/v2\/pages"}],"about":[{"href":"https:\/\/agora.xtec.cat\/ceipramoncasas\/wp-json\/wp\/v2\/types\/page"}],"author":[{"embeddable":true,"href":"https:\/\/agora.xtec.cat\/ceipramoncasas\/wp-json\/wp\/v2\/users\/1"}],"replies":[{"embeddable":true,"href":"https:\/\/agora.xtec.cat\/ceipramoncasas\/wp-json\/wp\/v2\/comments?post=2997"}],"version-history":[{"count":4,"href":"https:\/\/agora.xtec.cat\/ceipramoncasas\/wp-json\/wp\/v2\/pages\/2997\/revisions"}],"predecessor-version":[{"id":3009,"href":"https:\/\/agora.xtec.cat\/ceipramoncasas\/wp-json\/wp\/v2\/pages\/2997\/revisions\/3009"}],"up":[{"embeddable":true,"href":"https:\/\/agora.xtec.cat\/ceipramoncasas\/wp-json\/wp\/v2\/pages\/2512"}],"wp:attachment":[{"href":"https:\/\/agora.xtec.cat\/ceipramoncasas\/wp-json\/wp\/v2\/media?parent=2997"}],"curies":[{"name":"wp","href":"https:\/\/api.w.org\/{rel}","templated":true}]}}