{"id":2487,"date":"2019-07-15T10:51:47","date_gmt":"2019-07-15T08:51:47","guid":{"rendered":"http:\/\/agora.xtec.cat\/ceipramoncasas\/?page_id=2487"},"modified":"2023-12-18T08:33:42","modified_gmt":"2023-12-18T07:33:42","slug":"projecte-educatiu-de-centre-pec","status":"publish","type":"page","link":"https:\/\/agora.xtec.cat\/ceipramoncasas\/documents\/projecte-educatiu-de-centre-pec\/","title":{"rendered":"Projecte Educatiu (PEC)"},"content":{"rendered":"<p>El Projecte Educatiu de Centre (PEC) \u00e9s un document de car\u00e0cter pedag\u00f2gic elaborat per la comunitat educativa que enumera i defineix els trets d&#8217;identitat de l&#8217;escola, cont\u00e9 els objectius que s&#8217;han d&#8217;aconseguir i expressa l&#8217;estructura organitzativa i funcional del centre educatiu.<\/p>\n<p>Com indica la Llei 19\/2014, del 29 de desembre, de transpar\u00e8ncia, acc\u00e9s a la informaci\u00f3 p\u00fablica i bon govern, tot i que el nostre centre est\u00e0 fent una revisi\u00f3 d&#8217;aquest document, s&#8217;aniran publicant les parts del projecte que anem elaborant.<\/p>\n<p>Aquest document revisat ha estat aprovat pel Consell Escolar el 16 de juliol de 2020.<\/p>\n<p><a href=\"https:\/\/agora.xtec.cat\/ceipramoncasas\/wp-content\/uploads\/usu1758\/2023\/03\/PROJECTE-EDUCATIU-escola-Ramon-Casas.pdf\" target=\"_blank\" rel=\"noopener\">PROJECTE EDUCATIU<\/a><\/p>\n<p>&nbsp;<\/p>\n","protected":false},"excerpt":{"rendered":"<p>El Projecte Educatiu de Centre (PEC) \u00e9s un document de car\u00e0cter pedag\u00f2gic elaborat per la comunitat educativa que enumera i defineix els trets d&#8217;identitat de l&#8217;escola, cont\u00e9 els objectius que s&#8217;han d&#8217;aconseguir i expressa l&#8217;estructura organitzativa i funcional del centre educatiu.<br \/>\nCom indica la Llei 19\/2014,&hellip;  <a href=\"https:\/\/agora.xtec.cat\/ceipramoncasas\/documents\/projecte-educatiu-de-centre-pec\/\" title=\"Read Projecte Educatiu (PEC)\">Llegeix m\u00e9s\u00bb<\/a><\/p>\n","protected":false},"author":1,"featured_media":0,"parent":2485,"menu_order":0,"comment_status":"closed","ping_status":"closed","template":"page-templates\/side-menu.php","meta":{"_bbp_topic_count":0,"_bbp_reply_count":0,"_bbp_total_topic_count":0,"_bbp_total_reply_count":0,"_bbp_voice_count":0,"_bbp_anonymous_reply_count":0,"_bbp_topic_count_hidden":0,"_bbp_reply_count_hidden":0,"_bbp_forum_subforum_count":0,"footnotes":""},"class_list":["post-2487","page","type-page","status-publish","hentry"],"post_mailing_queue_ids":[],"_links":{"self":[{"href":"https:\/\/agora.xtec.cat\/ceipramoncasas\/wp-json\/wp\/v2\/pages\/2487","targetHints":{"allow":["GET"]}}],"collection":[{"href":"https:\/\/agora.xtec.cat\/ceipramoncasas\/wp-json\/wp\/v2\/pages"}],"about":[{"href":"https:\/\/agora.xtec.cat\/ceipramoncasas\/wp-json\/wp\/v2\/types\/page"}],"author":[{"embeddable":true,"href":"https:\/\/agora.xtec.cat\/ceipramoncasas\/wp-json\/wp\/v2\/users\/1"}],"replies":[{"embeddable":true,"href":"https:\/\/agora.xtec.cat\/ceipramoncasas\/wp-json\/wp\/v2\/comments?post=2487"}],"version-history":[{"count":5,"href":"https:\/\/agora.xtec.cat\/ceipramoncasas\/wp-json\/wp\/v2\/pages\/2487\/revisions"}],"predecessor-version":[{"id":5114,"href":"https:\/\/agora.xtec.cat\/ceipramoncasas\/wp-json\/wp\/v2\/pages\/2487\/revisions\/5114"}],"up":[{"embeddable":true,"href":"https:\/\/agora.xtec.cat\/ceipramoncasas\/wp-json\/wp\/v2\/pages\/2485"}],"wp:attachment":[{"href":"https:\/\/agora.xtec.cat\/ceipramoncasas\/wp-json\/wp\/v2\/media?parent=2487"}],"curies":[{"name":"wp","href":"https:\/\/api.w.org\/{rel}","templated":true}]}}