{"id":30,"date":"2014-09-18T12:30:23","date_gmt":"2014-09-18T12:30:23","guid":{"rendered":"http:\/\/agora.xtec.cat\/ceipramonbergada\/?page_id=30"},"modified":"2016-06-27T10:59:16","modified_gmt":"2016-06-27T09:59:16","slug":"instal%c2%b7lacions","status":"publish","type":"page","link":"https:\/\/agora.xtec.cat\/ceipramonbergada\/lescola\/instal%c2%b7lacions\/","title":{"rendered":"Instal\u00b7lacions"},"content":{"rendered":"<div id=\"id3\" class=\"style_SkipStroke_2 shape-with-text\">\n<div class=\"text-content style_External_487_45\">\n<div class=\"style\">\n<p class=\"paragraph_style\"><strong>Qu\u00e8 podeu trobar?<\/strong><\/p>\n<\/div>\n<\/div>\n<\/div>\n<div id=\"id4\" class=\"style_SkipStroke_3 shape-with-text\">\n<div class=\"text-content style_External_850_83\">\n<div class=\"style_1\">\n<p class=\"paragraph_style_1\">Al nostre col\u00b7legi trobareu un seguit d&#8217;instal\u00b7lacions i equipaments destinats a afavorir la formaci\u00f3 integral dels vostres fills i filles. Us convidem a qu\u00e8 ens acompanyeu per aquest recorregut i aix\u00ed con\u00e8ixer una mica millor la nostra escola.<\/p>\n<div id=\"id4\" class=\"style_SkipStroke_2 shape-with-text\">\n<div class=\"text-content graphic_shape_layout_style_default_External_487_45\">\n<div class=\"graphic_shape_layout_style_default\">\n<p class=\"paragraph_style\"><strong>Edifici prim\u00e0ria<\/strong><\/p>\n<\/div>\n<\/div>\n<\/div>\n<div class=\"style_SkipStroke_4 shape-with-text flowDefining\">\n<div class=\"text-content Normal_External_850_102\">\n<div class=\"Normal\">\n<p class=\"paragraph_style_1\">A l\u2019edifici de prim\u00e0ria comptem amb dues aules des de P-5 fins a 6\u00e8. A m\u00e9s hi ha la biblioteca, el menjador, la sala de psicomotricitat, dues aules d\u2019inform\u00e0tica, dues aules d\u2019angl\u00e8s, una de m\u00fasica, una d\u2019educaci\u00f3 especial, una de refor\u00e7, l\u2019aula d\u2019acollida i una sala multiusos.<\/p>\n<p class=\"paragraph_style_1\">A m\u00e9s totes les aules de prim\u00e0ria disposen d\u2019una Pissarra digital interactiva amb conexi\u00f3 a internet.<\/p>\n<div id=\"id4\" class=\"style_SkipStroke_2 shape-with-text\">\n<div class=\"text-content graphic_shape_layout_style_default_External_487_45\">\n<div class=\"graphic_shape_layout_style_default\">\n<p class=\"paragraph_style\"><strong>Edifici infantil<\/strong><\/p>\n<\/div>\n<\/div>\n<\/div>\n<div class=\"style_SkipStroke_4 shape-with-text flowDefining\">\n<div class=\"text-content Normal_External_850_43\">\n<div class=\"Normal\">\n<p class=\"paragraph_style_1\">A l\u2019edifici d\u2019infantil comptem amb dues aules de P-3, dues aules de P-4, una aula d\u2019angl\u00e8s i una altra aula per a refor\u00e7.<\/p>\n<\/div>\n<\/div>\n<\/div>\n<\/div>\n<\/div>\n<\/div>\n<\/div>\n<\/div>\n<\/div>\n<div id=\"id4\" class=\"style_SkipStroke_2 shape-with-text\">\n<div class=\"text-content graphic_shape_layout_style_default_External_487_45\">\n<div class=\"graphic_shape_layout_style_default\">\n<p class=\"paragraph_style\"><strong>Patis i hort<\/strong><\/p>\n<\/div>\n<\/div>\n<\/div>\n<div class=\"tinyText\"><\/div>\n<div class=\"style_SkipStroke_4 shape-with-text flowDefining\">\n<div class=\"text-content Normal_External_850_126\">\n<div class=\"Normal\">\n<p class=\"paragraph_style_1\">Disposem de pistes per practicar tota mena d\u2019esports, des de dues pistes de terra de minifutbol, a pistes esportives on practicar futbito, minib\u00e0squet, voleibol,&#8230;<\/p>\n<p class=\"paragraph_style_1\">Els m\u00e9s petits compten amb el seu propi espai d\u2019esbarjo amb pista, sorral i altres materials perqu\u00e8 desenvolupin tota la seva activitat. A m\u00e9s un petit hort ens ajuda a explicar i dona a con\u00e8ixer les plantes que acostumem a menjar i el proc\u00e9s de creixement que tenen.<\/p>\n<\/div>\n<\/div>\n<\/div>\n","protected":false},"excerpt":{"rendered":"<p>Qu\u00e8 podeu trobar?<\/p>\n<p>Al nostre col\u00b7legi trobareu un seguit d&#8217;instal\u00b7lacions i equipaments destinats a afavorir la formaci\u00f3 integral dels vostres fills i filles. Us convidem a qu\u00e8 ens acompanyeu per aquest recorregut i aix\u00ed con\u00e8ixer una mica millor la nostra escola.<\/p>\n<p>Edifici prim\u00e0ria<\/p>\n<p>A l\u2019edifici de prim\u00e0ria comptem&hellip;  <a href=\"https:\/\/agora.xtec.cat\/ceipramonbergada\/lescola\/instal%c2%b7lacions\/\" title=\"Read Instal\u00b7lacions\">Llegeix m\u00e9s\u00bb<\/a><\/p>\n","protected":false},"author":2,"featured_media":0,"parent":22,"menu_order":40,"comment_status":"closed","ping_status":"closed","template":"page-templates\/side-menu.php","meta":{"_bbp_topic_count":0,"_bbp_reply_count":0,"_bbp_total_topic_count":0,"_bbp_total_reply_count":0,"_bbp_voice_count":0,"_bbp_anonymous_reply_count":0,"_bbp_topic_count_hidden":0,"_bbp_reply_count_hidden":0,"_bbp_forum_subforum_count":0,"footnotes":""},"class_list":["post-30","page","type-page","status-publish","hentry"],"post_mailing_queue_ids":[],"_links":{"self":[{"href":"https:\/\/agora.xtec.cat\/ceipramonbergada\/wp-json\/wp\/v2\/pages\/30","targetHints":{"allow":["GET"]}}],"collection":[{"href":"https:\/\/agora.xtec.cat\/ceipramonbergada\/wp-json\/wp\/v2\/pages"}],"about":[{"href":"https:\/\/agora.xtec.cat\/ceipramonbergada\/wp-json\/wp\/v2\/types\/page"}],"author":[{"embeddable":true,"href":"https:\/\/agora.xtec.cat\/ceipramonbergada\/wp-json\/wp\/v2\/users\/2"}],"replies":[{"embeddable":true,"href":"https:\/\/agora.xtec.cat\/ceipramonbergada\/wp-json\/wp\/v2\/comments?post=30"}],"version-history":[{"count":3,"href":"https:\/\/agora.xtec.cat\/ceipramonbergada\/wp-json\/wp\/v2\/pages\/30\/revisions"}],"predecessor-version":[{"id":268,"href":"https:\/\/agora.xtec.cat\/ceipramonbergada\/wp-json\/wp\/v2\/pages\/30\/revisions\/268"}],"up":[{"embeddable":true,"href":"https:\/\/agora.xtec.cat\/ceipramonbergada\/wp-json\/wp\/v2\/pages\/22"}],"wp:attachment":[{"href":"https:\/\/agora.xtec.cat\/ceipramonbergada\/wp-json\/wp\/v2\/media?parent=30"}],"curies":[{"name":"wp","href":"https:\/\/api.w.org\/{rel}","templated":true}]}}