{"id":28,"date":"2014-09-18T12:29:35","date_gmt":"2014-09-18T11:29:35","guid":{"rendered":"http:\/\/agora.xtec.cat\/ceipquermany\/?page_id=28"},"modified":"2025-07-03T11:16:00","modified_gmt":"2025-07-03T09:16:00","slug":"consell-escolar","status":"publish","type":"page","link":"https:\/\/agora.xtec.cat\/ceipquermany\/lescola\/consell-escolar\/","title":{"rendered":"Consell escolar"},"content":{"rendered":"<p>El consell escolar \u00e9s l&#8217;\u00f2rgan de participaci\u00f3 dels diferents sectors de la comunitat educativa en el govern dels centres.<\/p>\n<p>La funci\u00f3 principal del consell escolar \u00e9s debatre, analitzar, avaluar i prendre decisions sobres els temes proposats pel titular del centre.<\/p>\n<p>El consell escolar de l&#8217;escola Quermany el formen els representants de tota la comunitat educativa, \u00e9s a dir, l&#8217;equip directiu, representants de\u00a0mestres, personal d&#8217;administraci\u00f3 i serveis, representant de l&#8217;administraci\u00f3 local representants de mares i pares i la presid\u00e8ncia de l&#8217;AMPA.<\/p>\n<h4 id=\"FW_bloc_951ef9be-5613-11e4-9770-000c29cdf219_3\" class=\"FW_ancora\">\u00a0Membres del consell escolar<\/h4>\n<table style=\"height: 182px;\" width=\"358\">\n<tbody>\n<tr style=\"height: 31px;\">\n<td style=\"height: 31px;\"><strong>EQUIP DIRECTIU<\/strong><\/td>\n<td style=\"height: 31px;\">Judit Albert<\/td>\n<\/tr>\n<tr style=\"height: 31px;\">\n<td style=\"height: 31px;\"><\/td>\n<td style=\"height: 31px;\">S\u00edlvia L\u00f3pez<\/td>\n<\/tr>\n<tr style=\"height: 31px;\">\n<td style=\"height: 31px;\"><\/td>\n<td style=\"height: 31px;\">Josep Antoni Garcia<\/td>\n<\/tr>\n<tr style=\"height: 31px;\">\n<td style=\"height: 31px;\"><strong>REP. DE MESTRES<\/strong><\/td>\n<td style=\"height: 31px;\">Isaac Benito<\/td>\n<\/tr>\n<tr style=\"height: 31px;\">\n<td style=\"height: 31px;\"><\/td>\n<td style=\"height: 31px;\">Sandra Deulofeu<\/td>\n<\/tr>\n<tr style=\"height: 31px;\">\n<td style=\"height: 31px;\"><\/td>\n<td style=\"height: 31px;\">Gl\u00f2ria F\u00e0bregas<\/td>\n<\/tr>\n<tr style=\"height: 31px;\">\n<td style=\"height: 31px;\"><\/td>\n<td style=\"height: 31px;\">Patr\u00edcia Jordi<\/td>\n<\/tr>\n<tr style=\"height: 31px;\">\n<td style=\"height: 31px;\"><\/td>\n<td style=\"height: 31px;\">J\u00falia Montia<\/td>\n<\/tr>\n<tr style=\"height: 31px;\">\n<td style=\"height: 31px;\"><\/td>\n<td style=\"height: 31px;\">F\u00e0tima S\u00e1nchez<\/td>\n<\/tr>\n<tr style=\"height: 31px;\">\n<td style=\"height: 31px;\"><strong>REP.\u00a0PAS<\/strong><\/td>\n<td style=\"height: 31px;\">Carme Garcia<\/td>\n<\/tr>\n<tr style=\"height: 31px;\">\n<td style=\"height: 31px;\"><strong>REP. AJUNTAMENT<\/strong><\/td>\n<td style=\"height: 31px;\">Gl\u00f2ria Sicars<\/td>\n<\/tr>\n<tr style=\"height: 31px;\">\n<td style=\"height: 31px;\"><strong>REP. AMPA<\/strong><\/td>\n<td style=\"height: 31px;\">S\u00edlvia Manzano<\/td>\n<\/tr>\n<tr style=\"height: 31px;\">\n<td style=\"height: 31px;\"><strong>REP. DE PARES I MARES<\/strong><\/td>\n<td style=\"height: 31px;\">Mireia Bonilla<\/td>\n<\/tr>\n<tr style=\"height: 31px;\">\n<td style=\"height: 31px;\"><\/td>\n<td style=\"height: 31px;\">Sofia Brea<\/td>\n<\/tr>\n<tr style=\"height: 31px;\">\n<td style=\"height: 31px;\"><\/td>\n<td style=\"height: 31px;\">Andrea Ch\u00e1vez<\/td>\n<\/tr>\n<tr style=\"height: 31px;\">\n<td style=\"height: 31px;\"><\/td>\n<td style=\"height: 31px;\">Marina Cid<\/td>\n<\/tr>\n<tr style=\"height: 31px;\">\n<td style=\"height: 31px;\"><\/td>\n<td style=\"height: 31px;\">Anna Torrent<\/td>\n<\/tr>\n<\/tbody>\n<\/table>\n<p>ACORDS<\/p>\n<p><a href=\"https:\/\/agora.xtec.cat\/ceipquermany\/wp-content\/uploads\/usu756\/2025\/07\/Acords-CE-26-06-25-1.pdf\">26-06-25<\/a><\/p>\n<p><a href=\"https:\/\/agora.xtec.cat\/ceipquermany\/wp-content\/uploads\/usu756\/2025\/07\/Acords-CE-21-01-25.pdf\">21-01-25<\/a><\/p>\n<p><a href=\"https:\/\/agora.xtec.cat\/ceipquermany\/wp-content\/uploads\/usu756\/2025\/07\/Acords-CE-17-09-24.pdf\">17-09-24<\/a><\/p>\n<p><a href=\"https:\/\/agora.xtec.cat\/ceipquermany\/wp-content\/uploads\/usu756\/2025\/07\/Acords-CE-27-06-24.pdf\">27-06-24<\/a><\/p>\n<p><a href=\"https:\/\/agora.xtec.cat\/ceipquermany\/wp-content\/uploads\/usu756\/2025\/07\/Acords-CE-04-06-24.pdf\">04-06-24<\/a><\/p>\n<p><a href=\"https:\/\/agora.xtec.cat\/ceipquermany\/wp-content\/uploads\/usu756\/2025\/07\/Acords-CE-30-01-24.pdf\">30-01-24<\/a><\/p>\n<p><a href=\"https:\/\/agora.xtec.cat\/ceipquermany\/wp-content\/uploads\/usu756\/2023\/09\/Acords-CE-29-06-23.pdf\">29-06-23<\/a><\/p>\n<p><a href=\"https:\/\/agora.xtec.cat\/ceipquermany\/wp-content\/uploads\/usu756\/2023\/09\/Acords-CE-13-06-23.pdf\">13-06-23<\/a><\/p>\n<p><a href=\"https:\/\/agora.xtec.cat\/ceipquermany\/wp-content\/uploads\/usu756\/2023\/09\/Acords-CE-12-04-23.pdf\">12-04-23<\/a><\/p>\n<p><a href=\"https:\/\/agora.xtec.cat\/ceipquermany\/wp-content\/uploads\/usu756\/2023\/01\/Acords-CE-01-09-23.pdf\">01-09-23<\/a><\/p>\n<p><a href=\"https:\/\/agora.xtec.cat\/ceipquermany\/wp-content\/uploads\/usu756\/2022\/05\/Acords-CE-14-09-21.pdf\">14-09-21<\/a><\/p>\n<p><a href=\"https:\/\/agora.xtec.cat\/ceipquermany\/wp-content\/uploads\/usu756\/2022\/05\/Acords-CE-29-06-21.pdf\">29-06-21<\/a><\/p>\n<p><a href=\"https:\/\/agora.xtec.cat\/ceipquermany\/wp-content\/uploads\/usu756\/2022\/05\/Acords-CE-26-01-21.pdf\">26-01-21<\/a><\/p>\n<p><a href=\"https:\/\/agora.xtec.cat\/ceipquermany\/wp-content\/uploads\/usu756\/2022\/05\/Acords-10-09-20.pdf\">10-09-20<\/a><\/p>\n<p><a href=\"https:\/\/agora.xtec.cat\/ceipquermany\/wp-content\/uploads\/usu756\/2022\/05\/Acords-CE-29-06-20.pdf\">29-06-20<\/a><\/p>\n<p><a href=\"https:\/\/agora.xtec.cat\/ceipquermany\/wp-content\/uploads\/usu756\/2022\/05\/Acords-CE-28-01-20.pdf\">28-01-20<\/a><\/p>\n<p><a href=\"https:\/\/agora.xtec.cat\/ceipquermany\/wp-content\/uploads\/usu756\/2022\/05\/Acords-CE-24-09-19.pdf\">24-09-19<\/a><\/p>\n<p><a href=\"https:\/\/agora.xtec.cat\/ceipquermany\/wp-content\/uploads\/usu756\/2023\/12\/Acords-19-09-23-1.pdf\">19-09-23<\/a><\/p>\n<p><a href=\"https:\/\/agora.xtec.cat\/ceipquermany\/wp-content\/uploads\/usu756\/2023\/12\/Acords-12-12-23.pdf\">12-12-23<\/a><\/p>\n<p>&nbsp;<\/p>\n<p>&nbsp;<\/p>\n","protected":false},"excerpt":{"rendered":"<p>El consell escolar \u00e9s l&#8217;\u00f2rgan de participaci\u00f3 dels diferents sectors de la comunitat educativa en el govern dels centres.<br \/>\nLa funci\u00f3 principal del consell escolar \u00e9s debatre, analitzar, avaluar i prendre decisions sobres els temes proposats pel titular del centre.<br \/>\nEl consell escolar de l&#8217;escola Quermany el&hellip;  <a href=\"https:\/\/agora.xtec.cat\/ceipquermany\/lescola\/consell-escolar\/\" title=\"Read Consell escolar\">Llegeix m\u00e9s\u00bb<\/a><\/p>\n","protected":false},"author":1,"featured_media":0,"parent":22,"menu_order":30,"comment_status":"closed","ping_status":"closed","template":"page-templates\/side-menu.php","meta":{"_bbp_topic_count":0,"_bbp_reply_count":0,"_bbp_total_topic_count":0,"_bbp_total_reply_count":0,"_bbp_voice_count":0,"_bbp_anonymous_reply_count":0,"_bbp_topic_count_hidden":0,"_bbp_reply_count_hidden":0,"_bbp_forum_subforum_count":0,"footnotes":""},"class_list":["post-28","page","type-page","status-publish","hentry"],"post_mailing_queue_ids":[],"_links":{"self":[{"href":"https:\/\/agora.xtec.cat\/ceipquermany\/wp-json\/wp\/v2\/pages\/28","targetHints":{"allow":["GET"]}}],"collection":[{"href":"https:\/\/agora.xtec.cat\/ceipquermany\/wp-json\/wp\/v2\/pages"}],"about":[{"href":"https:\/\/agora.xtec.cat\/ceipquermany\/wp-json\/wp\/v2\/types\/page"}],"author":[{"embeddable":true,"href":"https:\/\/agora.xtec.cat\/ceipquermany\/wp-json\/wp\/v2\/users\/1"}],"replies":[{"embeddable":true,"href":"https:\/\/agora.xtec.cat\/ceipquermany\/wp-json\/wp\/v2\/comments?post=28"}],"version-history":[{"count":7,"href":"https:\/\/agora.xtec.cat\/ceipquermany\/wp-json\/wp\/v2\/pages\/28\/revisions"}],"predecessor-version":[{"id":17880,"href":"https:\/\/agora.xtec.cat\/ceipquermany\/wp-json\/wp\/v2\/pages\/28\/revisions\/17880"}],"up":[{"embeddable":true,"href":"https:\/\/agora.xtec.cat\/ceipquermany\/wp-json\/wp\/v2\/pages\/22"}],"wp:attachment":[{"href":"https:\/\/agora.xtec.cat\/ceipquermany\/wp-json\/wp\/v2\/media?parent=28"}],"curies":[{"name":"wp","href":"https:\/\/api.w.org\/{rel}","templated":true}]}}