{"id":24,"date":"2014-09-18T12:23:15","date_gmt":"2014-09-18T11:23:15","guid":{"rendered":"http:\/\/agora.xtec.cat\/ceipquermany\/?page_id=24"},"modified":"2021-02-05T10:39:26","modified_gmt":"2021-02-05T09:39:26","slug":"on-som","status":"publish","type":"page","link":"https:\/\/agora.xtec.cat\/ceipquermany\/lescola\/on-som\/","title":{"rendered":"On som"},"content":{"rendered":"<p style=\"color: #666666;\"><strong>Escola\u00a0Quermany<\/strong><br \/>\nAniceta Figueras, 14<br \/>\n17256\u00a0Pals<\/p>\n<p>Tel. i fax: 972 636 439<br \/>\nescolaquermany@xtec.cat<\/p>\n<p>Adre\u00e7a per\u00a0comunicar-vos amb secretaria:<br \/>\n<span style=\"color: #ff00ff; font-size: large;\"><span style=\"color: #000000;\"><span style=\"font-size: small;\">(demanar certificats, comunicar que el vostre fill est\u00e0 malalt, demanar hora, etc).<\/span><\/span><\/span><\/p>\n<p><strong>secretaria@escolaquermany.cat<\/strong><\/p>\n<p><strong>HORARI SECRETARIA<\/strong><\/p>\n<p>De dilluns a dijous: 09:00h-13:00h<\/p>\n<div>\n<div>Divendres: 09:00h-11:45h<\/div>\n<div><\/div>\n<\/div>\n<p><iframe loading=\"lazy\" src=\"https:\/\/www.google.com\/maps\/embed?pb=!1m18!1m12!1m3!1d1483.1531698627207!2d3.1495973774644197!3d41.97223216083406!2m3!1f0!2f0!3f0!3m2!1i1024!2i768!4f13.1!3m3!1m2!1s0x12ba568e039889f7%3A0xc575202ab7620f4f!2s17256+Pals%2C+Gerona%2C+Espa%C3%B1a!5e0!3m2!1ses!2sus!4v1474033376165\" width=\"600\" height=\"450\" frameborder=\"0\"><\/iframe><\/p>\n<hr \/>\n<p>&nbsp;<\/p>\n<h3 align=\"center\"><strong>Pals, el nostre poble<\/strong><\/h3>\n<p style=\"text-align: justify;\" align=\"left\">El municipi de Pals, amb una poblaci\u00f3 que frega els 2.000 habitants, integra els nuclis de Pals, els Masos de Pals i la Platja de Pals. \u00c9s un dels municipis m\u00e9s interessants de la comarca des del punt de vista natural i hist\u00f2ric, per la varietat del seu paisatge i la riquesa del seu llegat patrimonial. El nucli antic, d&#8217;origen g\u00f2tic, situat al cim d&#8217;un puig poc enlairat anomenat Puig <img loading=\"lazy\" decoding=\"async\" class=\"alignright\" src=\"https:\/\/upload.wikimedia.org\/wikipedia\/commons\/a\/a2\/Castell_de_Pals_-_1.jpg\" width=\"323\" height=\"228\" \/>Aspre, \u00e9s un dels punts m\u00e9s admirats i reconeguts del Baix Empord\u00e0. Va ser un dels primers recintes que es van restaurar a la comarca i ha obtingut importants premis \u2014Premi Nacional de Belles Arts i Medalla d&#8217;Honor del Turisme a Catalunya,<br \/>\nentre d&#8217;altres. Durant la Guerra Civil el recinte g\u00f2tic va quedar molt malm\u00e8s i va ser gr\u00e0cies a la iniciativa del doctor Pi i Figueras, juntament amb l&#8217;aleshores alcalde, Pere Servi\u00e0, que amb el suport de la Diputaci\u00f3 de Girona van promoure la seva restauraci\u00f3. Els treballs es van iniciar el 1948 i no van finalitzar fins 30 anys m\u00e9s tard.<\/p>\n<p style=\"text-align: justify;\">Josep Pla escrivia: \u00abPals mereix no una visita, sin\u00f3 cent visites, perqu\u00e8 la seva situaci\u00f3 ofereix la possibilitat de veure un dels paisatges m\u00e9s bells i inoblidables del pa\u00eds\u00bb. En honor seu s&#8217;ha posat el nom del reconegut escriptor a un mirador des del qual es t\u00e9 una meravellosa panor\u00e0mica de la plana del Baix Empord\u00e0 i les Medes. Els primers documents hist\u00f2rics que fan refer\u00e8ncia a la vila daten del segle IX, encara que els or\u00edgens del recinte g\u00f2tic siguin m<img loading=\"lazy\" decoding=\"async\" class=\"alignleft\" src=\"http:\/\/es.costabrava.org\/wpmedia\/2013\/05\/pals-retocada.jpg\" width=\"495\" height=\"274\" \/>olt m\u00e9s antics.<br \/>\nEl nucli dels Masos de Pals estava format inicialment per masies disperses fortificades de gran inter\u00e8s arquitect\u00f2nic. Actualment es tracta, per\u00f2, d&#8217;un nucli urb\u00e0 for\u00e7a poblat, situat entre el poble de Pals i la platja. Cal destaca-hi l&#8217;esgl\u00e9sia, una edifici del segle XVIII. Un altre dels atractius del terme \u00e9s la seva platja. Pals ocupa una ampla extensi\u00f3 del litoral Baix Empordan\u00e8s, amb una platja de que supera els 3,5 quil\u00f2metres i s&#8217;est\u00e9n entre Begur i el terme de Torroella. Pels amants de la natura, cal recomanar la visita als coneguts aiguamolls, situats a l&#8217;antiga desembocadura del riu Dar\u00f3, on trobem les Basses d&#8217;en Coll. Tamb\u00e9 cal fer refer\u00e8ncia a les boniques extensions dels arrossars, que en els darrers anys s&#8217;han recuperat notablement, ocupant gran part del paisatge local.<\/p>\n<p>&nbsp;<\/p>\n","protected":false},"excerpt":{"rendered":"<p>Escola\u00a0Quermany<br \/>\nAniceta Figueras, 14<br \/>\n17256\u00a0Pals<br \/>\nTel. i fax: 972 636 439<br \/>\nescolaquermany@xtec.cat<br \/>\nAdre\u00e7a per\u00a0comunicar-vos amb secretaria:<br \/>\n(demanar certificats, comunicar que el vostre fill est\u00e0 malalt, demanar hora, etc).<br \/>\nsecretaria@escolaquermany.cat<br \/>\nHORARI SECRETARIA<br \/>\nDe dilluns a dijous: 09:00h-13:00h<\/p>\n<p>Divendres: 09:00h-11:45h<\/p>\n<p>&nbsp;<br \/>\nPals, el nostre poble<br \/>\nEl municipi de Pals, amb una poblaci\u00f3 que frega els 2.000 habitants, integra els nuclis&hellip;  <a href=\"https:\/\/agora.xtec.cat\/ceipquermany\/lescola\/on-som\/\" title=\"Read On som\">Llegeix m\u00e9s\u00bb<\/a><\/p>\n","protected":false},"author":1,"featured_media":0,"parent":22,"menu_order":10,"comment_status":"closed","ping_status":"closed","template":"page-templates\/side-menu.php","meta":{"_bbp_topic_count":0,"_bbp_reply_count":0,"_bbp_total_topic_count":0,"_bbp_total_reply_count":0,"_bbp_voice_count":0,"_bbp_anonymous_reply_count":0,"_bbp_topic_count_hidden":0,"_bbp_reply_count_hidden":0,"_bbp_forum_subforum_count":0,"footnotes":""},"class_list":["post-24","page","type-page","status-publish","hentry"],"post_mailing_queue_ids":[],"_links":{"self":[{"href":"https:\/\/agora.xtec.cat\/ceipquermany\/wp-json\/wp\/v2\/pages\/24","targetHints":{"allow":["GET"]}}],"collection":[{"href":"https:\/\/agora.xtec.cat\/ceipquermany\/wp-json\/wp\/v2\/pages"}],"about":[{"href":"https:\/\/agora.xtec.cat\/ceipquermany\/wp-json\/wp\/v2\/types\/page"}],"author":[{"embeddable":true,"href":"https:\/\/agora.xtec.cat\/ceipquermany\/wp-json\/wp\/v2\/users\/1"}],"replies":[{"embeddable":true,"href":"https:\/\/agora.xtec.cat\/ceipquermany\/wp-json\/wp\/v2\/comments?post=24"}],"version-history":[{"count":4,"href":"https:\/\/agora.xtec.cat\/ceipquermany\/wp-json\/wp\/v2\/pages\/24\/revisions"}],"predecessor-version":[{"id":7511,"href":"https:\/\/agora.xtec.cat\/ceipquermany\/wp-json\/wp\/v2\/pages\/24\/revisions\/7511"}],"up":[{"embeddable":true,"href":"https:\/\/agora.xtec.cat\/ceipquermany\/wp-json\/wp\/v2\/pages\/22"}],"wp:attachment":[{"href":"https:\/\/agora.xtec.cat\/ceipquermany\/wp-json\/wp\/v2\/media?parent=24"}],"curies":[{"name":"wp","href":"https:\/\/api.w.org\/{rel}","templated":true}]}}