{"id":4596,"date":"2024-09-26T13:28:44","date_gmt":"2024-09-26T11:28:44","guid":{"rendered":"https:\/\/agora.xtec.cat\/ceippuiggracios\/?page_id=4596"},"modified":"2024-10-04T16:55:56","modified_gmt":"2024-10-04T14:55:56","slug":"criteris-davaluacio","status":"publish","type":"page","link":"https:\/\/agora.xtec.cat\/ceippuiggracios\/lescola\/criteris-davaluacio\/","title":{"rendered":"Criteris d&#8217;avaluaci\u00f3"},"content":{"rendered":"<pre><\/pre>\n<table style=\"border-collapse: collapse; width: 100%;\">\n<tbody>\n<tr>\n<td style=\"width: 100%; background-color: #36d990; text-align: left;\">\n<h5><span style=\"color: #ffffff;\"><strong>Etapa d&#8217;Educaci\u00f3 infantil<\/strong><\/span><\/h5>\n<\/td>\n<\/tr>\n<tr>\n<td style=\"width: 100%;\"><a href=\"https:\/\/portaldogc.gencat.cat\/utilsEADOP\/PDF\/8851\/1955221.pdf\"><span style=\"font-weight: 400;\">DECRET 21\/2023, de 7 de febrer, d\u2019ordenaci\u00f3 dels ensenyaments de l\u2019educaci\u00f3 infantil<\/span><\/a><\/td>\n<\/tr>\n<\/tbody>\n<\/table>\n<table style=\"border-collapse: collapse; width: 100%; height: 453px;\">\n<tbody>\n<tr style=\"height: 32px;\">\n<td style=\"width: 100%; background-color: #e37a4d; height: 37px; text-align: left;\">\n<h5><strong><span style=\"color: #ffffff;\">Criteris d\u2019avaluaci\u00f3 de l\u2019Educaci\u00f3 Prim\u00e0ria per \u00e0rees<\/span><\/strong><\/h5>\n<\/td>\n<\/tr>\n<tr style=\"height: 32px;\">\n<td style=\"width: 100%; height: 32px;\"><a href=\"https:\/\/agora.xtec.cat\/ceippuiggracios\/wp-content\/uploads\/usu511\/2024\/10\/1.-Llengua-Catalana-i-Literatura-Llengua-Castellana-i-Literatura_Competencies-ESPECIFIQUES-CA-1.pdf\">Llengua Catalana i Literatura<\/a><\/td>\n<\/tr>\n<tr style=\"height: 32px;\">\n<td style=\"width: 100%; height: 32px;\"><a href=\"https:\/\/drive.google.com\/file\/d\/1qjPJzfrG2ol1PZOYfNXO7CdjvwGSqmoh\/view?usp=drive_link\"><span style=\"font-weight: 400;\">Llengua Castellana i Literatura<\/span><\/a><\/td>\n<\/tr>\n<tr style=\"height: 32px;\">\n<td style=\"width: 100%; height: 32px;\"><a href=\"https:\/\/drive.google.com\/file\/d\/1iVlR3IiABvb41RK6JdHyplFvVLI48_Vm\/view?usp=drive_link\"><span style=\"font-weight: 400;\">Llengua Estrangera \u2013 Angl\u00e8s<\/span><\/a><\/td>\n<\/tr>\n<tr style=\"height: 32px;\">\n<td style=\"width: 100%; height: 32px;\"><a href=\"https:\/\/drive.google.com\/file\/d\/1pQaebRXBG-kZuPT0dX-TS3n4HZYG7gqJ\/view?usp=drive_link\"><span style=\"font-weight: 400;\">Matem\u00e0tiques<\/span><\/a><\/td>\n<\/tr>\n<tr style=\"height: 32px;\">\n<td style=\"width: 100%; height: 32px;\"><a href=\"https:\/\/drive.google.com\/file\/d\/1a1BDo-gowmwCpHICli91f4dfwDmu_1E5\/view?usp=drive_link\"><span style=\"font-weight: 400;\">Coneixement del Medi Natural, Social i Cultural<\/span><\/a><\/td>\n<\/tr>\n<tr style=\"height: 32px;\">\n<td style=\"width: 100%; height: 32px;\"><a href=\"https:\/\/drive.google.com\/file\/d\/18JpGIxXKTZK7OsvXG-qA_E13q-toA5_k\/view?usp=drive_link\"><span style=\"font-weight: 400;\">Educaci\u00f3 en Valors C\u00edvics i \u00c8tics<\/span><\/a><\/td>\n<\/tr>\n<tr style=\"height: 32px;\">\n<td style=\"width: 100%; height: 32px;\"><a href=\"https:\/\/drive.google.com\/file\/d\/1wK71vunWCLxfm3PNsHiGTJ96hKd1Udma\/view?usp=drive_link\"><span style=\"font-weight: 400;\">Educaci\u00f3 Art\u00edstica<\/span><\/a><\/td>\n<\/tr>\n<tr style=\"height: 32px;\">\n<td style=\"width: 100%; height: 32px;\"><a href=\"https:\/\/drive.google.com\/file\/d\/1Rkm4-z8reEdbnZKL4diMoZLZiBsbfrEM\/view?usp=drive_link\"><span style=\"font-weight: 400;\">Educaci\u00f3 F\u00edsica<\/span><\/a><\/td>\n<\/tr>\n<tr style=\"height: 32px;\">\n<td style=\"width: 100%; height: 32px; background-color: #8760db; text-align: left;\">\n<h5><span style=\"color: #ffffff;\"><b>Compet\u00e8ncies transversals de l\u2019Educaci\u00f3 Prim\u00e0ria<\/b><\/span><\/h5>\n<\/td>\n<\/tr>\n<tr style=\"height: 32px;\">\n<td style=\"width: 100%; height: 32px;\"><a href=\"https:\/\/drive.google.com\/file\/d\/1n6GGvQ69EzDvDHXkoJZOjJFICZ1TORm6\/view?usp=drive_link\"><span style=\"font-weight: 400;\">Compet\u00e8ncia personal, social i d\u2019aprendre a aprendre (CPSAA)<\/span><\/a><\/td>\n<\/tr>\n<tr style=\"height: 32px;\">\n<td style=\"width: 100%; height: 32px;\"><a href=\"https:\/\/drive.google.com\/file\/d\/1mP_STWnp0S6rcGb00iap7mBGNO9afuQv\/view?usp=drive_link\"><span style=\"font-weight: 400;\">Compet\u00e8ncia ciutadana (CC)<\/span><\/a><span style=\"font-weight: 400;\"><br \/>\n<\/span><\/td>\n<\/tr>\n<tr style=\"height: 32px;\">\n<td style=\"width: 100%; height: 32px;\"><a href=\"https:\/\/drive.google.com\/file\/d\/1KXy8yGnxLqh76epBSDxz6Rb2SwpSJK4Y\/view?usp=drive_link\"><span style=\"font-weight: 400;\">Compet\u00e8ncia emprenedora (CE)<\/span><\/a><span style=\"font-weight: 400;\"><br \/>\n<\/span><\/td>\n<\/tr>\n<tr style=\"height: 32px;\">\n<td style=\"width: 100%; height: 32px;\"><a href=\"https:\/\/drive.google.com\/file\/d\/1aTKH5AI5wk0Xoi_OGfnttfnR9VFezzqA\/view?usp=drive_link\"><span style=\"font-weight: 400;\">Compet\u00e8ncia digital (CD)<\/span><\/a><span style=\"font-weight: 400;\"><br \/>\n<\/span><\/td>\n<\/tr>\n<\/tbody>\n<\/table>\n<p>&nbsp;<\/p>\n","protected":false},"excerpt":{"rendered":"<p>Etapa d&#8217;Educaci\u00f3 infantil<\/p>\n<p><a href=\"https:\/\/portaldogc.gencat.cat\/utilsEADOP\/PDF\/8851\/1955221.pdf\">DECRET 21\/2023, de 7 de febrer, d\u2019ordenaci\u00f3 dels ensenyaments de l\u2019educaci\u00f3 infantil<\/a><\/p>\n<p>Criteris d\u2019avaluaci\u00f3 de l\u2019Educaci\u00f3 Prim\u00e0ria per \u00e0rees<\/p>\n<p><a href=\"https:\/\/agora.xtec.cat\/ceippuiggracios\/wp-content\/uploads\/usu511\/2024\/10\/1.-Llengua-Catalana-i-Literatura-Llengua-Castellana-i-Literatura_Competencies-ESPECIFIQUES-CA-1.pdf\">Llengua Catalana i Literatura<\/a><\/p>\n<p><a href=\"https:\/\/drive.google.com\/file\/d\/1qjPJzfrG2ol1PZOYfNXO7CdjvwGSqmoh\/view?usp=drive_link\">Llengua Castellana i Literatura<\/a><\/p>\n<p><a href=\"https:\/\/drive.google.com\/file\/d\/1iVlR3IiABvb41RK6JdHyplFvVLI48_Vm\/view?usp=drive_link\">Llengua Estrangera \u2013 Angl\u00e8s<\/a><\/p>\n<p><a href=\"https:\/\/drive.google.com\/file\/d\/1pQaebRXBG-kZuPT0dX-TS3n4HZYG7gqJ\/view?usp=drive_link\">Matem\u00e0tiques<\/a><\/p>\n<p><a href=\"https:\/\/drive.google.com\/file\/d\/1a1BDo-gowmwCpHICli91f4dfwDmu_1E5\/view?usp=drive_link\">Coneixement del Medi Natural, Social i Cultural<\/a><\/p>\n<p><a href=\"https:\/\/drive.google.com\/file\/d\/18JpGIxXKTZK7OsvXG-qA_E13q-toA5_k\/view?usp=drive_link\">Educaci\u00f3 en Valors C\u00edvics&hellip;  <a href=\"https:\/\/agora.xtec.cat\/ceippuiggracios\/lescola\/criteris-davaluacio\/\" title=\"Read Criteris d&#8217;avaluaci\u00f3\">Llegeix m\u00e9s\u00bb<\/a><\/p>\n","protected":false},"author":1,"featured_media":0,"parent":22,"menu_order":100,"comment_status":"closed","ping_status":"closed","template":"","meta":{"_bbp_topic_count":0,"_bbp_reply_count":0,"_bbp_total_topic_count":0,"_bbp_total_reply_count":0,"_bbp_voice_count":0,"_bbp_anonymous_reply_count":0,"_bbp_topic_count_hidden":0,"_bbp_reply_count_hidden":0,"_bbp_forum_subforum_count":0,"footnotes":""},"class_list":["post-4596","page","type-page","status-publish","hentry"],"post_mailing_queue_ids":[],"_links":{"self":[{"href":"https:\/\/agora.xtec.cat\/ceippuiggracios\/wp-json\/wp\/v2\/pages\/4596","targetHints":{"allow":["GET"]}}],"collection":[{"href":"https:\/\/agora.xtec.cat\/ceippuiggracios\/wp-json\/wp\/v2\/pages"}],"about":[{"href":"https:\/\/agora.xtec.cat\/ceippuiggracios\/wp-json\/wp\/v2\/types\/page"}],"author":[{"embeddable":true,"href":"https:\/\/agora.xtec.cat\/ceippuiggracios\/wp-json\/wp\/v2\/users\/1"}],"replies":[{"embeddable":true,"href":"https:\/\/agora.xtec.cat\/ceippuiggracios\/wp-json\/wp\/v2\/comments?post=4596"}],"version-history":[{"count":6,"href":"https:\/\/agora.xtec.cat\/ceippuiggracios\/wp-json\/wp\/v2\/pages\/4596\/revisions"}],"predecessor-version":[{"id":4616,"href":"https:\/\/agora.xtec.cat\/ceippuiggracios\/wp-json\/wp\/v2\/pages\/4596\/revisions\/4616"}],"up":[{"embeddable":true,"href":"https:\/\/agora.xtec.cat\/ceippuiggracios\/wp-json\/wp\/v2\/pages\/22"}],"wp:attachment":[{"href":"https:\/\/agora.xtec.cat\/ceippuiggracios\/wp-json\/wp\/v2\/media?parent=4596"}],"curies":[{"name":"wp","href":"https:\/\/api.w.org\/{rel}","templated":true}]}}