{"id":778,"date":"2016-05-25T10:44:34","date_gmt":"2016-05-25T09:44:34","guid":{"rendered":"http:\/\/agora.xtec.cat\/ceipprats\/?page_id=778"},"modified":"2025-10-21T15:35:13","modified_gmt":"2025-10-21T13:35:13","slug":"menjador-escolar","status":"publish","type":"page","link":"https:\/\/agora.xtec.cat\/ceipprats\/lescola\/menjador-escolar\/","title":{"rendered":"Menjador escolar"},"content":{"rendered":"<p>El menjador escolar est\u00e0 gestionat per l&#8217;empresa <a href=\"https:\/\/www.7itria.cat\/\">7 i tria<\/a><\/p>\n<p>&nbsp;<\/p>\n<h3>Inscripci\u00f3<\/h3>\n<p>Es fa a trav\u00e9s de la p\u00e0gina web de l&#8217;empresa de menjador: <a href=\"https:\/\/www.7itria.cat\/\" target=\"_blank\" rel=\"noopener\">https:\/\/www.7itria.cat\/<\/a><\/p>\n<p>Per tenir a m\u00e0 els men\u00fas podeu trobar-los <a href=\"https:\/\/mengemdaquiosona.cat\/que-mengem\/\">aqu\u00ed<\/a><\/p>\n<p>Carta presentaci\u00f3 <a href=\"https:\/\/documentcloud.adobe.com\/gsuiteintegration\/index.html?state=%7B%22ids%22%3A%5B%221cqgqRhp-YHPKskVOEUxg24zj4w9EYJdw%22%5D%2C%22action%22%3A%22open%22%2C%22userId%22%3A%22111307174121798996184%22%2C%22resourceKeys%22%3A%7B%7D%7D\">enlla\u00e7<\/a><\/p>\n<p>Manual de fam\u00edlies <a href=\"https:\/\/drive.google.com\/file\/d\/1YQfln5yhWWIWAC5XqxTd6IeoA1NwS2SJ\/view?usp=sharing\">enlla\u00e7<\/a><\/p>\n<h3>Preus del servei de menjador i monitoratge<\/h3>\n<ul>\n<li>Usuari fix: 7,04 \u20ac (de 3 a 5 dies fixes a la setmana).<\/li>\n<li>Usuari espor\u00e0dic: 7,74 \u20ac (de 1 a 2 dies fixes a la setmana o de forma eventual).<\/li>\n<\/ul>\n","protected":false},"excerpt":{"rendered":"<p>El menjador escolar est\u00e0 gestionat per l&#8217;empresa 7 i tria &nbsp; Inscripci\u00f3 Es fa a trav\u00e9s de la p\u00e0gina web de l&#8217;empresa de menjador: https:\/\/www.7itria.cat\/ Per tenir a m\u00e0 els men\u00fas podeu trobar-los aqu\u00ed Carta presentaci\u00f3 enlla\u00e7 Manual de fam\u00edlies enlla\u00e7 Preus del servei de menjador i monitoratge Usuari fix: 7,04 \u20ac (de 3 a [&hellip;]<\/p>\n","protected":false},"author":1,"featured_media":0,"parent":22,"menu_order":0,"comment_status":"closed","ping_status":"closed","template":"","meta":{"_bbp_topic_count":0,"_bbp_reply_count":0,"_bbp_total_topic_count":0,"_bbp_total_reply_count":0,"_bbp_voice_count":0,"_bbp_anonymous_reply_count":0,"_bbp_topic_count_hidden":0,"_bbp_reply_count_hidden":0,"_bbp_forum_subforum_count":0,"site-sidebar-layout":"default","site-content-layout":"","ast-site-content-layout":"default","site-content-style":"default","site-sidebar-style":"default","ast-global-header-display":"","ast-banner-title-visibility":"","ast-main-header-display":"","ast-hfb-above-header-display":"","ast-hfb-below-header-display":"","ast-hfb-mobile-header-display":"","site-post-title":"","ast-breadcrumbs-content":"","ast-featured-img":"","footer-sml-layout":"","theme-transparent-header-meta":"default","adv-header-id-meta":"","stick-header-meta":"","header-above-stick-meta":"","header-main-stick-meta":"","header-below-stick-meta":"","astra-migrate-meta-layouts":"set","ast-page-background-enabled":"default","ast-page-background-meta":{"desktop":{"background-color":"var(--ast-global-color-4)","background-image":"","background-repeat":"repeat","background-position":"center center","background-size":"auto","background-attachment":"scroll","background-type":"","background-media":"","overlay-type":"","overlay-color":"","overlay-opacity":"","overlay-gradient":""},"tablet":{"background-color":"","background-image":"","background-repeat":"repeat","background-position":"center center","background-size":"auto","background-attachment":"scroll","background-type":"","background-media":"","overlay-type":"","overlay-color":"","overlay-opacity":"","overlay-gradient":""},"mobile":{"background-color":"","background-image":"","background-repeat":"repeat","background-position":"center center","background-size":"auto","background-attachment":"scroll","background-type":"","background-media":"","overlay-type":"","overlay-color":"","overlay-opacity":"","overlay-gradient":""}},"ast-content-background-meta":{"desktop":{"background-color":"var(--ast-global-color-5)","background-image":"","background-repeat":"repeat","background-position":"center center","background-size":"auto","background-attachment":"scroll","background-type":"","background-media":"","overlay-type":"","overlay-color":"","overlay-opacity":"","overlay-gradient":""},"tablet":{"background-color":"var(--ast-global-color-5)","background-image":"","background-repeat":"repeat","background-position":"center center","background-size":"auto","background-attachment":"scroll","background-type":"","background-media":"","overlay-type":"","overlay-color":"","overlay-opacity":"","overlay-gradient":""},"mobile":{"background-color":"var(--ast-global-color-5)","background-image":"","background-repeat":"repeat","background-position":"center center","background-size":"auto","background-attachment":"scroll","background-type":"","background-media":"","overlay-type":"","overlay-color":"","overlay-opacity":"","overlay-gradient":""}},"footnotes":""},"class_list":["post-778","page","type-page","status-publish","hentry"],"post_mailing_queue_ids":[],"_links":{"self":[{"href":"https:\/\/agora.xtec.cat\/ceipprats\/wp-json\/wp\/v2\/pages\/778","targetHints":{"allow":["GET"]}}],"collection":[{"href":"https:\/\/agora.xtec.cat\/ceipprats\/wp-json\/wp\/v2\/pages"}],"about":[{"href":"https:\/\/agora.xtec.cat\/ceipprats\/wp-json\/wp\/v2\/types\/page"}],"author":[{"embeddable":true,"href":"https:\/\/agora.xtec.cat\/ceipprats\/wp-json\/wp\/v2\/users\/1"}],"replies":[{"embeddable":true,"href":"https:\/\/agora.xtec.cat\/ceipprats\/wp-json\/wp\/v2\/comments?post=778"}],"version-history":[{"count":7,"href":"https:\/\/agora.xtec.cat\/ceipprats\/wp-json\/wp\/v2\/pages\/778\/revisions"}],"predecessor-version":[{"id":5145,"href":"https:\/\/agora.xtec.cat\/ceipprats\/wp-json\/wp\/v2\/pages\/778\/revisions\/5145"}],"up":[{"embeddable":true,"href":"https:\/\/agora.xtec.cat\/ceipprats\/wp-json\/wp\/v2\/pages\/22"}],"wp:attachment":[{"href":"https:\/\/agora.xtec.cat\/ceipprats\/wp-json\/wp\/v2\/media?parent=778"}],"curies":[{"name":"wp","href":"https:\/\/api.w.org\/{rel}","templated":true}]}}