{"id":5328,"date":"2025-11-04T13:47:01","date_gmt":"2025-11-04T12:47:01","guid":{"rendered":"https:\/\/agora.xtec.cat\/ceipprats\/?page_id=5328"},"modified":"2025-11-04T13:48:56","modified_gmt":"2025-11-04T12:48:56","slug":"equip-docent","status":"publish","type":"page","link":"https:\/\/agora.xtec.cat\/ceipprats\/lescola\/equip-docent\/","title":{"rendered":"EQUIP DOCENT"},"content":{"rendered":"<p><a href=\"https:\/\/agora.xtec.cat\/ceipprats\/wp-content\/uploads\/usu128\/2025\/11\/mestres.jpg\"><img loading=\"lazy\" decoding=\"async\" class=\"aligncenter size-large wp-image-5331\" src=\"https:\/\/agora.xtec.cat\/ceipprats\/wp-content\/uploads\/usu128\/2025\/11\/mestres-1024x768.jpg\" alt=\"\" width=\"1024\" height=\"768\" srcset=\"https:\/\/agora.xtec.cat\/ceipprats\/wp-content\/uploads\/usu128\/2025\/11\/mestres-1024x768.jpg 1024w, https:\/\/agora.xtec.cat\/ceipprats\/wp-content\/uploads\/usu128\/2025\/11\/mestres-300x225.jpg 300w, https:\/\/agora.xtec.cat\/ceipprats\/wp-content\/uploads\/usu128\/2025\/11\/mestres-768x576.jpg 768w, https:\/\/agora.xtec.cat\/ceipprats\/wp-content\/uploads\/usu128\/2025\/11\/mestres-1536x1152.jpg 1536w, https:\/\/agora.xtec.cat\/ceipprats\/wp-content\/uploads\/usu128\/2025\/11\/mestres.jpg 1600w\" sizes=\"auto, (max-width: 1024px) 100vw, 1024px\" \/><\/a><\/p>\n<table style=\"border-collapse: collapse; width: 100%; height: 520px;\">\n<tbody>\n<tr style=\"height: 52px;\">\n<td style=\"width: 50%; height: 52px;\"><strong>Directora:<\/strong><\/td>\n<td style=\"width: 50%; height: 52px;\">Noem\u00ed Puigdesens<\/td>\n<\/tr>\n<tr style=\"height: 52px;\">\n<td style=\"width: 50%; height: 52px;\"><strong>Secret\u00e0ria:<\/strong><\/td>\n<td style=\"width: 50%; height: 52px;\">Sandra Ruaix<\/td>\n<\/tr>\n<tr style=\"height: 52px;\">\n<td style=\"width: 50%; height: 52px;\"><strong>Cap d&#8217;Estudis:<\/strong><\/td>\n<td style=\"width: 50%; height: 52px;\">Gemma Pujol<\/td>\n<\/tr>\n<tr style=\"height: 52px;\">\n<td style=\"width: 50%; height: 52px;\"><strong>Mestres i tutors:<\/strong><\/td>\n<td style=\"height: 14.4pt; width: 50%;\" width=\"83\" height=\"19\"><\/td>\n<\/tr>\n<tr style=\"height: 52px;\">\n<td style=\"height: 14.4pt; width: 50%;\" width=\"83\" height=\"19\">Antonio Alcal\u00e1<\/td>\n<td style=\"height: 14.4pt; width: 50%;\" height=\"19\">Sergi Montraveta<\/td>\n<\/tr>\n<tr style=\"height: 52px;\">\n<td style=\"height: 14.4pt; width: 50%;\" height=\"19\">Eva Maria Bonfill<\/td>\n<td style=\"height: 14.4pt; width: 50%;\" height=\"19\">Maria Angels Puig<\/td>\n<\/tr>\n<tr style=\"height: 52px;\">\n<td style=\"height: 14.4pt; width: 50%;\" height=\"19\">David Cervantes<\/td>\n<td style=\"height: 14.4pt; width: 50%;\" height=\"19\">Eva Romero<\/td>\n<\/tr>\n<tr style=\"height: 52px;\">\n<td style=\"height: 14.4pt; width: 50%;\" height=\"19\">Edith Clotet<\/td>\n<td style=\"height: 14.4pt; width: 50%;\" height=\"19\">Iolanda Roset<\/td>\n<\/tr>\n<tr style=\"height: 52px;\">\n<td style=\"height: 14.4pt; width: 50%;\" height=\"19\">Paula Colillas<\/td>\n<td style=\"height: 14.4pt; width: 50%;\" height=\"19\">Sonia Serra<\/td>\n<\/tr>\n<tr style=\"height: 52px;\">\n<td style=\"height: 14.4pt; width: 50%;\" height=\"19\">Antoni Comas<\/td>\n<td style=\"height: 14.4pt; width: 50%;\" height=\"19\">Aina Urra<\/td>\n<\/tr>\n<tr style=\"height: 52px;\">\n<td style=\"height: 14.4pt; width: 50%;\" height=\"19\">Eva Font<\/td>\n<td style=\"height: 14.4pt; width: 50%;\" height=\"19\">Anna Vila<\/td>\n<\/tr>\n<tr style=\"height: 14.4pt;\">\n<td style=\"height: 14.4pt; width: 50%;\" height=\"19\">Miriam Grifoll<\/td>\n<td style=\"height: 14.4pt; width: 50%;\" height=\"19\">Mart\u00ed Villegas<\/td>\n<\/tr>\n<tr style=\"height: 14.4pt;\">\n<td style=\"height: 14.4pt; width: 50%;\" height=\"19\">Maria del Mar Guasch<\/td>\n<td style=\"height: 14.4pt; width: 50%;\" height=\"19\">Merce Vi\u00f1as<\/td>\n<\/tr>\n<\/tbody>\n<\/table>\n","protected":false},"excerpt":{"rendered":"<p>Directora: Noem\u00ed Puigdesens Secret\u00e0ria: Sandra Ruaix Cap d&#8217;Estudis: Gemma Pujol Mestres i tutors: Antonio Alcal\u00e1 Sergi Montraveta Eva Maria Bonfill Maria Angels Puig David Cervantes Eva Romero Edith Clotet Iolanda Roset Paula Colillas Sonia Serra Antoni Comas Aina Urra Eva Font Anna Vila Miriam Grifoll Mart\u00ed Villegas Maria del Mar Guasch Merce Vi\u00f1as<\/p>\n","protected":false},"author":31,"featured_media":0,"parent":22,"menu_order":0,"comment_status":"closed","ping_status":"closed","template":"","meta":{"_bbp_topic_count":0,"_bbp_reply_count":0,"_bbp_total_topic_count":0,"_bbp_total_reply_count":0,"_bbp_voice_count":0,"_bbp_anonymous_reply_count":0,"_bbp_topic_count_hidden":0,"_bbp_reply_count_hidden":0,"_bbp_forum_subforum_count":0,"site-sidebar-layout":"default","site-content-layout":"","ast-site-content-layout":"default","site-content-style":"default","site-sidebar-style":"default","ast-global-header-display":"","ast-banner-title-visibility":"","ast-main-header-display":"","ast-hfb-above-header-display":"","ast-hfb-below-header-display":"","ast-hfb-mobile-header-display":"","site-post-title":"","ast-breadcrumbs-content":"","ast-featured-img":"","footer-sml-layout":"","theme-transparent-header-meta":"default","adv-header-id-meta":"","stick-header-meta":"","header-above-stick-meta":"","header-main-stick-meta":"","header-below-stick-meta":"","astra-migrate-meta-layouts":"set","ast-page-background-enabled":"default","ast-page-background-meta":{"desktop":{"background-color":"var(--ast-global-color-4)","background-image":"","background-repeat":"repeat","background-position":"center center","background-size":"auto","background-attachment":"scroll","background-type":"","background-media":"","overlay-type":"","overlay-color":"","overlay-opacity":"","overlay-gradient":""},"tablet":{"background-color":"","background-image":"","background-repeat":"repeat","background-position":"center center","background-size":"auto","background-attachment":"scroll","background-type":"","background-media":"","overlay-type":"","overlay-color":"","overlay-opacity":"","overlay-gradient":""},"mobile":{"background-color":"","background-image":"","background-repeat":"repeat","background-position":"center center","background-size":"auto","background-attachment":"scroll","background-type":"","background-media":"","overlay-type":"","overlay-color":"","overlay-opacity":"","overlay-gradient":""}},"ast-content-background-meta":{"desktop":{"background-color":"var(--ast-global-color-5)","background-image":"","background-repeat":"repeat","background-position":"center center","background-size":"auto","background-attachment":"scroll","background-type":"","background-media":"","overlay-type":"","overlay-color":"","overlay-opacity":"","overlay-gradient":""},"tablet":{"background-color":"var(--ast-global-color-5)","background-image":"","background-repeat":"repeat","background-position":"center center","background-size":"auto","background-attachment":"scroll","background-type":"","background-media":"","overlay-type":"","overlay-color":"","overlay-opacity":"","overlay-gradient":""},"mobile":{"background-color":"var(--ast-global-color-5)","background-image":"","background-repeat":"repeat","background-position":"center center","background-size":"auto","background-attachment":"scroll","background-type":"","background-media":"","overlay-type":"","overlay-color":"","overlay-opacity":"","overlay-gradient":""}},"footnotes":""},"class_list":["post-5328","page","type-page","status-publish","hentry"],"post_mailing_queue_ids":[],"_links":{"self":[{"href":"https:\/\/agora.xtec.cat\/ceipprats\/wp-json\/wp\/v2\/pages\/5328","targetHints":{"allow":["GET"]}}],"collection":[{"href":"https:\/\/agora.xtec.cat\/ceipprats\/wp-json\/wp\/v2\/pages"}],"about":[{"href":"https:\/\/agora.xtec.cat\/ceipprats\/wp-json\/wp\/v2\/types\/page"}],"author":[{"embeddable":true,"href":"https:\/\/agora.xtec.cat\/ceipprats\/wp-json\/wp\/v2\/users\/31"}],"replies":[{"embeddable":true,"href":"https:\/\/agora.xtec.cat\/ceipprats\/wp-json\/wp\/v2\/comments?post=5328"}],"version-history":[{"count":4,"href":"https:\/\/agora.xtec.cat\/ceipprats\/wp-json\/wp\/v2\/pages\/5328\/revisions"}],"predecessor-version":[{"id":5334,"href":"https:\/\/agora.xtec.cat\/ceipprats\/wp-json\/wp\/v2\/pages\/5328\/revisions\/5334"}],"up":[{"embeddable":true,"href":"https:\/\/agora.xtec.cat\/ceipprats\/wp-json\/wp\/v2\/pages\/22"}],"wp:attachment":[{"href":"https:\/\/agora.xtec.cat\/ceipprats\/wp-json\/wp\/v2\/media?parent=5328"}],"curies":[{"name":"wp","href":"https:\/\/api.w.org\/{rel}","templated":true}]}}