{"id":3157,"date":"2021-07-22T13:34:30","date_gmt":"2021-07-22T11:34:30","guid":{"rendered":"https:\/\/agora.xtec.cat\/ceipprats\/?page_id=3157"},"modified":"2025-10-28T13:54:14","modified_gmt":"2025-10-28T12:54:14","slug":"ei3","status":"publish","type":"page","link":"https:\/\/agora.xtec.cat\/ceipprats\/nivells\/educacio-infantil\/ei3\/","title":{"rendered":"EI3"},"content":{"rendered":"<p><a href=\"https:\/\/agora.xtec.cat\/ceipprats\/wp-content\/uploads\/usu128\/2025\/10\/i3-scaled.jpg\"><img loading=\"lazy\" decoding=\"async\" class=\"aligncenter wp-image-5259\" src=\"https:\/\/agora.xtec.cat\/ceipprats\/wp-content\/uploads\/usu128\/2025\/10\/i3-1024x768.jpg\" alt=\"\" width=\"865\" height=\"649\" srcset=\"https:\/\/agora.xtec.cat\/ceipprats\/wp-content\/uploads\/usu128\/2025\/10\/i3-1024x768.jpg 1024w, https:\/\/agora.xtec.cat\/ceipprats\/wp-content\/uploads\/usu128\/2025\/10\/i3-300x225.jpg 300w, https:\/\/agora.xtec.cat\/ceipprats\/wp-content\/uploads\/usu128\/2025\/10\/i3-768x576.jpg 768w, https:\/\/agora.xtec.cat\/ceipprats\/wp-content\/uploads\/usu128\/2025\/10\/i3-1536x1152.jpg 1536w, https:\/\/agora.xtec.cat\/ceipprats\/wp-content\/uploads\/usu128\/2025\/10\/i3-2048x1536.jpg 2048w\" sizes=\"auto, (max-width: 865px) 100vw, 865px\" \/><\/a><\/p>\n<p>&nbsp;<\/p>\n<h3>Professors\/es<\/h3>\n<table style=\"border-collapse: collapse; width: 100%; height: 160px;\">\n<tbody>\n<tr style=\"height: 32px;\">\n<td style=\"width: 33.3333%; height: 32px;\">Tutora EI3<\/td>\n<td style=\"width: 33.3333%; height: 32px;\">Edith Clotet<\/td>\n<td style=\"width: 33.3333%; height: 32px;\"><\/td>\n<\/tr>\n<tr style=\"height: 32px;\">\n<td style=\"width: 33.3333%; height: 32px;\">M\u00fasica<\/td>\n<td style=\"width: 33.3333%; height: 32px;\">David Cervantes<\/td>\n<td style=\"width: 33.3333%; height: 32px;\"><\/td>\n<\/tr>\n<tr style=\"height: 32px;\">\n<td style=\"width: 33.3333%; height: 32px;\">Angl\u00e8s<\/td>\n<td style=\"width: 33.3333%; height: 32px;\">Aina Urra<\/td>\n<td style=\"width: 33.3333%; height: 32px;\"><\/td>\n<\/tr>\n<tr style=\"height: 32px;\">\n<td style=\"width: 33.3333%; height: 32px;\">Psicomotricitat<\/td>\n<td style=\"width: 33.3333%; height: 32px;\">Toni Comas<\/td>\n<td style=\"width: 33.3333%; height: 32px;\"><\/td>\n<\/tr>\n<\/tbody>\n<\/table>\n<h3>Comunicaci\u00f3<\/h3>\n<div class=\"page\" title=\"Page 3\">\n<div class=\"section\">\n<div class=\"layoutArea\">\n<div class=\"column\">\n<p>Sempre que ho desitgeu podeu anotar les informacions o fer els vostres comentaris a l\u2019agenda o correu electro\u0300nic de les mestres.<\/p>\n<p>Rebreu les informacions d\u2019escola per <a href=\"https:\/\/agora.xtec.cat\/ceipprats\/afa\/serveis\/tpv\/\">TPV<\/a> i algunes me\u0301s concretes d\u2019aula pel correu del grup\/classe.<\/p>\n<p><span style=\"font-family: inherit; font-size: 1em;\">Us facilitarem l\u2019enllac\u0327 per poder veure les fotos que anirem penjant.<\/span><\/p>\n<h3><a href=\"https:\/\/agora.xtec.cat\/ceipprats\/fotos-promocions\/2022-privada\/\">Zona privada de fotos<\/a><\/h3>\n<\/div>\n<\/div>\n<\/div>\n<\/div>\n<h3>Horari:<\/h3>\n<p><iframe loading=\"lazy\" src=\"https:\/\/josepguardia.gitlab.io\/escolallucanes\/csv.html?curs=ei3\" width=\"100%\" height=\"2000px\"><br \/>\n<\/iframe><\/p>\n","protected":false},"excerpt":{"rendered":"<p>&nbsp; Professors\/es Tutora EI3 Edith Clotet M\u00fasica David Cervantes Angl\u00e8s Aina Urra Psicomotricitat Toni Comas Comunicaci\u00f3 Sempre que ho desitgeu podeu anotar les informacions o fer els vostres comentaris a l\u2019agenda o correu electro\u0300nic de les mestres. Rebreu les informacions d\u2019escola per TPV i algunes me\u0301s concretes d\u2019aula pel correu del grup\/classe. Us facilitarem l\u2019enllac\u0327 [&hellip;]<\/p>\n","protected":false},"author":24,"featured_media":0,"parent":3173,"menu_order":0,"comment_status":"closed","ping_status":"closed","template":"","meta":{"_bbp_topic_count":0,"_bbp_reply_count":0,"_bbp_total_topic_count":0,"_bbp_total_reply_count":0,"_bbp_voice_count":0,"_bbp_anonymous_reply_count":0,"_bbp_topic_count_hidden":0,"_bbp_reply_count_hidden":0,"_bbp_forum_subforum_count":0,"site-sidebar-layout":"default","site-content-layout":"","ast-site-content-layout":"default","site-content-style":"default","site-sidebar-style":"default","ast-global-header-display":"","ast-banner-title-visibility":"","ast-main-header-display":"","ast-hfb-above-header-display":"","ast-hfb-below-header-display":"","ast-hfb-mobile-header-display":"","site-post-title":"","ast-breadcrumbs-content":"","ast-featured-img":"","footer-sml-layout":"","theme-transparent-header-meta":"default","adv-header-id-meta":"","stick-header-meta":"","header-above-stick-meta":"","header-main-stick-meta":"","header-below-stick-meta":"","astra-migrate-meta-layouts":"set","ast-page-background-enabled":"default","ast-page-background-meta":{"desktop":{"background-color":"var(--ast-global-color-4)","background-image":"","background-repeat":"repeat","background-position":"center center","background-size":"auto","background-attachment":"scroll","background-type":"","background-media":"","overlay-type":"","overlay-color":"","overlay-opacity":"","overlay-gradient":""},"tablet":{"background-color":"","background-image":"","background-repeat":"repeat","background-position":"center center","background-size":"auto","background-attachment":"scroll","background-type":"","background-media":"","overlay-type":"","overlay-color":"","overlay-opacity":"","overlay-gradient":""},"mobile":{"background-color":"","background-image":"","background-repeat":"repeat","background-position":"center center","background-size":"auto","background-attachment":"scroll","background-type":"","background-media":"","overlay-type":"","overlay-color":"","overlay-opacity":"","overlay-gradient":""}},"ast-content-background-meta":{"desktop":{"background-color":"var(--ast-global-color-5)","background-image":"","background-repeat":"repeat","background-position":"center center","background-size":"auto","background-attachment":"scroll","background-type":"","background-media":"","overlay-type":"","overlay-color":"","overlay-opacity":"","overlay-gradient":""},"tablet":{"background-color":"var(--ast-global-color-5)","background-image":"","background-repeat":"repeat","background-position":"center center","background-size":"auto","background-attachment":"scroll","background-type":"","background-media":"","overlay-type":"","overlay-color":"","overlay-opacity":"","overlay-gradient":""},"mobile":{"background-color":"var(--ast-global-color-5)","background-image":"","background-repeat":"repeat","background-position":"center center","background-size":"auto","background-attachment":"scroll","background-type":"","background-media":"","overlay-type":"","overlay-color":"","overlay-opacity":"","overlay-gradient":""}},"footnotes":""},"class_list":["post-3157","page","type-page","status-publish","hentry"],"post_mailing_queue_ids":[],"_links":{"self":[{"href":"https:\/\/agora.xtec.cat\/ceipprats\/wp-json\/wp\/v2\/pages\/3157","targetHints":{"allow":["GET"]}}],"collection":[{"href":"https:\/\/agora.xtec.cat\/ceipprats\/wp-json\/wp\/v2\/pages"}],"about":[{"href":"https:\/\/agora.xtec.cat\/ceipprats\/wp-json\/wp\/v2\/types\/page"}],"author":[{"embeddable":true,"href":"https:\/\/agora.xtec.cat\/ceipprats\/wp-json\/wp\/v2\/users\/24"}],"replies":[{"embeddable":true,"href":"https:\/\/agora.xtec.cat\/ceipprats\/wp-json\/wp\/v2\/comments?post=3157"}],"version-history":[{"count":7,"href":"https:\/\/agora.xtec.cat\/ceipprats\/wp-json\/wp\/v2\/pages\/3157\/revisions"}],"predecessor-version":[{"id":5303,"href":"https:\/\/agora.xtec.cat\/ceipprats\/wp-json\/wp\/v2\/pages\/3157\/revisions\/5303"}],"up":[{"embeddable":true,"href":"https:\/\/agora.xtec.cat\/ceipprats\/wp-json\/wp\/v2\/pages\/3173"}],"wp:attachment":[{"href":"https:\/\/agora.xtec.cat\/ceipprats\/wp-json\/wp\/v2\/media?parent=3157"}],"curies":[{"name":"wp","href":"https:\/\/api.w.org\/{rel}","templated":true}]}}