{"id":26,"date":"2014-09-18T12:24:32","date_gmt":"2014-09-18T12:24:32","guid":{"rendered":"http:\/\/agora.xtec.cat\/ceipprats\/?page_id=26"},"modified":"2025-11-04T13:32:13","modified_gmt":"2025-11-04T12:32:13","slug":"historia","status":"publish","type":"page","link":"https:\/\/agora.xtec.cat\/ceipprats\/lescola\/historia\/","title":{"rendered":"Hist\u00f2ria"},"content":{"rendered":"<p align=\"left\">L\u2019Escola Llu\u00e7an\u00e8s, d\u2019una l\u00ednia, <strong>\u00e9s l\u2019escola p\u00fablica d\u2019educaci\u00f3 infantil i prim\u00e0ria de Prats de Llu\u00e7an\u00e8s, <\/strong>un poble amb 2.790 habitants de la comarca d\u2019Osona.<\/p>\n<p>\u00c9s una escola molt bonica <strong>ubicada en un entorn natural fant\u00e0stic i molt arrelada al territori<\/strong> on es potencien activitats relacionades amb el poble, la comarca i l\u2019entorn proper.<\/p>\n<p>Es tracta tamb\u00e9 d\u2019una <strong>Escola Verda<\/strong> on <strong>es porten a terme activitats relacionades amb la conservaci\u00f3 del medi <\/strong>i on, a m\u00e9s a m\u00e9s, <strong>s\u2019utilitzen les noves tecnologies per a potenciar l\u2019aprenentatge dels alumnes.<\/strong> En aquest sentit, la nostra Escola disposa d\u2019una xarxa inform\u00e0tica molt ben equipada i <strong>incorpora Pantalles Digitals a les aules<\/strong> afavorint un aprenentatge interactiu i significatiu.<\/p>\n<p>La import\u00e0ncia de la lectura fa que, des de la nostra biblioteca, s\u2019impulsin <strong>activitats d\u2019animaci\u00f3 a la lectura<\/strong> des dels m\u00e9s petits fins als m\u00e9s grans i on, a m\u00e9s, s\u2019impulsa un <strong>Pla Lector de Centre. <\/strong><\/p>\n<p>L\u2019Escola tamb\u00e9 aplica un <strong>Projecte de Lleng\u00fces Estrangeres<\/strong> que permet <strong>viure l\u2019angl\u00e8s des dels tres anys<\/strong> de manera l\u00fadica i experimental.<\/p>\n<p>Des de l\u2019\u00e0rea d\u2019Educaci\u00f3 F\u00edsica es procura diversificar i treure el m\u00e0xim de rendiment de l\u2019esport aprofitant les bones instal\u00b7lacions de les quals disposa el centre. <strong>L\u2019Escola forma part del PCEE, Pla Catal\u00e0 de l\u2019Esport a l\u2019Escola<\/strong>, a partir del qual es subbencionen diferents activitats extraescolars, com ara la Nataci\u00f3.<\/p>\n<p><strong>Una Escola gran, confortable i espaiosa on s\u2019atenen les necessitats de cada nen\/a dins d\u2019un clima proper i hum\u00e0. <\/strong><\/p>\n<p><a href=\"https:\/\/agora.xtec.cat\/ceipprats\/wp-content\/uploads\/usu128\/2025\/10\/Imatge-de-WhatsApp-2025-10-14-a-les-12.49.00_6ec5564a.jpg\"><img loading=\"lazy\" decoding=\"async\" class=\"aligncenter size-large wp-image-5192\" src=\"https:\/\/agora.xtec.cat\/ceipprats\/wp-content\/uploads\/usu128\/2025\/10\/Imatge-de-WhatsApp-2025-10-14-a-les-12.49.00_6ec5564a-1024x205.jpg\" alt=\"\" width=\"1024\" height=\"205\" srcset=\"https:\/\/agora.xtec.cat\/ceipprats\/wp-content\/uploads\/usu128\/2025\/10\/Imatge-de-WhatsApp-2025-10-14-a-les-12.49.00_6ec5564a-1024x205.jpg 1024w, https:\/\/agora.xtec.cat\/ceipprats\/wp-content\/uploads\/usu128\/2025\/10\/Imatge-de-WhatsApp-2025-10-14-a-les-12.49.00_6ec5564a-300x60.jpg 300w, https:\/\/agora.xtec.cat\/ceipprats\/wp-content\/uploads\/usu128\/2025\/10\/Imatge-de-WhatsApp-2025-10-14-a-les-12.49.00_6ec5564a-768x154.jpg 768w, https:\/\/agora.xtec.cat\/ceipprats\/wp-content\/uploads\/usu128\/2025\/10\/Imatge-de-WhatsApp-2025-10-14-a-les-12.49.00_6ec5564a-1536x307.jpg 1536w, https:\/\/agora.xtec.cat\/ceipprats\/wp-content\/uploads\/usu128\/2025\/10\/Imatge-de-WhatsApp-2025-10-14-a-les-12.49.00_6ec5564a.jpg 1600w\" sizes=\"auto, (max-width: 1024px) 100vw, 1024px\" \/><\/a><\/p>\n<p>&nbsp;<\/p>\n","protected":false},"excerpt":{"rendered":"<p>L\u2019Escola Llu\u00e7an\u00e8s, d\u2019una l\u00ednia, \u00e9s l\u2019escola p\u00fablica d\u2019educaci\u00f3 infantil i prim\u00e0ria de Prats de Llu\u00e7an\u00e8s, un poble amb 2.790 habitants de la comarca d\u2019Osona. \u00c9s una escola molt bonica ubicada en un entorn natural fant\u00e0stic i molt arrelada al territori on es potencien activitats relacionades amb el poble, la comarca i l\u2019entorn proper. Es tracta [&hellip;]<\/p>\n","protected":false},"author":2,"featured_media":0,"parent":22,"menu_order":20,"comment_status":"closed","ping_status":"closed","template":"","meta":{"_bbp_topic_count":0,"_bbp_reply_count":0,"_bbp_total_topic_count":0,"_bbp_total_reply_count":0,"_bbp_voice_count":0,"_bbp_anonymous_reply_count":0,"_bbp_topic_count_hidden":0,"_bbp_reply_count_hidden":0,"_bbp_forum_subforum_count":0,"site-sidebar-layout":"default","site-content-layout":"","ast-site-content-layout":"default","site-content-style":"default","site-sidebar-style":"default","ast-global-header-display":"","ast-banner-title-visibility":"","ast-main-header-display":"","ast-hfb-above-header-display":"","ast-hfb-below-header-display":"","ast-hfb-mobile-header-display":"","site-post-title":"","ast-breadcrumbs-content":"","ast-featured-img":"","footer-sml-layout":"","theme-transparent-header-meta":"default","adv-header-id-meta":"","stick-header-meta":"","header-above-stick-meta":"","header-main-stick-meta":"","header-below-stick-meta":"","astra-migrate-meta-layouts":"set","ast-page-background-enabled":"default","ast-page-background-meta":{"desktop":{"background-color":"var(--ast-global-color-4)","background-image":"","background-repeat":"repeat","background-position":"center center","background-size":"auto","background-attachment":"scroll","background-type":"","background-media":"","overlay-type":"","overlay-color":"","overlay-opacity":"","overlay-gradient":""},"tablet":{"background-color":"","background-image":"","background-repeat":"repeat","background-position":"center center","background-size":"auto","background-attachment":"scroll","background-type":"","background-media":"","overlay-type":"","overlay-color":"","overlay-opacity":"","overlay-gradient":""},"mobile":{"background-color":"","background-image":"","background-repeat":"repeat","background-position":"center center","background-size":"auto","background-attachment":"scroll","background-type":"","background-media":"","overlay-type":"","overlay-color":"","overlay-opacity":"","overlay-gradient":""}},"ast-content-background-meta":{"desktop":{"background-color":"var(--ast-global-color-5)","background-image":"","background-repeat":"repeat","background-position":"center center","background-size":"auto","background-attachment":"scroll","background-type":"","background-media":"","overlay-type":"","overlay-color":"","overlay-opacity":"","overlay-gradient":""},"tablet":{"background-color":"var(--ast-global-color-5)","background-image":"","background-repeat":"repeat","background-position":"center center","background-size":"auto","background-attachment":"scroll","background-type":"","background-media":"","overlay-type":"","overlay-color":"","overlay-opacity":"","overlay-gradient":""},"mobile":{"background-color":"var(--ast-global-color-5)","background-image":"","background-repeat":"repeat","background-position":"center center","background-size":"auto","background-attachment":"scroll","background-type":"","background-media":"","overlay-type":"","overlay-color":"","overlay-opacity":"","overlay-gradient":""}},"footnotes":""},"class_list":["post-26","page","type-page","status-publish","hentry"],"post_mailing_queue_ids":[],"_links":{"self":[{"href":"https:\/\/agora.xtec.cat\/ceipprats\/wp-json\/wp\/v2\/pages\/26","targetHints":{"allow":["GET"]}}],"collection":[{"href":"https:\/\/agora.xtec.cat\/ceipprats\/wp-json\/wp\/v2\/pages"}],"about":[{"href":"https:\/\/agora.xtec.cat\/ceipprats\/wp-json\/wp\/v2\/types\/page"}],"author":[{"embeddable":true,"href":"https:\/\/agora.xtec.cat\/ceipprats\/wp-json\/wp\/v2\/users\/2"}],"replies":[{"embeddable":true,"href":"https:\/\/agora.xtec.cat\/ceipprats\/wp-json\/wp\/v2\/comments?post=26"}],"version-history":[{"count":3,"href":"https:\/\/agora.xtec.cat\/ceipprats\/wp-json\/wp\/v2\/pages\/26\/revisions"}],"predecessor-version":[{"id":5326,"href":"https:\/\/agora.xtec.cat\/ceipprats\/wp-json\/wp\/v2\/pages\/26\/revisions\/5326"}],"up":[{"embeddable":true,"href":"https:\/\/agora.xtec.cat\/ceipprats\/wp-json\/wp\/v2\/pages\/22"}],"wp:attachment":[{"href":"https:\/\/agora.xtec.cat\/ceipprats\/wp-json\/wp\/v2\/media?parent=26"}],"curies":[{"name":"wp","href":"https:\/\/api.w.org\/{rel}","templated":true}]}}