{"id":7921,"date":"2026-02-06T11:03:11","date_gmt":"2026-02-06T10:03:11","guid":{"rendered":"https:\/\/agora.xtec.cat\/ceippractiques2-lleida\/?page_id=7921"},"modified":"2026-02-06T11:09:01","modified_gmt":"2026-02-06T10:09:01","slug":"pensament-computacional","status":"publish","type":"page","link":"https:\/\/agora.xtec.cat\/ceippractiques2-lleida\/lescola\/pensament-computacional\/","title":{"rendered":"Pensament computacional"},"content":{"rendered":"<p data-start=\"0\" data-end=\"432\">Al nostre centre treballem el pensament computacional dins l\u2019\u00e0mbit matem\u00e0tic com una eina clau per desenvolupar habilitats de resoluci\u00f3 de problemes, pensament l\u00f2gic i creativitat en l\u2019alumnat. Els nostres tres objectius prioritaris s\u00f3n: fomentar el raonament l\u00f2gic i la capacitat d\u2019an\u00e0lisi, desenvolupar estrat\u00e8gies per resoldre problemes de manera estructurada i potenciar la creativitat mitjan\u00e7ant la tecnologia i la programaci\u00f3.<\/p>\n<p data-start=\"434\" data-end=\"754\" data-is-last-node=\"\" data-is-only-node=\"\">Aquest treball es desenvolupa de manera progressiva des d\u2019Educaci\u00f3 Infantil fins a 6\u00e8 de Prim\u00e0ria. S\u2019inicia amb activitats d\u2019orientaci\u00f3 espacial, seq\u00fcenciaci\u00f3 i motricitat, i evoluciona gradualment cap a la resoluci\u00f3 de reptes, el disseny d\u2019algoritmes i la creaci\u00f3 de programacions cada vegada m\u00e9s complexes i creatives.<\/p>\n<p><img loading=\"lazy\" decoding=\"async\" class=\"aligncenter size-full wp-image-7927\" src=\"https:\/\/agora.xtec.cat\/ceippractiques2-lleida\/wp-content\/uploads\/usu635\/2026\/02\/Pensament-computacional-2.png\" alt=\"\" width=\"1500\" height=\"1061\" srcset=\"https:\/\/agora.xtec.cat\/ceippractiques2-lleida\/wp-content\/uploads\/usu635\/2026\/02\/Pensament-computacional-2.png 1500w, https:\/\/agora.xtec.cat\/ceippractiques2-lleida\/wp-content\/uploads\/usu635\/2026\/02\/Pensament-computacional-2-300x212.png 300w, https:\/\/agora.xtec.cat\/ceippractiques2-lleida\/wp-content\/uploads\/usu635\/2026\/02\/Pensament-computacional-2-1024x724.png 1024w, https:\/\/agora.xtec.cat\/ceippractiques2-lleida\/wp-content\/uploads\/usu635\/2026\/02\/Pensament-computacional-2-768x543.png 768w\" sizes=\"auto, (max-width: 1500px) 100vw, 1500px\" \/><\/p>\n<p>&nbsp;<\/p>\n<p>&nbsp;<\/p>\n<p>&nbsp;<\/p>\n","protected":false},"excerpt":{"rendered":"<p>Al nostre centre treballem el pensament computacional dins l\u2019\u00e0mbit matem\u00e0tic com una eina clau per desenvolupar habilitats de resoluci\u00f3 de problemes, pensament l\u00f2gic i creativitat en l\u2019alumnat. Els nostres tres objectius prioritaris s\u00f3n: fomentar el raonament l\u00f2gic i la capacitat d\u2019an\u00e0lisi, desenvolupar estrat\u00e8gies per resoldre&hellip;  <a href=\"https:\/\/agora.xtec.cat\/ceippractiques2-lleida\/lescola\/pensament-computacional\/\" title=\"Read Pensament computacional\">Llegeix m\u00e9s\u00bb<\/a><\/p>\n","protected":false},"author":1,"featured_media":0,"parent":22,"menu_order":0,"comment_status":"closed","ping_status":"closed","template":"","meta":{"_bbp_topic_count":0,"_bbp_reply_count":0,"_bbp_total_topic_count":0,"_bbp_total_reply_count":0,"_bbp_voice_count":0,"_bbp_anonymous_reply_count":0,"_bbp_topic_count_hidden":0,"_bbp_reply_count_hidden":0,"_bbp_forum_subforum_count":0,"footnotes":""},"class_list":["post-7921","page","type-page","status-publish","hentry"],"post_mailing_queue_ids":[],"_links":{"self":[{"href":"https:\/\/agora.xtec.cat\/ceippractiques2-lleida\/wp-json\/wp\/v2\/pages\/7921","targetHints":{"allow":["GET"]}}],"collection":[{"href":"https:\/\/agora.xtec.cat\/ceippractiques2-lleida\/wp-json\/wp\/v2\/pages"}],"about":[{"href":"https:\/\/agora.xtec.cat\/ceippractiques2-lleida\/wp-json\/wp\/v2\/types\/page"}],"author":[{"embeddable":true,"href":"https:\/\/agora.xtec.cat\/ceippractiques2-lleida\/wp-json\/wp\/v2\/users\/1"}],"replies":[{"embeddable":true,"href":"https:\/\/agora.xtec.cat\/ceippractiques2-lleida\/wp-json\/wp\/v2\/comments?post=7921"}],"version-history":[{"count":2,"href":"https:\/\/agora.xtec.cat\/ceippractiques2-lleida\/wp-json\/wp\/v2\/pages\/7921\/revisions"}],"predecessor-version":[{"id":7928,"href":"https:\/\/agora.xtec.cat\/ceippractiques2-lleida\/wp-json\/wp\/v2\/pages\/7921\/revisions\/7928"}],"up":[{"embeddable":true,"href":"https:\/\/agora.xtec.cat\/ceippractiques2-lleida\/wp-json\/wp\/v2\/pages\/22"}],"wp:attachment":[{"href":"https:\/\/agora.xtec.cat\/ceippractiques2-lleida\/wp-json\/wp\/v2\/media?parent=7921"}],"curies":[{"name":"wp","href":"https:\/\/api.w.org\/{rel}","templated":true}]}}

<p data-start="0" data-end="432">Al nostre centre treballem el pensament computacional dins l’àmbit matemàtic com una eina clau per desenvolupar habilitats de resolució de problemes, pensament lògic i creativitat en l’alumnat. Els nostres tres objectius prioritaris són: fomentar el raonament lògic i la capacitat d’anàlisi, desenvolupar estratègies per resoldre problemes de manera estructurada i potenciar la creativitat mitjançant la tecnologia i la programació.</p>
<p data-start="434" data-end="754" data-is-last-node="" data-is-only-node="">Aquest treball es desenvolupa de manera progressiva des d’Educació Infantil fins a 6è de Primària. S’inicia amb activitats d’orientació espacial, seqüenciació i motricitat, i evoluciona gradualment cap a la resolució de reptes, el disseny d’algoritmes i la creació de programacions cada vegada més complexes i creatives.</p>
<p><img loading="lazy" decoding="async" class="aligncenter size-full wp-image-7927" src="https://agora.xtec.cat/ceippractiques2-lleida/wp-content/uploads/usu635/2026/02/Pensament-computacional-2.png" alt="" width="1500" height="1061" srcset="https://agora.xtec.cat/ceippractiques2-lleida/wp-content/uploads/usu635/2026/02/Pensament-computacional-2.png 1500w, https://agora.xtec.cat/ceippractiques2-lleida/wp-content/uploads/usu635/2026/02/Pensament-computacional-2-300x212.png 300w, https://agora.xtec.cat/ceippractiques2-lleida/wp-content/uploads/usu635/2026/02/Pensament-computacional-2-1024x724.png 1024w, https://agora.xtec.cat/ceippractiques2-lleida/wp-content/uploads/usu635/2026/02/Pensament-computacional-2-768x543.png 768w" sizes="auto, (max-width: 1500px) 100vw, 1500px" /></p>
<p>&nbsp;</p>
<p>&nbsp;</p>
<p>&nbsp;</p>

<p>Al nostre centre treballem el pensament computacional dins l’àmbit matemàtic com una eina clau per desenvolupar habilitats de resolució de problemes, pensament lògic i creativitat en l’alumnat. Els nostres tres objectius prioritaris són: fomentar el raonament lògic i la capacitat d’anàlisi, desenvolupar estratègies per resoldre&hellip;  <a href="https://agora.xtec.cat/ceippractiques2-lleida/lescola/pensament-computacional/" title="Read Pensament computacional">Llegeix més»</a></p>
