{"id":38,"date":"2014-09-18T12:34:08","date_gmt":"2014-09-18T11:34:08","guid":{"rendered":"http:\/\/agora.xtec.cat\/ceippractiques2-lleida\/?page_id=38"},"modified":"2026-02-05T16:04:58","modified_gmt":"2026-02-05T15:04:58","slug":"salut","status":"publish","type":"page","link":"https:\/\/agora.xtec.cat\/ceippractiques2-lleida\/lescola\/salut\/","title":{"rendered":"Salut"},"content":{"rendered":"<p><span style=\"font-family: helvetica, arial, sans-serif; font-size: 16px;\">Com<strong> Escola Promotora de Salut<\/strong> ens proposem els seg\u00fcents objectius:<\/span><\/p>\n<ul>\n<li><span style=\"font-family: helvetica, arial, sans-serif; font-size: 16px;\">Donar import\u00e0ncia al <span style=\"color: #339966;\">menjar saludable<\/span> i seguir una <span style=\"color: #339966;\">dieta sana i equilibrada<\/span>.<\/span><\/li>\n<li><span style=\"font-family: helvetica, arial, sans-serif; font-size: 16px;\">Con\u00e8ixer en tota amplitud el concepte de <strong><span style=\"color: #339966;\">salut<\/span><\/strong><span style=\"color: #339966;\">: f\u00edsica , ps\u00edquica i emocional.<\/span><\/span><\/li>\n<li><span style=\"font-family: helvetica, arial, sans-serif; font-size: 16px;\">Educar en la prevenci\u00f3 per aconseguir una millor <span style=\"color: #339966;\">qualitat de vida<\/span>.<\/span><\/li>\n<li><span style=\"font-family: helvetica, arial, sans-serif; font-size: 16px;\">Prioritzar la <span style=\"color: #339966;\">salut de l\u2019aparell locomotor<\/span> a l\u2019hora de treballar a l\u2019aula. Correcci\u00f3 en la postura corporal, salut visual&#8230;<\/span><\/li>\n<li><span style=\"font-family: helvetica, arial, sans-serif; font-size: 16px;\">Valorar la <span style=\"color: #339966;\">salut bucodental: <\/span>mastegar b\u00e9, raspallar-se b\u00e9 les dents, rentar-se les mans, prevenir el consum de llaminadures, fer els \u00e0pats a les hores reglades&#8230;<\/span><\/li>\n<li><span style=\"font-family: helvetica, arial, sans-serif; font-size: 16px;\">Vetllar pels <span style=\"color: #339966;\">bons h\u00e0bits<\/span> en el menjador escolar.<\/span><\/li>\n<li><span style=\"font-family: helvetica, arial, sans-serif; font-size: 16px;\">Potenciar el <span style=\"color: #339966;\">consum de fruita i verdures<\/span>. \u201cEls dijous fruita per esmorzar\u201d.<\/span><\/li>\n<li><span style=\"font-family: helvetica, arial, sans-serif; font-size: 16px;\">Participar en el <span style=\"color: #339966;\">programa de consum de fruita<\/span> del Departament d\u2019Agricultura.<\/span><\/li>\n<li><span style=\"font-family: helvetica, arial, sans-serif; font-size: 16px;\">Promoure l\u2019\u00fas de la <span style=\"color: #339966;\">carmanyola<\/span> enfront els embolcalls de paper, pl\u00e0stic &#8230;<\/span><\/li>\n<li><span style=\"font-family: helvetica, arial, sans-serif; font-size: 16px;\">Establir <span style=\"color: #339966;\">col\u00b7laboracions<\/span> amb institucions que promoguin h\u00e0bits i actituds saludables: Campanya de la Creu Roja de primers auxilis, Campanya \u201cTria bo tria sa\u201d de\u00a0 Supermercats Caprabo, Internet Segura: prevenci\u00f3 de riscos visuals dirigida pels Mossos d\u2019Esquadra. Obres de teatre promogudes per l\u2019Aula de Teatre de Lleida&#8230;<\/span><\/li>\n<li><span style=\"font-family: helvetica, arial, sans-serif; font-size: 16px;\">Realitzar <span style=\"color: #339966;\">tallers d\u2019Educaci\u00f3 art\u00edstica i pl\u00e0stica<\/span> vinculats al treball i coneixement d\u2019aspectes relacionats amb la salut i la dieta mediterr\u00e0nia.<\/span><\/li>\n<li><span style=\"font-family: helvetica, arial, sans-serif; font-size: 16px;\">Celebrar la <span style=\"color: #339966;\">Festa de la Salut<\/span> i promoure la conviv\u00e8ncia i el menjar saludable.<\/span><\/li>\n<li><span style=\"font-family: helvetica, arial, sans-serif; font-size: 16px;\">Promoure la conviv\u00e8ncia entre tota la comunitat educativa.<\/span><\/li>\n<li><span style=\"font-family: helvetica, arial, sans-serif; font-size: 16px;\">Participar en la campanya <span style=\"color: #339966;\">UNICEF<\/span>: Una gota per N\u00edger. Conscienciar sobre la import\u00e0ncia de l\u2019aigua potable per a tenir una bona salut.<\/span><\/li>\n<\/ul>\n<p>&nbsp;<\/p>\n","protected":false},"excerpt":{"rendered":"<p>Com Escola Promotora de Salut ens proposem els seg\u00fcents objectius:<\/p>\n<ul>\n<li>Donar import\u00e0ncia al menjar saludable i seguir una dieta sana i equilibrada.<\/li>\n<li>Con\u00e8ixer en tota amplitud el concepte de salut: f\u00edsica , ps\u00edquica i emocional.<\/li>\n<li>Educar en la prevenci\u00f3 per aconseguir una millor qualitat de vida.<\/li>\n<li>Prioritzar la salut&hellip;  <a href=\"https:\/\/agora.xtec.cat\/ceippractiques2-lleida\/lescola\/salut\/\" title=\"Read Salut\">Llegeix m\u00e9s\u00bb<\/a><br \/>\n","protected":false},"author":1,"featured_media":0,"parent":22,"menu_order":80,"comment_status":"closed","ping_status":"closed","template":"page-templates\/side-menu.php","meta":{"_bbp_topic_count":0,"_bbp_reply_count":0,"_bbp_total_topic_count":0,"_bbp_total_reply_count":0,"_bbp_voice_count":0,"_bbp_anonymous_reply_count":0,"_bbp_topic_count_hidden":0,"_bbp_reply_count_hidden":0,"_bbp_forum_subforum_count":0,"footnotes":""},"class_list":["post-38","page","type-page","status-publish","hentry"],"post_mailing_queue_ids":[],"_links":{"self":[{"href":"https:\/\/agora.xtec.cat\/ceippractiques2-lleida\/wp-json\/wp\/v2\/pages\/38","targetHints":{"allow":["GET"]}}],"collection":[{"href":"https:\/\/agora.xtec.cat\/ceippractiques2-lleida\/wp-json\/wp\/v2\/pages"}],"about":[{"href":"https:\/\/agora.xtec.cat\/ceippractiques2-lleida\/wp-json\/wp\/v2\/types\/page"}],"author":[{"embeddable":true,"href":"https:\/\/agora.xtec.cat\/ceippractiques2-lleida\/wp-json\/wp\/v2\/users\/1"}],"replies":[{"embeddable":true,"href":"https:\/\/agora.xtec.cat\/ceippractiques2-lleida\/wp-json\/wp\/v2\/comments?post=38"}],"version-history":[{"count":5,"href":"https:\/\/agora.xtec.cat\/ceippractiques2-lleida\/wp-json\/wp\/v2\/pages\/38\/revisions"}],"predecessor-version":[{"id":7905,"href":"https:\/\/agora.xtec.cat\/ceippractiques2-lleida\/wp-json\/wp\/v2\/pages\/38\/revisions\/7905"}],"up":[{"embeddable":true,"href":"https:\/\/agora.xtec.cat\/ceippractiques2-lleida\/wp-json\/wp\/v2\/pages\/22"}],"wp:attachment":[{"href":"https:\/\/agora.xtec.cat\/ceippractiques2-lleida\/wp-json\/wp\/v2\/media?parent=38"}],"curies":[{"name":"wp","href":"https:\/\/api.w.org\/{rel}","templated":true}]}}

<p><span style="font-family: helvetica, arial, sans-serif; font-size: 16px;">Com<strong> Escola Promotora de Salut</strong> ens proposem els següents objectius:</span></p>
<ul>
<li><span style="font-family: helvetica, arial, sans-serif; font-size: 16px;">Donar importància al <span style="color: #339966;">menjar saludable</span> i seguir una <span style="color: #339966;">dieta sana i equilibrada</span>.</span></li>
<li><span style="font-family: helvetica, arial, sans-serif; font-size: 16px;">Conèixer en tota amplitud el concepte de <strong><span style="color: #339966;">salut</span></strong><span style="color: #339966;">: física , psíquica i emocional.</span></span></li>
<li><span style="font-family: helvetica, arial, sans-serif; font-size: 16px;">Educar en la prevenció per aconseguir una millor <span style="color: #339966;">qualitat de vida</span>.</span></li>
<li><span style="font-family: helvetica, arial, sans-serif; font-size: 16px;">Prioritzar la <span style="color: #339966;">salut de l’aparell locomotor</span> a l’hora de treballar a l’aula. Correcció en la postura corporal, salut visual&#8230;</span></li>
<li><span style="font-family: helvetica, arial, sans-serif; font-size: 16px;">Valorar la <span style="color: #339966;">salut bucodental: </span>mastegar bé, raspallar-se bé les dents, rentar-se les mans, prevenir el consum de llaminadures, fer els àpats a les hores reglades&#8230;</span></li>
<li><span style="font-family: helvetica, arial, sans-serif; font-size: 16px;">Vetllar pels <span style="color: #339966;">bons hàbits</span> en el menjador escolar.</span></li>
<li><span style="font-family: helvetica, arial, sans-serif; font-size: 16px;">Potenciar el <span style="color: #339966;">consum de fruita i verdures</span>. “Els dijous fruita per esmorzar”.</span></li>
<li><span style="font-family: helvetica, arial, sans-serif; font-size: 16px;">Participar en el <span style="color: #339966;">programa de consum de fruita</span> del Departament d’Agricultura.</span></li>
<li><span style="font-family: helvetica, arial, sans-serif; font-size: 16px;">Promoure l’ús de la <span style="color: #339966;">carmanyola</span> enfront els embolcalls de paper, plàstic &#8230;</span></li>
<li><span style="font-family: helvetica, arial, sans-serif; font-size: 16px;">Establir <span style="color: #339966;">col·laboracions</span> amb institucions que promoguin hàbits i actituds saludables: Campanya de la Creu Roja de primers auxilis, Campanya “Tria bo tria sa” de  Supermercats Caprabo, Internet Segura: prevenció de riscos visuals dirigida pels Mossos d’Esquadra. Obres de teatre promogudes per l’Aula de Teatre de Lleida&#8230;</span></li>
<li><span style="font-family: helvetica, arial, sans-serif; font-size: 16px;">Realitzar <span style="color: #339966;">tallers d’Educació artística i plàstica</span> vinculats al treball i coneixement d’aspectes relacionats amb la salut i la dieta mediterrània.</span></li>
<li><span style="font-family: helvetica, arial, sans-serif; font-size: 16px;">Celebrar la <span style="color: #339966;">Festa de la Salut</span> i promoure la convivència i el menjar saludable.</span></li>
<li><span style="font-family: helvetica, arial, sans-serif; font-size: 16px;">Promoure la convivència entre tota la comunitat educativa.</span></li>
<li><span style="font-family: helvetica, arial, sans-serif; font-size: 16px;">Participar en la campanya <span style="color: #339966;">UNICEF</span>: Una gota per Níger. Conscienciar sobre la importància de l’aigua potable per a tenir una bona salut.</span></li>
</ul>
<p>&nbsp;</p>

<p>Com Escola Promotora de Salut ens proposem els següents objectius:</p>
<ul>
<li>Donar importància al menjar saludable i seguir una dieta sana i equilibrada.</li>
<li>Conèixer en tota amplitud el concepte de salut: física , psíquica i emocional.</li>
<li>Educar en la prevenció per aconseguir una millor qualitat de vida.</li>
<li>Prioritzar la salut&hellip;  <a href="https://agora.xtec.cat/ceippractiques2-lleida/lescola/salut/" title="Read Salut">Llegeix més»</a><br />
