{"id":28,"date":"2014-09-18T12:29:35","date_gmt":"2014-09-18T10:29:35","guid":{"rendered":"http:\/\/agora.xtec.cat\/ceippractiques2-lleida\/?page_id=28"},"modified":"2021-05-31T15:49:38","modified_gmt":"2021-05-31T13:49:38","slug":"consell-escolar","status":"publish","type":"page","link":"https:\/\/agora.xtec.cat\/ceippractiques2-lleida\/lescola\/consell-escolar\/","title":{"rendered":"Consell escolar"},"content":{"rendered":"<div class=\"container\">\n<div id=\"headertitle\" class=\"row\">\n<div class=\"col-md-12 headertitleint title\">\n<h3 class=\"title\"><span style=\"font-family: helvetica, arial, sans-serif; color: #339966;\">Funcions del Consell Escolar de Centre<\/span><\/h3>\n<\/div>\n<\/div>\n<\/div>\n<div>\n<div class=\"field field-name-body field-type-text-with-summary field-label-hidden\">\n<div class=\"field-items\">\n<div class=\"field-item even\">\n<ol>\n<li><span style=\"font-family: helvetica, arial, sans-serif;\">Aprovar el projecte educatiu i les modificacions corresponents per una majoria de tres cinquenes parts dels membres.<\/span><\/li>\n<li><span style=\"font-family: helvetica, arial, sans-serif;\">Aprovar la programaci\u00f3 general anual del centre i avaluar-ne el desenvolupament i els resultats.<\/span><\/li>\n<li><span style=\"font-family: helvetica, arial, sans-serif;\">Aprovar les propostes d\u2019acords de corresponsabilitat, convenis i altres acords de col\u00b7laboraci\u00f3 del centre amb entitats i institucions.<\/span><\/li>\n<li><span style=\"font-family: helvetica, arial, sans-serif;\">Aprovar les normes d\u2019organitzaci\u00f3, funcionament i modificacions corresponents.<\/span><\/li>\n<li><span style=\"font-family: helvetica, arial, sans-serif;\">Aprovar la carta de comprom\u00eds educatiu.<\/span><\/li>\n<li><span style=\"font-family: helvetica, arial, sans-serif;\">Aprovar el pressupost del centre i el rendiment de comptes.<\/span><\/li>\n<li><span style=\"font-family: helvetica, arial, sans-serif;\">Intervenir en el procediment d\u2019admissi\u00f3 d\u2019alumnes.<\/span><\/li>\n<li><span style=\"font-family: helvetica, arial, sans-serif;\">Participar en el procediment de selecci\u00f3 i proposta de cessament del director o directora.<\/span><\/li>\n<li><span style=\"font-family: helvetica, arial, sans-serif;\">Intervenir en la resoluci\u00f3 de conflictes i, si escau, revisar les<\/span><br \/>\n<span style=\"font-family: helvetica, arial, sans-serif;\">sancions als alumnes.<\/span><\/li>\n<li><span style=\"font-family: helvetica, arial, sans-serif;\">Aprovar les directrius per a la programaci\u00f3 d\u2019activitats escolars<\/span><br \/>\n<span style=\"font-family: helvetica, arial, sans-serif;\">complement\u00e0ries i d&#8217;activitats extraescolars, i avaluar-ne el<\/span><\/li>\n<li><span style=\"font-family: helvetica, arial, sans-serif;\">Participar en les an\u00e0lisi i les avaluacions del funcionament general del centre i con\u00e8ixer l&#8217;evoluci\u00f3 del rendiment escolar.<\/span><\/li>\n<\/ol>\n<\/div>\n<\/div>\n<\/div>\n<\/div>\n","protected":false},"excerpt":{"rendered":"<p>Funcions del Consell Escolar de Centre<\/p>\n<ol>\n<li>Aprovar el projecte educatiu i les modificacions corresponents per una majoria de tres cinquenes parts dels membres.<\/li>\n<li>Aprovar la programaci\u00f3 general anual del centre i avaluar-ne el desenvolupament i els resultats.<\/li>\n<li>Aprovar les propostes d\u2019acords de corresponsabilitat, convenis i altres acords de&hellip;  <a href=\"https:\/\/agora.xtec.cat\/ceippractiques2-lleida\/lescola\/consell-escolar\/\" title=\"Read Consell escolar\">Llegeix m\u00e9s\u00bb<\/a><br \/>\n","protected":false},"author":1,"featured_media":0,"parent":22,"menu_order":3,"comment_status":"closed","ping_status":"closed","template":"page-templates\/side-menu.php","meta":{"_bbp_topic_count":0,"_bbp_reply_count":0,"_bbp_total_topic_count":0,"_bbp_total_reply_count":0,"_bbp_voice_count":0,"_bbp_anonymous_reply_count":0,"_bbp_topic_count_hidden":0,"_bbp_reply_count_hidden":0,"_bbp_forum_subforum_count":0,"footnotes":""},"class_list":["post-28","page","type-page","status-publish","hentry"],"post_mailing_queue_ids":[],"_links":{"self":[{"href":"https:\/\/agora.xtec.cat\/ceippractiques2-lleida\/wp-json\/wp\/v2\/pages\/28","targetHints":{"allow":["GET"]}}],"collection":[{"href":"https:\/\/agora.xtec.cat\/ceippractiques2-lleida\/wp-json\/wp\/v2\/pages"}],"about":[{"href":"https:\/\/agora.xtec.cat\/ceippractiques2-lleida\/wp-json\/wp\/v2\/types\/page"}],"author":[{"embeddable":true,"href":"https:\/\/agora.xtec.cat\/ceippractiques2-lleida\/wp-json\/wp\/v2\/users\/1"}],"replies":[{"embeddable":true,"href":"https:\/\/agora.xtec.cat\/ceippractiques2-lleida\/wp-json\/wp\/v2\/comments?post=28"}],"version-history":[{"count":4,"href":"https:\/\/agora.xtec.cat\/ceippractiques2-lleida\/wp-json\/wp\/v2\/pages\/28\/revisions"}],"predecessor-version":[{"id":4763,"href":"https:\/\/agora.xtec.cat\/ceippractiques2-lleida\/wp-json\/wp\/v2\/pages\/28\/revisions\/4763"}],"up":[{"embeddable":true,"href":"https:\/\/agora.xtec.cat\/ceippractiques2-lleida\/wp-json\/wp\/v2\/pages\/22"}],"wp:attachment":[{"href":"https:\/\/agora.xtec.cat\/ceippractiques2-lleida\/wp-json\/wp\/v2\/media?parent=28"}],"curies":[{"name":"wp","href":"https:\/\/api.w.org\/{rel}","templated":true}]}}

<div class="container">
<div id="headertitle" class="row">
<div class="col-md-12 headertitleint title">
<h3 class="title"><span style="font-family: helvetica, arial, sans-serif; color: #339966;">Funcions del Consell Escolar de Centre</span></h3>
</div>
</div>
</div>
<div>
<div class="field field-name-body field-type-text-with-summary field-label-hidden">
<div class="field-items">
<div class="field-item even">
<ol>
<li><span style="font-family: helvetica, arial, sans-serif;">Aprovar el projecte educatiu i les modificacions corresponents per una majoria de tres cinquenes parts dels membres.</span></li>
<li><span style="font-family: helvetica, arial, sans-serif;">Aprovar la programació general anual del centre i avaluar-ne el desenvolupament i els resultats.</span></li>
<li><span style="font-family: helvetica, arial, sans-serif;">Aprovar les propostes d’acords de corresponsabilitat, convenis i altres acords de col·laboració del centre amb entitats i institucions.</span></li>
<li><span style="font-family: helvetica, arial, sans-serif;">Aprovar les normes d’organització, funcionament i modificacions corresponents.</span></li>
<li><span style="font-family: helvetica, arial, sans-serif;">Aprovar la carta de compromís educatiu.</span></li>
<li><span style="font-family: helvetica, arial, sans-serif;">Aprovar el pressupost del centre i el rendiment de comptes.</span></li>
<li><span style="font-family: helvetica, arial, sans-serif;">Intervenir en el procediment d’admissió d’alumnes.</span></li>
<li><span style="font-family: helvetica, arial, sans-serif;">Participar en el procediment de selecció i proposta de cessament del director o directora.</span></li>
<li><span style="font-family: helvetica, arial, sans-serif;">Intervenir en la resolució de conflictes i, si escau, revisar les</span><br />
<span style="font-family: helvetica, arial, sans-serif;">sancions als alumnes.</span></li>
<li><span style="font-family: helvetica, arial, sans-serif;">Aprovar les directrius per a la programació d’activitats escolars</span><br />
<span style="font-family: helvetica, arial, sans-serif;">complementàries i d&#8217;activitats extraescolars, i avaluar-ne el</span></li>
<li><span style="font-family: helvetica, arial, sans-serif;">Participar en les anàlisi i les avaluacions del funcionament general del centre i conèixer l&#8217;evolució del rendiment escolar.</span></li>
</ol>
</div>
</div>
</div>
</div>

<p>Funcions del Consell Escolar de Centre</p>
<ol>
<li>Aprovar el projecte educatiu i les modificacions corresponents per una majoria de tres cinquenes parts dels membres.</li>
<li>Aprovar la programació general anual del centre i avaluar-ne el desenvolupament i els resultats.</li>
<li>Aprovar les propostes d’acords de corresponsabilitat, convenis i altres acords de&hellip;  <a href="https://agora.xtec.cat/ceippractiques2-lleida/lescola/consell-escolar/" title="Read Consell escolar">Llegeix més»</a><br />
