{"id":26,"date":"2014-09-18T12:24:32","date_gmt":"2014-09-18T11:24:32","guid":{"rendered":"http:\/\/agora.xtec.cat\/ceipportbou\/?page_id=26"},"modified":"2020-05-10T00:45:10","modified_gmt":"2020-05-09T22:45:10","slug":"historia","status":"publish","type":"page","link":"https:\/\/agora.xtec.cat\/ceipportbou\/lescola\/historia\/","title":{"rendered":"Hist\u00f2ria"},"content":{"rendered":"<p><a href=\"https:\/\/agora.xtec.cat\/ceipportbou\/wp-content\/uploads\/usu2003\/2020\/05\/escoles1.gif\"><img loading=\"lazy\" decoding=\"async\" class=\"size-full wp-image-1104 alignleft\" src=\"https:\/\/agora.xtec.cat\/ceipportbou\/wp-content\/uploads\/usu2003\/2020\/05\/escoles1.gif\" alt=\"\" width=\"250\" height=\"165\" \/><\/a>A partir, aproximadament, de l&#8217;any 1870 a Portbou es comen\u00e7a a impartir una ensenyan\u00e7a reglada. Existien quatre tipus d&#8217;ensenyament: l&#8217;oficial o p\u00fablic, el religi\u00f3s per a noies, el particular o laic i el franc\u00e8s.<br \/>\nPer a l&#8217;ensenyament de caire oficial, el poble tenia una escola de nens, situada en uns baixos llogats al senyor Parramon i la senyora S. Homs, que estava a c\u00e0rrec del mestre Josep Pallar\u00e9s. A partir de l&#8217;any 1895 es canviaren de lloc i se situaren en una casa ubicada a la Pla\u00e7a Major propietat de la senyora R. Barneda. La resta de les escoles eren privades. Una de noies, regida per les religioses benedictines; una altre tamb\u00e9 de noies a c\u00e0rrec de les Monges del Nen de Jes\u00fas de Praga; una altra de particular d&#8217;ensenyament laic, i una altra de francesa d&#8217;assist\u00e8ncia mixta a c\u00e0rrec del Vic\u00f2nsul Franc\u00e9s de Portbou. Aix\u00ed doncs, abans de 1899, la vila comptava amb cinc escoles.<br \/>\nEl 30 de juny de l&#8217;any 1889 un grup de ve\u00efns reclam\u00e0 al Consistori, per primera vegada, la necessitat de crear una escola p\u00fablica per a noies. Aix\u00f2, per\u00f2, no fou possible fins deu anys m\u00e9s tard, quan en un local de la Pla\u00e7a Major, llogat a la senyora Maria Andreu i Homs, es comen\u00e7aren a fer les oportunes modificacions per inaugurar a finals de 1900 la primera escola p\u00fablica femenina de la vila regida en primera inst\u00e0ncia per la professora Rosa Comas. D&#8217;aquesta forma Portbou comen\u00e7ava el nou segle amb sis escoles, dos de les quals eren d&#8217;ensenyament p\u00fablic i la resta de caire privat.<br \/>\nEl desordre de les aules p\u00fabliques, no agrupades per no posseir la vila d&#8217;un edifici espec\u00edfic donada la seva curta hist\u00f2ria, oblig\u00e0 a l&#8217;Ajuntament a elaborar un projecte per a la construcci\u00f3 del primer edifici p\u00fablic escolar. Aix\u00ed en uns terrenys de la senyora S. Homs, en el lloc anomenat de la Font del Moro, l&#8217;arquitecte M. Almeda redact\u00e0 el projecte que es constru\u00ed entre els anys 1909 i 1910. Portbou tingu\u00e9 a partir d&#8217;aquest moment la primera escola p\u00fablica agrupada en dos singulars edificis de planta baixa separats per una parcel\u00b7la que feia de pati de l&#8217;escola. Tres anys m\u00e9s tard, al mig de les dos escoles, s&#8217;inaugurava l&#8217;edifici modernista de l&#8217;Ajuntament de la vila.<br \/>\n<a href=\"https:\/\/agora.xtec.cat\/ceipportbou\/wp-content\/uploads\/usu2003\/2020\/05\/escoles2.gif\"><img loading=\"lazy\" decoding=\"async\" class=\"size-full wp-image-1105 alignleft\" src=\"https:\/\/agora.xtec.cat\/ceipportbou\/wp-content\/uploads\/usu2003\/2020\/05\/escoles2.gif\" alt=\"\" width=\"250\" height=\"174\" \/><\/a>El constant creixement del poble i les noves tend\u00e8ncies educatives, van fer que les escoles p\u00fabliques no fossin suficients per impartir els nous ensenyaments pedag\u00f2gics. Finalment i despr\u00e9s de moltes possibles ubicacions, l&#8217;arquitecte provincial, senyor R. S\u00e1nchez Echevarr\u00eda, es decant\u00e0, donades les expectatives de creixement del nucli urb\u00e0, pel Barri del General o &#8220;barri sec&#8221; en terrenys propietat de R. Margineda i M. Surribas que foren comprats per l&#8217;Ajuntament i cedits a l&#8217;Estat, qui comen\u00e7\u00e0 les obres l&#8217;any 1932 i inaugur\u00e0 les noves escoles l&#8217;any 1936. Malauradament el fi d&#8217;aquestes noves escoles estava predestinat pels fets hist\u00f2rics del moment. Aix\u00ed la seva funci\u00f3 educativa va quedar interrompuda amb el primer bombardeig a Portbou, i els alumnes que hi estudiaven nom\u00e9s van poder gaudir de la instal\u00b7laci\u00f3 uns 12 mesos des de la seva inauguraci\u00f3.<br \/>\nAcabada, la Guerra Civil, aquestes escoles foren ocupades per l&#8217;exercit franquista que el va utilitzar com a caserna a partir de l&#8217;any 1939 fins aproximadament l&#8217;any 1950. Posteriorment es destinaren a acollir fam\u00edlies foranes sense llar provinents de diferents llocs del pa\u00eds i fins i tot de fora de Catalunya.<br \/>\nMentrestant les funcions educatives de l&#8217;escola p\u00fablica s&#8217;impartien en els primers edificis, abans esmentats, inaugurats l&#8217;any 1910, encara que el primer ensenyament, els m\u00e9s petits, anaven a classe a les &#8220;hermanes&#8221;, on impartien escola les monges de la congregaci\u00f3 Filles de Maria, &#8211; d&#8217;origen franc\u00e8s &#8211; (la germana Maria i la germana Carme), en un baix de l&#8217;edifici Plan\u00e0s situat en el carrer avui de Les Monges.<br \/>\nNo \u00e9s fins a finals del anys 60, que donades les expectatives de creixement de la vila, s&#8217;iniciaren els tr\u00e0mits per la construcci\u00f3 d&#8217;unes noves escoles p\u00fabliques en el mateix lloc on s&#8217;havien constru\u00eft les de la Rep\u00fablica i que a hores d&#8217;ara estaven en estat de total abandonament.<br \/>\nEntre 1968 i 1969 es derru\u00efren els edificis escolars del Barri del General i es proced\u00ed a la construcci\u00f3 de sis &#8220;barracons&#8221; escolars amb als seus corresponents patis per part del Ministerio de Educaci\u00f3n Nacional. Fou amb aquesta nova escola que s&#8217;inaugur\u00e0 la nova E.G.B., la Ense\u00f1anza General B\u00e1sica. Posteriorment i per posar al dia noves normatives referents a l&#8217;ensenyament s&#8217;ampli\u00e0 la nova escola per acollir tres aules m\u00e9s.<br \/>\n<a href=\"https:\/\/agora.xtec.cat\/ceipportbou\/wp-content\/uploads\/usu2003\/2020\/05\/escola-e1589062725417.jpg\"><img loading=\"lazy\" decoding=\"async\" class=\"wp-image-1099 size-thumbnail alignleft\" src=\"https:\/\/agora.xtec.cat\/ceipportbou\/wp-content\/uploads\/usu2003\/2020\/05\/escola-e1589062725417-150x150.jpg\" alt=\"\" width=\"150\" height=\"150\" \/><\/a>El pas del temps i el mal estat de les instal\u00b7lacions fou el motiu principal per a la construcci\u00f3 d&#8217;una nova escola. El mes de novembre de 1995 s&#8217;adjudiquen les obres del nou centre, dissenyat per l&#8217;arquitecte Jordi Casadevall i Dalmau, per 176 milions de pessetes a l&#8217;empresa Obras y Servicios Hispania S.A. El 10 de gener de 1996 s&#8217;inici\u00e0 l&#8217;enderroc dels &#8220;barracons&#8221; i el dia 16 de febrer es posava la primera pedra del nou centre. Mentre van durar les obres, els prop de 150 alumnes es repartien entre l&#8217;edifici consistorial, l&#8217;immoble de funcionaris i serveis de l&#8217;Ajuntament, i les antigues aules de Les Monges. L&#8217;Escola acabada es pos\u00e0 en funcionament pel curs 1997-98 i per primera vegada a Portbou, el centre disposava en un \u00fanic complex, de gimn\u00e0s i biblioteca a part de les depend\u00e8ncies, despatxos, patis i les aules suficients per l&#8217;ensenyament.<br \/>\nActualment l&#8217;Escola de Portbou, (l&#8217;\u00fanica de la poblaci\u00f3), &#8211; premi d&#8217;arquitectura atorgat l&#8217;any 1997 pel Col\u00b7legi d&#8217;Arquitectes de Catalunya Demarcaci\u00f3 de Girona &#8211; , dedica 7 aules a l&#8217;Educaci\u00f3 Infantil i Prim\u00e0ria i 2 als alumnes de primer cicle d&#8217;ESO., (Educaci\u00f3 Secundaria Obligat\u00f2ria).<br \/>\nPer Joan Gubert i Macias -Cronista Local de la Vila-<\/p>\n","protected":false},"excerpt":{"rendered":"<p><a href=\"https:\/\/agora.xtec.cat\/ceipportbou\/wp-content\/uploads\/usu2003\/2020\/05\/escoles1.gif\"><\/a>A partir, aproximadament, de l&#8217;any 1870 a Portbou es comen\u00e7a a impartir una ensenyan\u00e7a reglada. Existien quatre tipus d&#8217;ensenyament: l&#8217;oficial o p\u00fablic, el religi\u00f3s per a noies, el particular o laic i el franc\u00e8s.<br \/>\nPer a l&#8217;ensenyament de caire oficial, el poble tenia una escola&hellip;  <a href=\"https:\/\/agora.xtec.cat\/ceipportbou\/lescola\/historia\/\" title=\"Read Hist\u00f2ria\">Llegeix m\u00e9s\u00bb<\/a><\/p>\n","protected":false},"author":1,"featured_media":0,"parent":22,"menu_order":20,"comment_status":"closed","ping_status":"closed","template":"page-templates\/side-menu.php","meta":{"_bbp_topic_count":0,"_bbp_reply_count":0,"_bbp_total_topic_count":0,"_bbp_total_reply_count":0,"_bbp_voice_count":0,"_bbp_anonymous_reply_count":0,"_bbp_topic_count_hidden":0,"_bbp_reply_count_hidden":0,"_bbp_forum_subforum_count":0,"footnotes":""},"class_list":["post-26","page","type-page","status-publish","hentry"],"post_mailing_queue_ids":[],"_links":{"self":[{"href":"https:\/\/agora.xtec.cat\/ceipportbou\/wp-json\/wp\/v2\/pages\/26","targetHints":{"allow":["GET"]}}],"collection":[{"href":"https:\/\/agora.xtec.cat\/ceipportbou\/wp-json\/wp\/v2\/pages"}],"about":[{"href":"https:\/\/agora.xtec.cat\/ceipportbou\/wp-json\/wp\/v2\/types\/page"}],"author":[{"embeddable":true,"href":"https:\/\/agora.xtec.cat\/ceipportbou\/wp-json\/wp\/v2\/users\/1"}],"replies":[{"embeddable":true,"href":"https:\/\/agora.xtec.cat\/ceipportbou\/wp-json\/wp\/v2\/comments?post=26"}],"version-history":[{"count":3,"href":"https:\/\/agora.xtec.cat\/ceipportbou\/wp-json\/wp\/v2\/pages\/26\/revisions"}],"predecessor-version":[{"id":1107,"href":"https:\/\/agora.xtec.cat\/ceipportbou\/wp-json\/wp\/v2\/pages\/26\/revisions\/1107"}],"up":[{"embeddable":true,"href":"https:\/\/agora.xtec.cat\/ceipportbou\/wp-json\/wp\/v2\/pages\/22"}],"wp:attachment":[{"href":"https:\/\/agora.xtec.cat\/ceipportbou\/wp-json\/wp\/v2\/media?parent=26"}],"curies":[{"name":"wp","href":"https:\/\/api.w.org\/{rel}","templated":true}]}}