{"id":82,"date":"2014-09-18T14:10:51","date_gmt":"2014-09-18T12:10:51","guid":{"rendered":"http:\/\/agora.xtec.cat\/ceippontdelarcada\/?page_id=82"},"modified":"2024-06-27T12:47:45","modified_gmt":"2024-06-27T10:47:45","slug":"acollida-2","status":"publish","type":"page","link":"https:\/\/agora.xtec.cat\/ceippontdelarcada\/serveis\/acollida-2\/","title":{"rendered":"Acollida"},"content":{"rendered":"<p>L\u2019AMPA de l\u2019escola Pont de l&#8217;Arcada oferta el servei d&#8217;Acollida Escolar als matins, gestionada per l&#8217;empresa <strong><a href=\"http:\/\/www.ellap.cat\/\">ELLAP<\/a> <\/strong>(Esport i Lleure Alt Pened\u00e8s).<\/p>\n<p>Els usuaris poden fer inscripcions en dues modalitats:<\/p>\n<ul>\n<li><strong>HABITUAL<\/strong>: \u00fas m\u00ednim de tres dies a la setmana.<\/li>\n<li><strong>EVENTUAL<\/strong>: \u00fas de menys de dos dies a la setmana o de forma espor\u00e0dica.<\/li>\n<\/ul>\n<p>En tots dos casos, hauran de fer la inscripci\u00f3 abans de poder fer \u00fas del servei, i les quotes seran carregades mensualment al compte corrent designat en la inscripci\u00f3.<\/p>\n<p><b>PREU<\/b><\/p>\n<p><b> <\/b><strong>Habituals<\/strong> 42\u20ac al mes per usuari<\/p>\n<p><strong>Eventuals<\/strong> 4\u20ac al dia per usuari<\/p>\n<p><strong>INSCRIPCIONS<\/strong><\/p>\n<p>Consell comarcal de l&#8217;Alt Pened\u00e8s<\/p>\n<ul>\n<li><a href=\"tel:+34938900000\" target=\"_blank\" rel=\"noopener\" data-linktype=\"external\" data-val=\"Tel:+34938900000\"><strong>Telef\u00f2nic:<\/strong>\u00a093 890 00 00<\/a><\/li>\n<\/ul>\n<p>&nbsp;<\/p>\n<h4 style=\"text-align: center;\"><\/h4>\n<p>&nbsp;<\/p>\n","protected":false},"excerpt":{"rendered":"<p>L\u2019AMPA de l\u2019escola Pont de l&#8217;Arcada oferta el servei d&#8217;Acollida Escolar als matins, gestionada per l&#8217;empresa <a href=\"http:\/\/www.ellap.cat\/\">ELLAP<\/a> (Esport i Lleure Alt Pened\u00e8s).<br \/>\nEls usuaris poden fer inscripcions en dues modalitats:<\/p>\n<ul>\n<li>HABITUAL: \u00fas m\u00ednim de tres dies a la setmana.<\/li>\n<li>EVENTUAL: \u00fas de menys de dos dies a&hellip;  <a href=\"https:\/\/agora.xtec.cat\/ceippontdelarcada\/serveis\/acollida-2\/\" title=\"Read Acollida\">Llegeix m\u00e9s\u00bb<\/a><br \/>\n","protected":false},"author":1,"featured_media":0,"parent":66,"menu_order":50,"comment_status":"closed","ping_status":"closed","template":"page-templates\/side-menu.php","meta":{"_bbp_topic_count":0,"_bbp_reply_count":0,"_bbp_total_topic_count":0,"_bbp_total_reply_count":0,"_bbp_voice_count":0,"_bbp_anonymous_reply_count":0,"_bbp_topic_count_hidden":0,"_bbp_reply_count_hidden":0,"_bbp_forum_subforum_count":0,"footnotes":""},"class_list":["post-82","page","type-page","status-publish","hentry"],"post_mailing_queue_ids":[],"_links":{"self":[{"href":"https:\/\/agora.xtec.cat\/ceippontdelarcada\/wp-json\/wp\/v2\/pages\/82","targetHints":{"allow":["GET"]}}],"collection":[{"href":"https:\/\/agora.xtec.cat\/ceippontdelarcada\/wp-json\/wp\/v2\/pages"}],"about":[{"href":"https:\/\/agora.xtec.cat\/ceippontdelarcada\/wp-json\/wp\/v2\/types\/page"}],"author":[{"embeddable":true,"href":"https:\/\/agora.xtec.cat\/ceippontdelarcada\/wp-json\/wp\/v2\/users\/1"}],"replies":[{"embeddable":true,"href":"https:\/\/agora.xtec.cat\/ceippontdelarcada\/wp-json\/wp\/v2\/comments?post=82"}],"version-history":[{"count":5,"href":"https:\/\/agora.xtec.cat\/ceippontdelarcada\/wp-json\/wp\/v2\/pages\/82\/revisions"}],"predecessor-version":[{"id":3462,"href":"https:\/\/agora.xtec.cat\/ceippontdelarcada\/wp-json\/wp\/v2\/pages\/82\/revisions\/3462"}],"up":[{"embeddable":true,"href":"https:\/\/agora.xtec.cat\/ceippontdelarcada\/wp-json\/wp\/v2\/pages\/66"}],"wp:attachment":[{"href":"https:\/\/agora.xtec.cat\/ceippontdelarcada\/wp-json\/wp\/v2\/media?parent=82"}],"curies":[{"name":"wp","href":"https:\/\/api.w.org\/{rel}","templated":true}]}}