{"id":84,"date":"2014-09-18T14:11:31","date_gmt":"2014-09-18T13:11:31","guid":{"rendered":"http:\/\/agora.xtec.cat\/ceippontdelacadena\/?page_id=84"},"modified":"2025-09-14T10:15:13","modified_gmt":"2025-09-14T08:15:13","slug":"activitats-extraescolars","status":"publish","type":"page","link":"https:\/\/agora.xtec.cat\/ceippontdelacadena\/serveis\/activitats-extraescolars\/","title":{"rendered":"Activitats extraescolars"},"content":{"rendered":"<p data-start=\"557\" data-end=\"654\"><strong data-start=\"557\" data-end=\"585\">Activitats extraescolars<\/strong>\u00a0<br data-start=\"591\" data-end=\"594\" \/>Les activitats extraescolars estan organitzades per l\u2019AFA.<\/p>\n<p data-start=\"656\" data-end=\"712\">\ud83d\udcc5 <em data-start=\"659\" data-end=\"710\">El per\u00edode d\u2019inscripci\u00f3 \u00e9s fins al 7 de setembre.<\/em><\/p>\n<p data-start=\"714\" data-end=\"858\">Podeu consultar tota la informaci\u00f3 detallada i inscriure els infants a trav\u00e9s del seg\u00fcent enlla\u00e7: <a href=\"https:\/\/drive.google.com\/file\/d\/1FWpOIS6rScyh6rTbe50Zc71UhDsowZhA\/view\" target=\"_blank\" rel=\"noopener\"><strong data-start=\"815\" data-end=\"856\">DOSSIER_EXTRAESCOLARS_2526.docx_1.pdf<\/strong><\/a><\/p>\n<p data-start=\"860\" data-end=\"937\">\u2709\ufe0f Per qualsevol dubte, podeu escriure a: <strong data-start=\"902\" data-end=\"935\"><a class=\"decorated-link cursor-pointer\" rel=\"noopener\" data-start=\"904\" data-end=\"933\">extraescolarselpont@gmail.com<\/a><\/strong><\/p>\n","protected":false},"excerpt":{"rendered":"<p>Activitats extraescolars\u00a0Les activitats extraescolars estan organitzades per l\u2019AFA.<br \/>\n\ud83d\udcc5 El per\u00edode d\u2019inscripci\u00f3 \u00e9s fins al 7 de setembre.<br \/>\nPodeu consultar tota la informaci\u00f3 detallada i inscriure els infants a trav\u00e9s del seg\u00fcent enlla\u00e7: <a href=\"https:\/\/drive.google.com\/file\/d\/1FWpOIS6rScyh6rTbe50Zc71UhDsowZhA\/view\" target=\"_blank\" rel=\"noopener\">DOSSIER_EXTRAESCOLARS_2526.docx_1.pdf<\/a><br \/>\n\u2709\ufe0f Per qualsevol dubte, podeu escriure a: <a class=\"decorated-link cursor-pointer\" rel=\"noopener\"&hellip;  <a href=\"https:\/\/agora.xtec.cat\/ceippontdelacadena\/serveis\/activitats-extraescolars\/\" title=\"Read Activitats extraescolars\">Llegeix m\u00e9s\u00bb<\/a><\/p>\n","protected":false},"author":1,"featured_media":0,"parent":66,"menu_order":60,"comment_status":"closed","ping_status":"closed","template":"page-templates\/side-menu.php","meta":{"_bbp_topic_count":0,"_bbp_reply_count":0,"_bbp_total_topic_count":0,"_bbp_total_reply_count":0,"_bbp_voice_count":0,"_bbp_anonymous_reply_count":0,"_bbp_topic_count_hidden":0,"_bbp_reply_count_hidden":0,"_bbp_forum_subforum_count":0,"footnotes":""},"class_list":["post-84","page","type-page","status-publish","hentry"],"post_mailing_queue_ids":[],"_links":{"self":[{"href":"https:\/\/agora.xtec.cat\/ceippontdelacadena\/wp-json\/wp\/v2\/pages\/84","targetHints":{"allow":["GET"]}}],"collection":[{"href":"https:\/\/agora.xtec.cat\/ceippontdelacadena\/wp-json\/wp\/v2\/pages"}],"about":[{"href":"https:\/\/agora.xtec.cat\/ceippontdelacadena\/wp-json\/wp\/v2\/types\/page"}],"author":[{"embeddable":true,"href":"https:\/\/agora.xtec.cat\/ceippontdelacadena\/wp-json\/wp\/v2\/users\/1"}],"replies":[{"embeddable":true,"href":"https:\/\/agora.xtec.cat\/ceippontdelacadena\/wp-json\/wp\/v2\/comments?post=84"}],"version-history":[{"count":6,"href":"https:\/\/agora.xtec.cat\/ceippontdelacadena\/wp-json\/wp\/v2\/pages\/84\/revisions"}],"predecessor-version":[{"id":5069,"href":"https:\/\/agora.xtec.cat\/ceippontdelacadena\/wp-json\/wp\/v2\/pages\/84\/revisions\/5069"}],"up":[{"embeddable":true,"href":"https:\/\/agora.xtec.cat\/ceippontdelacadena\/wp-json\/wp\/v2\/pages\/66"}],"wp:attachment":[{"href":"https:\/\/agora.xtec.cat\/ceippontdelacadena\/wp-json\/wp\/v2\/media?parent=84"}],"curies":[{"name":"wp","href":"https:\/\/api.w.org\/{rel}","templated":true}]}}