{"id":28,"date":"2014-09-18T12:29:35","date_gmt":"2014-09-18T11:29:35","guid":{"rendered":"http:\/\/agora.xtec.cat\/ceippontdelacadena\/?page_id=28"},"modified":"2025-09-14T09:52:15","modified_gmt":"2025-09-14T07:52:15","slug":"consell-escolar","status":"publish","type":"page","link":"https:\/\/agora.xtec.cat\/ceippontdelacadena\/lescola\/consell-escolar\/","title":{"rendered":"Consell escolar"},"content":{"rendered":"<p>El consell escolar del centre \u00e9s l&#8217;\u00f2rgan col\u00b7legiat de participaci\u00f3 de la comunitat escolar en el govern del centre. Hi ha representats tots els col\u00b7lectius que intervenen en la comunitat educativa: director, professorat, alumnat, personal d&#8217;administraci\u00f3 i serveis, etc.<\/p>\n<p>La funci\u00f3 principal del consell escolar \u00e9s participar en la presa de decisions en relaci\u00f3 amb aquells temes importants per al funcionament i l&#8217;organitzaci\u00f3 del centre: el projecte educatiu, la programaci\u00f3 general, la gesti\u00f3 econ\u00f2mica, etc.<\/p>\n<p>Els membres del consell escolar s\u00f3n elegits per un per\u00edode de quatre anys i es renoven per meitats cada dos anys.<\/p>\n<p>La composici\u00f3 del consell escolar de la nostra \u00e9s la seg\u00fcent:<\/p>\n<table style=\"border-collapse: collapse; width: 69.3622%; height: 270px;\" border=\"1\">\n<tbody>\n<tr style=\"height: 30px;\">\n<td style=\"width: 19.444%; height: 30px;\"><strong>Presidenta:<\/strong><\/td>\n<td style=\"width: 46.6145%; height: 30px;\">Mireia Alonso<\/td>\n<\/tr>\n<tr style=\"height: 30px;\">\n<td style=\"width: 19.444%; height: 30px;\"><strong>Secret\u00e0ria:\u00a0<\/strong><\/td>\n<td style=\"width: 46.6145%; height: 30px;\">Maria Rozal\u00e9n<\/td>\n<\/tr>\n<tr style=\"height: 30px;\">\n<td style=\"width: 19.444%; height: 30px;\"><strong>Representant equip directiu:\u00a0<\/strong><\/td>\n<td style=\"width: 46.6145%; height: 30px;\">Sonia P\u00e9rez<\/td>\n<\/tr>\n<tr style=\"height: 45px;\">\n<td style=\"width: 19.444%; height: 45px;\"><strong>Representants fam\u00edlies:\u00a0<\/strong><\/td>\n<td style=\"width: 46.6145%; height: 45px;\">D\u00e9bora B\u00e1ez, Alberto Magall\u00f3n, Endeis Prieto, Ana\u00efs Almirall i Josep Usero<\/td>\n<\/tr>\n<tr style=\"height: 30px;\">\n<td style=\"width: 19.444%; height: 30px;\"><strong>Representant PAS:\u00a0<\/strong><\/td>\n<td style=\"width: 46.6145%; height: 30px;\">Mariola Fern\u00e1ndez<\/td>\n<\/tr>\n<tr style=\"height: 45px;\">\n<td style=\"width: 19.444%; height: 45px;\"><strong>Representants mestres:\u00a0<\/strong><\/td>\n<td style=\"width: 46.6145%; height: 45px;\">\u00a0&#8211; , Sara Blasco, Laura Torres<\/td>\n<\/tr>\n<tr style=\"height: 30px;\">\n<td style=\"width: 19.444%; height: 30px;\"><strong>Representant ajuntament:\u00a0<\/strong><\/td>\n<td style=\"width: 46.6145%; height: 30px;\">Lucas Ferro<\/td>\n<\/tr>\n<tr style=\"height: 30px;\">\n<td style=\"width: 19.444%; height: 30px;\"><strong>Representant AFA:\u00a0<\/strong><\/td>\n<td style=\"width: 46.6145%; height: 30px;\">Marta Campderr\u00f3s<\/td>\n<\/tr>\n<\/tbody>\n<\/table>\n<p>&nbsp;<\/p>\n","protected":false},"excerpt":{"rendered":"<p>El consell escolar del centre \u00e9s l&#8217;\u00f2rgan col\u00b7legiat de participaci\u00f3 de la comunitat escolar en el govern del centre. Hi ha representats tots els col\u00b7lectius que intervenen en la comunitat educativa: director, professorat, alumnat, personal d&#8217;administraci\u00f3 i serveis, etc.<br \/>\nLa funci\u00f3 principal del consell escolar \u00e9s&hellip;  <a href=\"https:\/\/agora.xtec.cat\/ceippontdelacadena\/lescola\/consell-escolar\/\" title=\"Read Consell escolar\">Llegeix m\u00e9s\u00bb<\/a><\/p>\n","protected":false},"author":1,"featured_media":0,"parent":22,"menu_order":5,"comment_status":"closed","ping_status":"closed","template":"page-templates\/side-menu.php","meta":{"_bbp_topic_count":0,"_bbp_reply_count":0,"_bbp_total_topic_count":0,"_bbp_total_reply_count":0,"_bbp_voice_count":0,"_bbp_anonymous_reply_count":0,"_bbp_topic_count_hidden":0,"_bbp_reply_count_hidden":0,"_bbp_forum_subforum_count":0,"footnotes":""},"class_list":["post-28","page","type-page","status-publish","hentry"],"post_mailing_queue_ids":[],"_links":{"self":[{"href":"https:\/\/agora.xtec.cat\/ceippontdelacadena\/wp-json\/wp\/v2\/pages\/28","targetHints":{"allow":["GET"]}}],"collection":[{"href":"https:\/\/agora.xtec.cat\/ceippontdelacadena\/wp-json\/wp\/v2\/pages"}],"about":[{"href":"https:\/\/agora.xtec.cat\/ceippontdelacadena\/wp-json\/wp\/v2\/types\/page"}],"author":[{"embeddable":true,"href":"https:\/\/agora.xtec.cat\/ceippontdelacadena\/wp-json\/wp\/v2\/users\/1"}],"replies":[{"embeddable":true,"href":"https:\/\/agora.xtec.cat\/ceippontdelacadena\/wp-json\/wp\/v2\/comments?post=28"}],"version-history":[{"count":7,"href":"https:\/\/agora.xtec.cat\/ceippontdelacadena\/wp-json\/wp\/v2\/pages\/28\/revisions"}],"predecessor-version":[{"id":5041,"href":"https:\/\/agora.xtec.cat\/ceippontdelacadena\/wp-json\/wp\/v2\/pages\/28\/revisions\/5041"}],"up":[{"embeddable":true,"href":"https:\/\/agora.xtec.cat\/ceippontdelacadena\/wp-json\/wp\/v2\/pages\/22"}],"wp:attachment":[{"href":"https:\/\/agora.xtec.cat\/ceippontdelacadena\/wp-json\/wp\/v2\/media?parent=28"}],"curies":[{"name":"wp","href":"https:\/\/api.w.org\/{rel}","templated":true}]}}