{"id":9830,"date":"2022-11-09T16:55:08","date_gmt":"2022-11-09T15:55:08","guid":{"rendered":"https:\/\/agora.xtec.cat\/ceipponent-granollers\/?page_id=9830"},"modified":"2022-11-21T15:03:55","modified_gmt":"2022-11-21T14:03:55","slug":"diagnosi","status":"publish","type":"page","link":"https:\/\/agora.xtec.cat\/ceipponent-granollers\/estrategia-digital-de-centre-edc\/diagnosi\/","title":{"rendered":"Diagnosi"},"content":{"rendered":"<p dir=\"ltr\">Per fer la diagnosi, la Comissi\u00f3 Digital del Centre ha utilitzat diferents recursos:<\/p>\n<p dir=\"ltr\">1.- Per una banda s\u2019ha passat el formulari\u00a0<strong>SELFIE<\/strong>, \u00e9s una eina gratu\u00efta, personalitzable i f\u00e0cil d\u2019usar que pret\u00e9n ajudar els centres educatius a avaluar en quin punt es troben en relaci\u00f3 amb l\u2019aprenentatge a l\u2019era digital.<\/p>\n<p dir=\"ltr\">S\u2019ha passat a quatre bandes: a l\u2019equip directiu, als coordinadors i coordinadores de cicle, a tot el claustre i a 200 alumnes (de 3r, 4t 5\u00e8 i 6\u00e8 de Prim\u00e0ria).<\/p>\n<p dir=\"ltr\">2.-\u00a0<strong>Formulari de Compet\u00e8ncia Digital Docent<\/strong> que tot el claustre, incloent l&#8217;equip directiu, ha omplert. Aquest \u00e9s un formulari creat pel Departament d\u2019Educaci\u00f3 per veure en quin punt maduratiu es troba el o la mestre\/a digitalment parlant.<\/p>\n<p dir=\"ltr\">3.- <strong>Formulari a les fam\u00edlies<\/strong>. \u00c9s un formulari que vam enviar pels grups de WhatsApp, p\u00e0gina web, Telegram i xarxes socials a totes les fam\u00edlies de l\u2019escola on els vam fer un seguit de preguntes molt f\u00e0cils de respondre perqu\u00e8 puguem obtenir informaci\u00f3 de la sensaci\u00f3 que tenen les fam\u00edlies sobre tot el que fem a l\u2019escola en l\u2019\u00e0mbit digital, si es coneixen les vies de comunicaci\u00f3 fam\u00edlia-escola, si saben quines eines digitals utilitzen els seus fills i filles, si coneixen les xarxes socials del centre, etc.<\/p>\n<p dir=\"ltr\">4.- <strong>Entrevistes a les fam\u00edlies.<\/strong> S&#8217;han fet diferents entrevistes a fam\u00edlies de manera aleat\u00f2ria. Aquestes entrevistes han estat destinades a con\u00e8ixer l&#8217;opini\u00f3 de les fam\u00edlies respecte a l&#8217;\u00e0mbit digital de l&#8217;escola, la comunicaci\u00f3 fam\u00edlia-escola, entorns virtuals d&#8217;aprenentatge, eines digitals, millores possibles.<\/p>\n<p dir=\"ltr\">5.- <strong>Enquesta al Consell Escolar del Centre<\/strong>. Al consell escolar, com\u00a0l&#8217;\u00f2rgan\u00a0decisiu de l&#8217;escola, s&#8217;ha passat un formulari i s&#8217;ha fet un debat sobre la utilitzaci\u00f3 de les eines digitals de l&#8217;escola, la comunicaci\u00f3 fam\u00edlia-escola, entorns virtuals d&#8217;aprenentatge, maquinari a l&#8217;escola i a casa, \u00fas de la tecnologia al centre i a casa per tal d&#8217;obtenir m\u00e9s informaci\u00f3 i possibles aspectes a millorar.<\/p>\n<p dir=\"ltr\">6.- <strong>Revisi\u00f3 de la documentaci\u00f3 del Centre.\u00a0<\/strong>La comissi\u00f3 digital de centre conjuntament amb l&#8217;equip directiu ha fet una observaci\u00f3 sobre els documents oficials del centre i la relaci\u00f3 que tenen amb l&#8217;\u00e0mbit digital per tal de realitzar canvis, ampliar o reduir aspectes ja obsolets de fa anys.<\/p>\n<p dir=\"ltr\"><img decoding=\"async\" src=\"https:\/\/agora.xtec.cat\/escolajoseppla\/wp-content\/uploads\/usu1495\/2022\/06\/diagnosi.jpg\" \/><\/p>\n<p dir=\"ltr\">Amb tota la informaci\u00f3 que s\u2019ha extret dels diferents formularis que s\u2019han passat a tots els agents de la Comunitat Educativa del centre, ens hem fet una visi\u00f3 molt global del punt on es troba el centre en general pel que fa a les tecnologies i recursos digitals.<\/p>\n<p dir=\"ltr\">D\u2019aquest an\u00e0lisi s\u2019han extret uns punts forts i punts febles que utilitzarem per establir uns objectius a mitj\u00e0 i llarg termini:<\/p>\n<table style=\"border-collapse: collapse; width: 100%;\">\n<tbody>\n<tr>\n<td style=\"width: 50%; background-color: #f7ade7; text-align: center;\"><strong>ASPECTES A MILLORAR<\/strong><\/td>\n<td style=\"width: 50%; background-color: #83f285; text-align: center;\"><strong>PUNTS FORTS<\/strong><\/td>\n<\/tr>\n<tr>\n<td style=\"width: 50%;\">&#8211; Adaptacions tecnol\u00f2giques a les necessitats de l&#8217;alumnat.<\/td>\n<td style=\"width: 50%;\">&#8211; Implicaci\u00f3 de la comunitat educativa en les tasques digitals.<\/td>\n<\/tr>\n<tr>\n<td style=\"width: 50%;\">&#8211; Estrat\u00e8gia digital de centre antiquada.<\/td>\n<td style=\"width: 50%;\">&#8211; Comportaments segurs de l&#8217;alumnat a Internet.<\/td>\n<\/tr>\n<tr>\n<td style=\"width: 50%;\">&#8211; Retroalimentaci\u00f3 en les tasques digitals.<\/td>\n<td style=\"width: 50%;\">&#8211; Dispositius digitals de l&#8217;escola (tauletes, port\u00e0tils, ordinadors de sobretaula, rob\u00f2tica, pantalles interactives&#8230;)<\/td>\n<\/tr>\n<tr>\n<td style=\"width: 50%;\">&#8211; Assist\u00e8ncia t\u00e8cnica.<\/td>\n<td style=\"width: 50%;\">&#8211; Debat sobre l&#8217;\u00fas de la tecnologia a l&#8217;escola.<\/td>\n<\/tr>\n<tr>\n<td style=\"width: 50%;\">&#8211; Instruments d&#8217;avaluaci\u00f3 (coavaluacions i autoavaluacions de manera digital)<\/td>\n<td style=\"width: 50%;\">&#8211; Un bon acc\u00e9s a Internet.<\/td>\n<\/tr>\n<tr>\n<td style=\"width: 50%;\">&#8211; \u00das d&#8217;eines digitals a les classes.<\/td>\n<td style=\"width: 50%;\">&#8211; Implicaci\u00f3 i motivaci\u00f3 de l&#8217;alumnat<\/td>\n<\/tr>\n<tr>\n<td style=\"width: 50%;\">&#8211; Incorporaci\u00f3 d&#8217;eines i instruments digitals a les programacions.<\/td>\n<td style=\"width: 50%;\">&#8211; Col\u00b7laboraci\u00f3 amb agents externs<\/td>\n<\/tr>\n<tr>\n<td style=\"width: 50%;\">&#8211; El professorat del nostre centre crea recursos digitals per a refor\u00e7ar la seva labor d\u2019ensenyament.<\/td>\n<td style=\"width: 50%;\">&#8211; Infraestructura referent a la wifi, connectivitat, punts d&#8217;acc\u00e9s&#8230;<\/td>\n<\/tr>\n<tr>\n<td style=\"width: 50%;\">&#8211; Manca de formaci\u00f3 digital a les fam\u00edlies de l&#8217;escola.<\/td>\n<td style=\"width: 50%;\">&#8211; Participaci\u00f3 en cursos, seminaris, capsules&#8230; referents a les TAC<\/td>\n<\/tr>\n<tr>\n<td style=\"width: 50%;\">&#8211; Organitzar l&#8217;\u00fas de les tecnologies digitals tenint en compte els diferents ambients d\u2019aprenentatge.<\/td>\n<td style=\"width: 50%;\">&#8211; Utilitzaci\u00f3 dels diferents EVA a l&#8217;escola (Classdojo, Classroom)<\/td>\n<\/tr>\n<tr>\n<td style=\"width: 50%;\">&#8211; Tractar la informaci\u00f3 num\u00e8rica.<\/td>\n<td style=\"width: 50%;\">&#8211; Diferents vies de comunicaci\u00f3 (grups de WhatsApp, Telegram, TockApp, Web del centre, Instagram, Twitter)<\/td>\n<\/tr>\n<tr>\n<td style=\"width: 50%;\">&#8211; Con\u00e8ixer i fomentar la protecci\u00f3 dels drets fonamentals a l&#8217;honor, la intimitat personal i la pr\u00f2pia imatge en l&#8217;\u00fas de les tecnologies digitals.<\/td>\n<td style=\"width: 50%;\">&#8211; Navegaci\u00f3 i comunicaci\u00f3 en el m\u00f3n digital.<\/td>\n<\/tr>\n<tr>\n<td style=\"width: 50%;\">&#8211; Fer pr\u00e0ctica reflexiva sobre la pr\u00e0ctica professional relacionada amb les tecnologies digitals.<\/td>\n<td style=\"width: 50%;\"><\/td>\n<\/tr>\n<tr>\n<td style=\"width: 50%;\">&#8211; Promocionar l\u2019acc\u00e9s als recursos respectant la propietat intel\u00b7lectual.<\/td>\n<td style=\"width: 50%;\"><\/td>\n<\/tr>\n<tr>\n<td style=\"width: 50%;\">&#8211; Tractar la informaci\u00f3 gr\u00e0fica, sonora i de la imatge en moviment.<\/td>\n<td style=\"width: 50%;\"><\/td>\n<\/tr>\n<\/tbody>\n<\/table>\n","protected":false},"excerpt":{"rendered":"<p>Per fer la diagnosi, la Comissi\u00f3 Digital del Centre ha utilitzat diferents recursos:<br \/>\n1.- Per una banda s\u2019ha passat el formulari\u00a0SELFIE, \u00e9s una eina gratu\u00efta, personalitzable i f\u00e0cil d\u2019usar que pret\u00e9n ajudar els centres educatius a avaluar en quin punt es troben en relaci\u00f3 amb l\u2019aprenentatge&hellip;  <a href=\"https:\/\/agora.xtec.cat\/ceipponent-granollers\/estrategia-digital-de-centre-edc\/diagnosi\/\" title=\"Read Diagnosi\">Llegeix m\u00e9s\u00bb<\/a><\/p>\n","protected":false},"author":24,"featured_media":0,"parent":9827,"menu_order":0,"comment_status":"closed","ping_status":"closed","template":"page-templates\/side-menu.php","meta":{"_bbp_topic_count":0,"_bbp_reply_count":0,"_bbp_total_topic_count":0,"_bbp_total_reply_count":0,"_bbp_voice_count":0,"_bbp_anonymous_reply_count":0,"_bbp_topic_count_hidden":0,"_bbp_reply_count_hidden":0,"_bbp_forum_subforum_count":0,"footnotes":""},"class_list":["post-9830","page","type-page","status-publish","hentry"],"post_mailing_queue_ids":[],"_links":{"self":[{"href":"https:\/\/agora.xtec.cat\/ceipponent-granollers\/wp-json\/wp\/v2\/pages\/9830","targetHints":{"allow":["GET"]}}],"collection":[{"href":"https:\/\/agora.xtec.cat\/ceipponent-granollers\/wp-json\/wp\/v2\/pages"}],"about":[{"href":"https:\/\/agora.xtec.cat\/ceipponent-granollers\/wp-json\/wp\/v2\/types\/page"}],"author":[{"embeddable":true,"href":"https:\/\/agora.xtec.cat\/ceipponent-granollers\/wp-json\/wp\/v2\/users\/24"}],"replies":[{"embeddable":true,"href":"https:\/\/agora.xtec.cat\/ceipponent-granollers\/wp-json\/wp\/v2\/comments?post=9830"}],"version-history":[{"count":3,"href":"https:\/\/agora.xtec.cat\/ceipponent-granollers\/wp-json\/wp\/v2\/pages\/9830\/revisions"}],"predecessor-version":[{"id":9899,"href":"https:\/\/agora.xtec.cat\/ceipponent-granollers\/wp-json\/wp\/v2\/pages\/9830\/revisions\/9899"}],"up":[{"embeddable":true,"href":"https:\/\/agora.xtec.cat\/ceipponent-granollers\/wp-json\/wp\/v2\/pages\/9827"}],"wp:attachment":[{"href":"https:\/\/agora.xtec.cat\/ceipponent-granollers\/wp-json\/wp\/v2\/media?parent=9830"}],"curies":[{"name":"wp","href":"https:\/\/api.w.org\/{rel}","templated":true}]}}