{"id":841,"date":"2017-02-16T13:55:10","date_gmt":"2017-02-16T12:55:10","guid":{"rendered":"http:\/\/agora.xtec.cat\/ceipponent-granollers\/?page_id=841"},"modified":"2022-08-31T20:31:39","modified_gmt":"2022-08-31T18:31:39","slug":"plc-projecte-linguistic","status":"publish","type":"page","link":"https:\/\/agora.xtec.cat\/ceipponent-granollers\/casal-destiu\/plc-projecte-linguistic\/","title":{"rendered":"Projecte ling\u00fc\u00edstic (PL)"},"content":{"rendered":"<p>El Projecte Ling\u00fc\u00edstic de Centre (PLC) regula l\u2019\u00fas de les lleng\u00fces en els diferents \u00e0mbits del centre i \u00e9s un instrument que ens ajuda a materialitzar un projecte consensuat que ens possibilita una organitzaci\u00f3 i gesti\u00f3, d&#8217;acord amb la normativa vigent, de manera aut\u00f2noma.<\/p>\n<p>Aquest projecte ens permet:<\/p>\n<p>&#8211; Adaptar-nos a les necessitats concretes del nostre alumnat.<\/p>\n<p>&#8211; Cercar les millors vies per tal de garantir una igualtat d\u2019oportunitats a tot l\u2019alumnat, independentment del seu origen ling\u00fc\u00edstic i social.<\/p>\n<p>&#8211; Tenir sempre present la diversitat cultural i pluriling\u00fce existent a l\u2019escola.<\/p>\n<p>El PLC ha de ser un instrument que permeti pensar en les millors maneres de garantir el dret de tota persona, a poder fer servir les dues lleng\u00fces oficials a Catalunya: Catal\u00e0 i Castell\u00e0, a mantenir les seves lleng\u00fces familiars i a aprendre d\u2019altres lleng\u00fces . En el nostre cas: Llengua catalana com a llengua vehicular i d\u2019aprenentatge, llengua castellana cooficial a Catalunya i llengua anglesa que \u00e9s la llengua estrangera per la qual hem optat.<\/p>\n<p>Aquest PLC forma part del nostre projecte educatiu pluriling\u00fce, en el qual el catal\u00e0 n\u2019\u00e9s l\u2019eix vertebrador i garanteix que el tractament de les lleng\u00fces donar\u00e0 resposta a la situaci\u00f3 socioling\u00fc\u00edstica de l\u2019alumnat i aix\u00ed mateix que la llengua catalana ser\u00e0 la llengua d\u2019aprenentatge i d\u2019\u00fas vehicular en tots els \u00e0mbits . Est\u00e0 elaborat en base a la normativa de pol\u00edtica ling\u00fc\u00edstica vigent a Catalunya i particularment en el Decret 142\/007 del 26 de juny.<\/p>\n<p>Abasta tota la l\u00ednia vertical d\u2019Educaci\u00f3 Infantil i Prim\u00e0ria.<\/p>\n<p>&nbsp;<\/p>\n<p><strong>Clica aqu\u00ed per veure&#8217;l actualitzat:\u00a0 <a href=\"https:\/\/agora.xtec.cat\/ceipponent-granollers\/wp-content\/uploads\/usu1522\/2022\/08\/Proj-Ling_Modificacio\u0301-2022_Punt-7.1-1.pdf\">Proj Ling_Modificacio\u0301 2022_Punt 7.1 (1)<\/a><br \/>\n<\/strong><\/p>\n<p>&nbsp;<\/p>\n<p>&nbsp;<\/p>\n<p>&nbsp;<\/p>\n","protected":false},"excerpt":{"rendered":"<p>El Projecte Ling\u00fc\u00edstic de Centre (PLC) regula l\u2019\u00fas de les lleng\u00fces en els diferents \u00e0mbits del centre i \u00e9s un instrument que ens ajuda a materialitzar un projecte consensuat que ens possibilita una organitzaci\u00f3 i gesti\u00f3, d&#8217;acord amb la normativa vigent, de manera aut\u00f2noma.<br \/>\nAquest projecte&hellip;  <a href=\"https:\/\/agora.xtec.cat\/ceipponent-granollers\/casal-destiu\/plc-projecte-linguistic\/\" title=\"Read Projecte ling\u00fc\u00edstic (PL)\">Llegeix m\u00e9s\u00bb<\/a><\/p>\n","protected":false},"author":1,"featured_media":0,"parent":82,"menu_order":4,"comment_status":"closed","ping_status":"closed","template":"page-templates\/side-menu.php","meta":{"_bbp_topic_count":0,"_bbp_reply_count":0,"_bbp_total_topic_count":0,"_bbp_total_reply_count":0,"_bbp_voice_count":0,"_bbp_anonymous_reply_count":0,"_bbp_topic_count_hidden":0,"_bbp_reply_count_hidden":0,"_bbp_forum_subforum_count":0,"footnotes":""},"class_list":["post-841","page","type-page","status-publish","hentry"],"post_mailing_queue_ids":[],"_links":{"self":[{"href":"https:\/\/agora.xtec.cat\/ceipponent-granollers\/wp-json\/wp\/v2\/pages\/841","targetHints":{"allow":["GET"]}}],"collection":[{"href":"https:\/\/agora.xtec.cat\/ceipponent-granollers\/wp-json\/wp\/v2\/pages"}],"about":[{"href":"https:\/\/agora.xtec.cat\/ceipponent-granollers\/wp-json\/wp\/v2\/types\/page"}],"author":[{"embeddable":true,"href":"https:\/\/agora.xtec.cat\/ceipponent-granollers\/wp-json\/wp\/v2\/users\/1"}],"replies":[{"embeddable":true,"href":"https:\/\/agora.xtec.cat\/ceipponent-granollers\/wp-json\/wp\/v2\/comments?post=841"}],"version-history":[{"count":3,"href":"https:\/\/agora.xtec.cat\/ceipponent-granollers\/wp-json\/wp\/v2\/pages\/841\/revisions"}],"predecessor-version":[{"id":9164,"href":"https:\/\/agora.xtec.cat\/ceipponent-granollers\/wp-json\/wp\/v2\/pages\/841\/revisions\/9164"}],"up":[{"embeddable":true,"href":"https:\/\/agora.xtec.cat\/ceipponent-granollers\/wp-json\/wp\/v2\/pages\/82"}],"wp:attachment":[{"href":"https:\/\/agora.xtec.cat\/ceipponent-granollers\/wp-json\/wp\/v2\/media?parent=841"}],"curies":[{"name":"wp","href":"https:\/\/api.w.org\/{rel}","templated":true}]}}