{"id":22,"date":"2014-09-18T12:19:57","date_gmt":"2014-09-18T10:19:57","guid":{"rendered":"http:\/\/agora.xtec.cat\/ceipponent-granollers\/?page_id=22"},"modified":"2018-02-08T11:24:43","modified_gmt":"2018-02-08T10:24:43","slug":"lescola","status":"publish","type":"page","link":"https:\/\/agora.xtec.cat\/ceipponent-granollers\/lescola\/","title":{"rendered":"L&#8217;ESCOLA"},"content":{"rendered":"<p><span class=\"ff2 fs18\">Som una Escola catalana, laica, diversa, inclusiva i coeducativa.<\/span><\/p>\n<p>Divulguem i potenciem els valors democr\u00e0tics, solidaris, aix\u00ed com el concepte de pertinen\u00e7a a l\u2019entorn m\u00e9s immediat, el pa\u00eds.<\/p>\n<p>Els objectius pedag\u00f2gics del centre s\u00f3n els seg\u00fcents:<\/p>\n<p>&#8211;<wbr \/> Preparar persones amb un bon nivell d\u2019aprenentatges i compet\u00e8ncies, capaces de seguir b\u00e9 els estudis obligatoris i postobligatoris.<\/p>\n<p>&#8211;<wbr \/> Educar i formar persones motivades per la cultura, emprenedores, aut\u00f2nomes i creatives.<\/p>\n<p>&#8211;<wbr \/> Donar a con\u00e8ixer les habilitats socials per tenir una vida emocionalment equilibrada.<\/p>\n<p>&#8211;<wbr \/> Fomentar el treball en equip i el respecte per les idees dels altres.<\/p>\n<p>&#8211;<wbr \/> Orientar els alumnes a trav\u00e9s d\u2019una acci\u00f3 tutorial individualitzada.<\/p>\n<p>&#8211;<wbr \/> Acollir i facilitar la integraci\u00f3 dels i les alumnes i les fam\u00edlies en la societat.<\/p>\n<p>&#8211;<wbr \/> Valorar la diversitat cultural com una riquesa social.<\/p>\n<p>&#8211;<wbr \/> Potenciar molt la comunicaci\u00f3 escola-<wbr \/>fam\u00edlia.<\/p>\n<p>&#8211;<wbr \/> Proporcionar una bona educaci\u00f3 ambiental amb h\u00e0bits de vida saludables, sostenibles i solidaris.<\/p>\n","protected":false},"excerpt":{"rendered":"<p>Som una Escola catalana, laica, diversa, inclusiva i coeducativa.<br \/>\nDivulguem i potenciem els valors democr\u00e0tics, solidaris, aix\u00ed com el concepte de pertinen\u00e7a a l\u2019entorn m\u00e9s immediat, el pa\u00eds.<br \/>\nEls objectius pedag\u00f2gics del centre s\u00f3n els seg\u00fcents:<br \/>\n&#8211; Preparar persones amb un bon nivell d\u2019aprenentatges i compet\u00e8ncies, capaces de&hellip;  <a href=\"https:\/\/agora.xtec.cat\/ceipponent-granollers\/lescola\/\" title=\"Read L&#8217;ESCOLA\">Llegeix m\u00e9s\u00bb<\/a><\/p>\n","protected":false},"author":1,"featured_media":0,"parent":0,"menu_order":0,"comment_status":"closed","ping_status":"closed","template":"page-templates\/side-menu.php","meta":{"_bbp_topic_count":0,"_bbp_reply_count":0,"_bbp_total_topic_count":0,"_bbp_total_reply_count":0,"_bbp_voice_count":0,"_bbp_anonymous_reply_count":0,"_bbp_topic_count_hidden":0,"_bbp_reply_count_hidden":0,"_bbp_forum_subforum_count":0,"footnotes":""},"class_list":["post-22","page","type-page","status-publish","hentry"],"post_mailing_queue_ids":[],"_links":{"self":[{"href":"https:\/\/agora.xtec.cat\/ceipponent-granollers\/wp-json\/wp\/v2\/pages\/22","targetHints":{"allow":["GET"]}}],"collection":[{"href":"https:\/\/agora.xtec.cat\/ceipponent-granollers\/wp-json\/wp\/v2\/pages"}],"about":[{"href":"https:\/\/agora.xtec.cat\/ceipponent-granollers\/wp-json\/wp\/v2\/types\/page"}],"author":[{"embeddable":true,"href":"https:\/\/agora.xtec.cat\/ceipponent-granollers\/wp-json\/wp\/v2\/users\/1"}],"replies":[{"embeddable":true,"href":"https:\/\/agora.xtec.cat\/ceipponent-granollers\/wp-json\/wp\/v2\/comments?post=22"}],"version-history":[{"count":3,"href":"https:\/\/agora.xtec.cat\/ceipponent-granollers\/wp-json\/wp\/v2\/pages\/22\/revisions"}],"predecessor-version":[{"id":1890,"href":"https:\/\/agora.xtec.cat\/ceipponent-granollers\/wp-json\/wp\/v2\/pages\/22\/revisions\/1890"}],"wp:attachment":[{"href":"https:\/\/agora.xtec.cat\/ceipponent-granollers\/wp-json\/wp\/v2\/media?parent=22"}],"curies":[{"name":"wp","href":"https:\/\/api.w.org\/{rel}","templated":true}]}}