{"id":1509,"date":"2018-01-04T19:11:56","date_gmt":"2018-01-04T18:11:56","guid":{"rendered":"http:\/\/agora.xtec.cat\/ceipponent-granollers\/?page_id=1509"},"modified":"2023-02-16T21:23:35","modified_gmt":"2023-02-16T20:23:35","slug":"taller-de-mares-i-pares","status":"publish","type":"page","link":"https:\/\/agora.xtec.cat\/ceipponent-granollers\/ampa\/que-fem\/taller-de-mares-i-pares\/","title":{"rendered":"Taller de mares i pares"},"content":{"rendered":"<h5>Estem a l&#8217;espera de poder donar m\u00e9s informaci\u00f3 sobre aquesta activitat pel curs 2022-23<\/h5>\n<p>&nbsp;<\/p>\n<p>El taller \u00e9s un espai de trobada i intercanvi d\u2019experi\u00e8ncies entre mares i pares de l\u2019escola, amb la pr\u00e0ctica del catal\u00e0 com a via d\u2019inclusi\u00f3 i aprenentatge mutu. Ens trobem cada dijous, de 9 a 11 del mat\u00ed.<\/p>\n<p>El taller va comen\u00e7ar a funcionar el curs 2014-2015 i ha rebut el <a href=\"http:\/\/www.fapac.cat\/premis-fapac\/2017\" target=\"_blank\" rel=\"noopener noreferrer\">1r Premi de la FAPAC<\/a> a la millor iniciativa en la categoria <em>Tothom a l\u2019AMPA<\/em> de l\u2019any 2017.<\/p>\n<p>Durant les trobades setmanals fem diverses activitats:<\/p>\n<ul>\n<li>Seguim el calendari escolar i fem activitats paral\u2022leles com preparar contes per Sant Jordi o can\u00e7ons populars dels pa\u00efsos d\u2019origen de les fam\u00edlies.<\/li>\n<li>Practiquem el catal\u00e0 per facilitar la integraci\u00f3 de les fam\u00edlies nouvingudes a la vida quotidiana i en l\u2019\u00e0mbit de cura dels fills: entrevista amb el tutor, visita al pediatra, compra d\u2019aliments i paraments b\u00e0sics per la llar\u2026<\/li>\n<li>Coneixem altres cultures i bagatges, amb presentacions per explicar trets caracter\u00edstics dels pa\u00efsos o ciutats d\u2019origen de mares i pares: gastronomia, tradicions&#8230;<\/li>\n<\/ul>\n","protected":false},"excerpt":{"rendered":"<p>Estem a l&#8217;espera de poder donar m\u00e9s informaci\u00f3 sobre aquesta activitat pel curs 2022-23<br \/>\n&nbsp;<br \/>\nEl taller \u00e9s un espai de trobada i intercanvi d\u2019experi\u00e8ncies entre mares i pares de l\u2019escola, amb la pr\u00e0ctica del catal\u00e0 com a via d\u2019inclusi\u00f3 i aprenentatge mutu. Ens trobem cada dijous,&hellip;  <a href=\"https:\/\/agora.xtec.cat\/ceipponent-granollers\/ampa\/que-fem\/taller-de-mares-i-pares\/\" title=\"Read Taller de mares i pares\">Llegeix m\u00e9s\u00bb<\/a><\/p>\n","protected":false},"author":25,"featured_media":0,"parent":1470,"menu_order":4,"comment_status":"closed","ping_status":"closed","template":"page-templates\/side-menu.php","meta":{"_bbp_topic_count":0,"_bbp_reply_count":0,"_bbp_total_topic_count":0,"_bbp_total_reply_count":0,"_bbp_voice_count":0,"_bbp_anonymous_reply_count":0,"_bbp_topic_count_hidden":0,"_bbp_reply_count_hidden":0,"_bbp_forum_subforum_count":0,"footnotes":""},"class_list":["post-1509","page","type-page","status-publish","hentry"],"post_mailing_queue_ids":[],"_links":{"self":[{"href":"https:\/\/agora.xtec.cat\/ceipponent-granollers\/wp-json\/wp\/v2\/pages\/1509","targetHints":{"allow":["GET"]}}],"collection":[{"href":"https:\/\/agora.xtec.cat\/ceipponent-granollers\/wp-json\/wp\/v2\/pages"}],"about":[{"href":"https:\/\/agora.xtec.cat\/ceipponent-granollers\/wp-json\/wp\/v2\/types\/page"}],"author":[{"embeddable":true,"href":"https:\/\/agora.xtec.cat\/ceipponent-granollers\/wp-json\/wp\/v2\/users\/25"}],"replies":[{"embeddable":true,"href":"https:\/\/agora.xtec.cat\/ceipponent-granollers\/wp-json\/wp\/v2\/comments?post=1509"}],"version-history":[{"count":3,"href":"https:\/\/agora.xtec.cat\/ceipponent-granollers\/wp-json\/wp\/v2\/pages\/1509\/revisions"}],"predecessor-version":[{"id":10513,"href":"https:\/\/agora.xtec.cat\/ceipponent-granollers\/wp-json\/wp\/v2\/pages\/1509\/revisions\/10513"}],"up":[{"embeddable":true,"href":"https:\/\/agora.xtec.cat\/ceipponent-granollers\/wp-json\/wp\/v2\/pages\/1470"}],"wp:attachment":[{"href":"https:\/\/agora.xtec.cat\/ceipponent-granollers\/wp-json\/wp\/v2\/media?parent=1509"}],"curies":[{"name":"wp","href":"https:\/\/api.w.org\/{rel}","templated":true}]}}

<h5>Estem a l&#8217;espera de poder donar més informació sobre aquesta activitat pel curs 2022-23</h5>
<p>&nbsp;</p>
<p>El taller és un espai de trobada i intercanvi d’experiències entre mares i pares de l’escola, amb la pràctica del català com a via d’inclusió i aprenentatge mutu. Ens trobem cada dijous, de 9 a 11 del matí.</p>
<p>El taller va començar a funcionar el curs 2014-2015 i ha rebut el <a href="http://www.fapac.cat/premis-fapac/2017" target="_blank" rel="noopener noreferrer">1r Premi de la FAPAC</a> a la millor iniciativa en la categoria <em>Tothom a l’AMPA</em> de l’any 2017.</p>
<p>Durant les trobades setmanals fem diverses activitats:</p>
<ul>
<li>Seguim el calendari escolar i fem activitats paral•leles com preparar contes per Sant Jordi o cançons populars dels països d’origen de les famílies.</li>
<li>Practiquem el català per facilitar la integració de les famílies nouvingudes a la vida quotidiana i en l’àmbit de cura dels fills: entrevista amb el tutor, visita al pediatra, compra d’aliments i paraments bàsics per la llar…</li>
<li>Coneixem altres cultures i bagatges, amb presentacions per explicar trets característics dels països o ciutats d’origen de mares i pares: gastronomia, tradicions&#8230;</li>
</ul>

<p>Estem a l&#8217;espera de poder donar més informació sobre aquesta activitat pel curs 2022-23<br />
&nbsp;<br />
El taller és un espai de trobada i intercanvi d’experiències entre mares i pares de l’escola, amb la pràctica del català com a via d’inclusió i aprenentatge mutu. Ens trobem cada dijous,&hellip;  <a href="https://agora.xtec.cat/ceipponent-granollers/ampa/que-fem/taller-de-mares-i-pares/" title="Read Taller de mares i pares">Llegeix més»</a></p>
