{"id":11650,"date":"2023-10-10T10:05:51","date_gmt":"2023-10-10T08:05:51","guid":{"rendered":"https:\/\/agora.xtec.cat\/ceipponent-granollers\/?page_id=11650"},"modified":"2026-02-15T09:53:17","modified_gmt":"2026-02-15T08:53:17","slug":"consells-escolars-realitzats","status":"publish","type":"page","link":"https:\/\/agora.xtec.cat\/ceipponent-granollers\/consells-escolars-realitzats\/","title":{"rendered":"Consell Escolar"},"content":{"rendered":"<h1 style=\"text-align: center;\">CONSELL ESCOLAR:<\/h1>\n<p>En aquesta p\u00e0gina trobareu tota la informaci\u00f3 relacionada amb el <strong>Consell Escolar<\/strong> de l&#8217;Escola Ponent. Aquest espai recull el calendari de les reunions previstes al llarg del curs, aix\u00ed com els actes detallats de cada sessi\u00f3. A les actes s&#8217;hi reflecteixen els temes tractats, les propostes presentades i els acords presos. Tamb\u00e9 s&#8217;hi annexaran documents rellevants que resumeixen les decisions m\u00e9s importants que afecten l&#8217;organitzaci\u00f3, la conviv\u00e8ncia i el funcionament general de l&#8217;escola.<\/p>\n<header class=\"entry-header\">\n<h5 class=\"entry-title\">Consell escolar: Funcions i Participants<\/h5>\n<\/header>\n<div class=\"entry-content\">\n<p>El consell escolar \u00e9s un \u00f2rgan de participaci\u00f3 del centre.<\/p>\n<p>Est\u00e0 format per:<\/p>\n<ul>\n<li><strong>Sector mestres:<\/strong>\u00a0Marian Beya, Montse Duran, Joel Boliart, Sergio Corral, Alba Jim\u00e9nez i N\u00faria Morales<\/li>\n<li><strong>Sector mares i pares:<\/strong>\u00a0Astou Toure, Anta Aly Ndiaye, Mariama Balde, Ramatoulaye Niabaly i Ana Bel\u00e9n Aguilera.<\/li>\n<li><strong>AMPA:<\/strong>\u00a0Marta Mascar\u00f3<\/li>\n<li><strong>Personal de serveis:<\/strong>\u00a0Gl\u00f2ria Mas<\/li>\n<li><strong>Ajuntament:<\/strong>\u00a0Isabel Llorente<\/li>\n<li><strong>Equip directiu:<\/strong>\u00a0David Guerrero, Sergi Esteve i M\u00f2nica C\u00e0novas (amb veu i sense vot).<\/li>\n<\/ul>\n<p><a href=\"https:\/\/agora.xtec.cat\/ceipponent-granollers\/wp-content\/uploads\/usu1522\/2018\/10\/consell-escolar.jpg\">Les seves funcions s\u00f3n:<\/a><\/p>\n<ul>\n<li>Participar en l\u2019aprovaci\u00f3 del projecte educatiu i les seves modificacions. El consell escolar ha de ser consultat pel director de manera preceptiva per valorar la proposta del projecte educatiu i manifestar el seu suport amb una majoria de les tres cinquenes parts dels membres.<\/li>\n<li>Participar en l\u2019aprovaci\u00f3 de la programaci\u00f3 general anual, de les normes de funcionament i de la gesti\u00f3 econ\u00f2mica del centre. El consell escolar ha de ser consultat de manera preceptiva per valorar cada una de les propostes i manifestar el seu suport per majoria simple dels membres.<\/li>\n<li>Avaluar l\u2019aplicaci\u00f3 del projecte educatiu i de les seves modificacions aix\u00ed com de la resta de documents de gesti\u00f3 del centre.<\/li>\n<li>Aprovar les propostes d\u2019acords de coresponsabilitat, convenis i altres acords de col\u00b7laboraci\u00f3 del centre amb entitats i institucions.<\/li>\n<li>Intervenir en el procediment d\u2019admissi\u00f3 d\u2019alumnes.<\/li>\n<li>Participar en el procediment de selecci\u00f3 i en la proposta de cessament del director o directora.<\/li>\n<li>Intervenir en la resoluci\u00f3 dels conflictes i, si escau, revisar les sancions als alumnes.<\/li>\n<li>Aprovar les directrius per a la programaci\u00f3 d\u2019activitats escolars complement\u00e0ries i d\u2019activitats extraescolars, i avaluar-ne el desenvolupament.<\/li>\n<li>Participar en les an\u00e0lisis i les avaluacions del funcionament general del centre i con\u00e8ixer l\u2019evoluci\u00f3 del rendiment escolar.<\/li>\n<li>Aprovar els criteris de col\u00b7laboraci\u00f3 amb altres centres i amb l\u2019entorn.<\/li>\n<li>Qualsevol altre que li sigui atribu\u00efda per les normes legals o reglament\u00e0ries.<\/li>\n<\/ul>\n<\/div>\n<p><img loading=\"lazy\" decoding=\"async\" class=\" wp-image-13087 aligncenter\" src=\"https:\/\/agora.xtec.cat\/ceipponent-granollers\/wp-content\/uploads\/usu1522\/2024\/12\/consell-escolar-1024x585.jpg\" alt=\"\" width=\"689\" height=\"394\" srcset=\"https:\/\/agora.xtec.cat\/ceipponent-granollers\/wp-content\/uploads\/usu1522\/2024\/12\/consell-escolar-1024x585.jpg 1024w, https:\/\/agora.xtec.cat\/ceipponent-granollers\/wp-content\/uploads\/usu1522\/2024\/12\/consell-escolar-300x171.jpg 300w, https:\/\/agora.xtec.cat\/ceipponent-granollers\/wp-content\/uploads\/usu1522\/2024\/12\/consell-escolar-768x438.jpg 768w, https:\/\/agora.xtec.cat\/ceipponent-granollers\/wp-content\/uploads\/usu1522\/2024\/12\/consell-escolar.jpg 1524w\" sizes=\"auto, (max-width: 689px) 100vw, 689px\" \/><\/p>\n<p>&nbsp;<\/p>\n<p>L&#8217;objectiu d&#8217;aquest apartat \u00e9s oferir <strong>transpar\u00e8ncia<\/strong> i garantir que tota la comunitat educativa est\u00e0 informada i implicada en el proc\u00e9s de presa de decisions. Aquest espai permet que fam\u00edlies, alumnes, docents i personals de l&#8217;escola puguin con\u00e8ixer de primera m\u00e0 les novetats i l&#8217;evoluci\u00f3 del centre. La p\u00e0gina s&#8217;actualitzar\u00e0 peri\u00f2dicament despr\u00e9s de cada reuni\u00f3, assegurant que la informaci\u00f3 disponible de manera clara i accessible per a tothom. Us animem a visitar-la regularment per estar al dia i participar activament a la vida escolar.<\/p>\n<table style=\"border-collapse: collapse; width: 100%; height: 37px;\">\n<tbody>\n<tr style=\"background-color: #d1a5e5; border-color: #8957a1; height: 37px;\">\n<td style=\"width: 100%; text-align: center; height: 37px;\">\n<h4><strong>CURS 2025-2026<\/strong><\/h4>\n<\/td>\n<\/tr>\n<\/tbody>\n<\/table>\n<table style=\"border-collapse: collapse; width: 100%; height: 49px;\">\n<tbody>\n<tr style=\"height: 49px;\">\n<td style=\"width: 10%; text-align: center; height: 49px;\"><a href=\"https:\/\/agora.xtec.cat\/ceipponent-granollers\/wp-content\/uploads\/usu1522\/2026\/02\/No1-Consell-Escolar-1.pdf\"><strong>08\/10\/25<\/strong><\/a><\/td>\n<td style=\"width: 10%; background-color: #e4f5df; height: 49px; text-align: center;\"><a href=\"https:\/\/agora.xtec.cat\/ceipponent-granollers\/wp-content\/uploads\/usu1522\/2026\/02\/No2-Consell-Escolar.pdf\"><strong>26\/11\/25<\/strong><\/a><\/td>\n<td style=\"width: 10%; height: 49px; text-align: center;\"><a href=\"https:\/\/agora.xtec.cat\/ceipponent-granollers\/wp-content\/uploads\/usu1522\/2026\/02\/No3-Consell-Escolar.pdf\"><strong>28\/01\/26<\/strong><\/a><\/td>\n<td style=\"width: 10%; background-color: #e4f5df; height: 49px; text-align: center;\"><\/td>\n<td style=\"width: 10%; height: 49px; text-align: center;\"><\/td>\n<td style=\"width: 10%; background-color: #e4f5df; height: 49px; text-align: center;\"><\/td>\n<td style=\"width: 10%; height: 49px; text-align: center;\"><\/td>\n<\/tr>\n<\/tbody>\n<\/table>\n<table style=\"border-collapse: collapse; width: 100%; height: 37px;\">\n<tbody>\n<tr style=\"background-color: #d1a5e5; border-color: #8957a1; height: 37px;\">\n<td style=\"width: 100%; text-align: center; height: 37px;\">\n<h4><strong>CURS 2024-2025<\/strong><\/h4>\n<\/td>\n<\/tr>\n<\/tbody>\n<\/table>\n<table style=\"border-collapse: collapse; width: 100%; height: 49px;\">\n<tbody>\n<tr style=\"height: 49px;\">\n<td style=\"width: 10%; text-align: center; height: 49px;\">\n<h5><a href=\"https:\/\/docs.google.com\/document\/d\/1tKjOGa1UZVKX6gL2BhcRGx23edVlJMOMmISMOo1gPUk\/edit?usp=sharing\">16\/10\/24<\/a><\/h5>\n<\/td>\n<td style=\"width: 10%; background-color: #e4f5df; height: 49px; text-align: center;\">\n<h5><a href=\"https:\/\/docs.google.com\/document\/d\/1Snvej_6TzUrDooNDQ86_2IA5AUWrrMu7Yp9ZLFD7afA\/edit?usp=sharing\">28\/10\/24<\/a><\/h5>\n<\/td>\n<td style=\"width: 10%; height: 49px; text-align: center;\"><strong><a href=\"https:\/\/agora.xtec.cat\/ceipponent-granollers\/wp-content\/uploads\/usu1522\/2025\/02\/No3-Consell-Escolar_permanent-1.pdf\">17\/01\/25<\/a><\/strong><\/td>\n<td style=\"width: 10%; background-color: #e4f5df; height: 49px; text-align: center;\"><strong><a href=\"https:\/\/agora.xtec.cat\/ceipponent-granollers\/wp-content\/uploads\/usu1522\/2025\/02\/No4-Consell-Escolar.pdf\">29\/01\/25<\/a><\/strong><\/td>\n<td style=\"width: 10%; height: 49px; text-align: center;\"><strong><a href=\"https:\/\/agora.xtec.cat\/ceipponent-granollers\/wp-content\/uploads\/usu1522\/2026\/02\/No5-Consell-Escolar.pdf\">10\/03\/25<\/a><\/strong><\/td>\n<td style=\"width: 10%; background-color: #e4f5df; height: 49px; text-align: center;\"><a href=\"https:\/\/agora.xtec.cat\/ceipponent-granollers\/wp-content\/uploads\/usu1522\/2026\/02\/No6-Consell-Escolar-1-1.pdf\"><strong>10\/03\/25<\/strong><\/a><\/td>\n<td style=\"width: 10%; height: 49px; text-align: center;\"><strong><a href=\"https:\/\/agora.xtec.cat\/ceipponent-granollers\/wp-content\/uploads\/usu1522\/2026\/02\/No7-Consell-Escolar.pdf\">26\/06\/25<\/a><\/strong><\/td>\n<\/tr>\n<\/tbody>\n<\/table>\n<table style=\"border-collapse: collapse; width: 100%;\">\n<tbody>\n<tr style=\"background-color: #d1a5e5; border-color: #8957a1;\">\n<td style=\"width: 100%;\">\n<h4 style=\"text-align: center;\"><strong>CURS 2023-2024<\/strong><\/h4>\n<\/td>\n<\/tr>\n<\/tbody>\n<\/table>\n<table style=\"border-collapse: collapse; width: 100%;\">\n<tbody>\n<tr>\n<td style=\"width: 10%; background-color: #e4f5df; text-align: center;\">\n<h5><a href=\"https:\/\/docs.google.com\/document\/d\/1pxvM1wWP9niKbYNPC4hk5wrV6U0S5z2HNfk3Dcn_AHA\/edit?usp=sharing\"><strong>17\/06\/24<\/strong><\/a><\/h5>\n<\/td>\n<td style=\"width: 10%; text-align: center;\">\n<h5><a href=\"https:\/\/docs.google.com\/document\/d\/13WxIBtCIsbPAZaSP0IQN1EgJanP6JYZtWyjvlbzrUc8\/edit?usp=sharing\"><strong>18\/03\/24<\/strong><\/a><\/h5>\n<\/td>\n<td style=\"width: 10%; background-color: #e4f5df; text-align: center;\"><a href=\"https:\/\/docs.google.com\/document\/d\/1PGAo4Zo1be-1wbqWPbEPEzm8QhA3fjCnU76GRIpS8uw\/edit?usp=sharing\"><strong>11\/01\/24<\/strong><\/a><\/td>\n<td style=\"width: 10%; text-align: center;\"><a href=\"https:\/\/docs.google.com\/document\/d\/1mbcwh95xKpS-pVr-Otp6Cr9IYo56KC2SxTH6Mi4wI0Y\/edit?usp=sharing\"><strong>11\/12\/23<\/strong><\/a><\/td>\n<td style=\"width: 10%; background-color: #e4f5df; text-align: center;\"><a href=\"https:\/\/docs.google.com\/document\/d\/1oJOzvwg8R_-ZK-mnicCMpjczU3dNcdfcSPYiv1OeUZ4\/edit?usp=sharing\"><strong>03\/10\/23<\/strong><\/a><\/td>\n<td style=\"width: 10%; text-align: center;\"><a href=\"https:\/\/docs.google.com\/document\/d\/1eiPUu2Wp3AYoX463Ml5np3GoTEQq_hd1tJSKusEshzQ\/edit?usp=sharing\"><strong>02\/10\/23<\/strong><\/a><\/td>\n<\/tr>\n<\/tbody>\n<\/table>\n<table style=\"border-collapse: collapse; width: 100%; height: 42px;\">\n<tbody>\n<tr style=\"background-color: #d1a5e5; border-color: #8957a1;\">\n<td style=\"width: 100%; height: 42px;\">\n<h4 style=\"text-align: center;\"><strong>CURS 2022-2023<\/strong><\/h4>\n<\/td>\n<\/tr>\n<\/tbody>\n<\/table>\n<table style=\"border-collapse: collapse; width: 100%;\">\n<tbody>\n<tr>\n<td style=\"width: 10%; background-color: #e4f5df; text-align: center;\">\n<h5><a href=\"https:\/\/docs.google.com\/document\/d\/1231WIk3l4fduinps3OQ557FK7RH8ZsDw9pnbBnzeTos\/edit?usp=sharing\">3\/10\/22<\/a><\/h5>\n<\/td>\n<td style=\"width: 10%; text-align: center;\">\n<h5><a href=\"https:\/\/docs.google.com\/document\/d\/1RdS4ujbyor0jaLskQUYLHZaD-vZPilvQHF3J0LXT_ic\/edit?usp=sharing\">16\/01\/23<\/a><\/h5>\n<\/td>\n<td style=\"width: 10%; background-color: #e4f5df; text-align: center;\">\n<h5><a href=\"https:\/\/docs.google.com\/document\/d\/1ougy65_WLFLfCLKHictQWZ1w7tOUGADmJDkBcLUkOeQ\/edit?usp=sharing\">13\/02\/23<\/a><\/h5>\n<\/td>\n<td style=\"width: 10%; text-align: center;\">\n<h5><a href=\"https:\/\/docs.google.com\/document\/d\/16hlLBnIOU2_c6zsFtqTwU6OzuiJALisXx8sY6Al80aY\/edit?usp=sharing\">13\/03\/23<\/a><\/h5>\n<\/td>\n<td style=\"width: 10%; background-color: #e4f5df; text-align: center;\">\n<h5><a href=\"https:\/\/docs.google.com\/document\/d\/1p4EUTpvthGZYV7T1TD8fu0Lfqss_pqLSZP0w3AxKW1I\/edit?usp=sharing\">14\/04\/23<\/a><\/h5>\n<\/td>\n<td style=\"width: 10%; text-align: center;\">\n<h5><a href=\"https:\/\/docs.google.com\/document\/d\/15vPITjsptEEhI9j4T878SaEi8oit3xJe836l007oN7s\/edit?usp=sharing\">Juny 2023<\/a><\/h5>\n<\/td>\n<\/tr>\n<\/tbody>\n<\/table>\n<p>&nbsp;<\/p>\n","protected":false},"excerpt":{"rendered":"<p>CONSELL ESCOLAR:<br \/>\nEn aquesta p\u00e0gina trobareu tota la informaci\u00f3 relacionada amb el Consell Escolar de l&#8217;Escola Ponent. Aquest espai recull el calendari de les reunions previstes al llarg del curs, aix\u00ed com els actes detallats de cada sessi\u00f3. A les actes s&#8217;hi reflecteixen els temes tractats,&hellip;  <a href=\"https:\/\/agora.xtec.cat\/ceipponent-granollers\/consells-escolars-realitzats\/\" title=\"Read Consell Escolar\">Llegeix m\u00e9s\u00bb<\/a><\/p>\n","protected":false},"author":24,"featured_media":0,"parent":0,"menu_order":0,"comment_status":"closed","ping_status":"closed","template":"","meta":{"_bbp_topic_count":0,"_bbp_reply_count":0,"_bbp_total_topic_count":0,"_bbp_total_reply_count":0,"_bbp_voice_count":0,"_bbp_anonymous_reply_count":0,"_bbp_topic_count_hidden":0,"_bbp_reply_count_hidden":0,"_bbp_forum_subforum_count":0,"footnotes":""},"class_list":["post-11650","page","type-page","status-publish","hentry"],"post_mailing_queue_ids":[],"_links":{"self":[{"href":"https:\/\/agora.xtec.cat\/ceipponent-granollers\/wp-json\/wp\/v2\/pages\/11650","targetHints":{"allow":["GET"]}}],"collection":[{"href":"https:\/\/agora.xtec.cat\/ceipponent-granollers\/wp-json\/wp\/v2\/pages"}],"about":[{"href":"https:\/\/agora.xtec.cat\/ceipponent-granollers\/wp-json\/wp\/v2\/types\/page"}],"author":[{"embeddable":true,"href":"https:\/\/agora.xtec.cat\/ceipponent-granollers\/wp-json\/wp\/v2\/users\/24"}],"replies":[{"embeddable":true,"href":"https:\/\/agora.xtec.cat\/ceipponent-granollers\/wp-json\/wp\/v2\/comments?post=11650"}],"version-history":[{"count":7,"href":"https:\/\/agora.xtec.cat\/ceipponent-granollers\/wp-json\/wp\/v2\/pages\/11650\/revisions"}],"predecessor-version":[{"id":15117,"href":"https:\/\/agora.xtec.cat\/ceipponent-granollers\/wp-json\/wp\/v2\/pages\/11650\/revisions\/15117"}],"wp:attachment":[{"href":"https:\/\/agora.xtec.cat\/ceipponent-granollers\/wp-json\/wp\/v2\/media?parent=11650"}],"curies":[{"name":"wp","href":"https:\/\/api.w.org\/{rel}","templated":true}]}}