{"id":10322,"date":"2023-01-31T12:09:31","date_gmt":"2023-01-31T11:09:31","guid":{"rendered":"https:\/\/agora.xtec.cat\/ceipponent-granollers\/?page_id=10322"},"modified":"2023-01-31T12:12:20","modified_gmt":"2023-01-31T11:12:20","slug":"pla-de-comunicacio-de-lescola-ponent","status":"publish","type":"page","link":"https:\/\/agora.xtec.cat\/ceipponent-granollers\/pla-de-comunicacio-de-lescola-ponent\/","title":{"rendered":"Pla de Comunicaci\u00f3 de l&#8217;escola Ponent"},"content":{"rendered":"<p>L\u2019objectiu Pla de Comunicaci\u00f3 e\u0301s organitzar les comunicacions entre els membres de la nostra comunitat escolar, marcant els canals i accions a desenvolupar per generar una comunicaci\u00f3 eficient, aix\u00ed com tamb\u00e9, el de crear un clima escolar positiu que fomenti l\u2019aprenentatge i la comunicaci\u00f3 entre les diferents parts implicades en el proce\u0301s d\u2019ensenyament-aprenentatge, generant una adient comunicaci\u00f3 que ens permeti difondre de manera exitosa la tasca de la nostra escola.<\/p>\n<p>Aquest document pret\u00e9n garantir que tothom que formi part o que estigui implicat amb l\u2019escola, conegui quines s\u00f3n les l\u00ednies mestres a seguir i els objectius en l\u2019\u00e0mbit de la comunicaci\u00f3, aix\u00ed com les estrat\u00e8gies, recursos, canals i accions que s\u2019aniran realitzant.<\/p>\n<p>Cal esmentar que \u00e9s un document viu ja que aquest, reflecteix la realitat en qu\u00e8 vivim. S\u2019anir\u00e0 revisant peri\u00f2dicament per tal d\u2019actualitzar-lo.<\/p>\n<p>Aquest Pla de Comunicaci\u00f3 t\u00e9 3 \u00e0mbits de treball:<\/p>\n<ul>\n<li style=\"list-style-type: none;\">\n<ul>\n<li style=\"list-style-type: none;\">\n<ul>\n<li style=\"list-style-type: none;\">\n<ul>\n<li style=\"list-style-type: none;\">\n<ul>\n<li style=\"list-style-type: none;\">\n<ul>\n<li style=\"list-style-type: none;\">\n<ul>\n<li style=\"list-style-type: none;\">\n<ul>\n<li style=\"list-style-type: none;\">\n<ul>\n<li>Alumnat.<\/li>\n<li>Docents.<\/li>\n<li>Fam\u00edlies.<\/li>\n<\/ul>\n<\/li>\n<\/ul>\n<\/li>\n<\/ul>\n<\/li>\n<\/ul>\n<\/li>\n<\/ul>\n<\/li>\n<\/ul>\n<\/li>\n<\/ul>\n<\/li>\n<\/ul>\n<\/li>\n<\/ul>\n<table style=\"border-collapse: collapse; width: 100%;\">\n<tbody>\n<tr>\n<td style=\"width: 33.3333%; background-color: #bbbcf2; text-align: center;\"><span style=\"color: #ffffff;\"><strong>ALUMNAT<\/strong><\/span><\/td>\n<td style=\"width: 33.3333%; background-color: #bae6d2; text-align: center;\"><strong>DOCENTS \/ ESCOLA<\/strong><\/td>\n<td style=\"width: 33.3333%; background-color: #bbbcf2; text-align: center;\"><span style=\"color: #ffffff;\"><strong>FAM\u00cdLIES<\/strong><\/span><\/td>\n<\/tr>\n<tr>\n<td style=\"width: 33.3333%;\"><a href=\"https:\/\/agora.xtec.cat\/ceipponent-granollers\/wp-content\/uploads\/usu1522\/2023\/01\/Comunicacio-alumnat.pdf\"><img loading=\"lazy\" decoding=\"async\" class=\"alignnone size-full wp-image-10323\" src=\"https:\/\/agora.xtec.cat\/ceipponent-granollers\/wp-content\/uploads\/usu1522\/2023\/01\/Captura-de-pantalla-2023-01-31-115538.jpg\" alt=\"\" width=\"504\" height=\"274\" srcset=\"https:\/\/agora.xtec.cat\/ceipponent-granollers\/wp-content\/uploads\/usu1522\/2023\/01\/Captura-de-pantalla-2023-01-31-115538.jpg 504w, https:\/\/agora.xtec.cat\/ceipponent-granollers\/wp-content\/uploads\/usu1522\/2023\/01\/Captura-de-pantalla-2023-01-31-115538-300x163.jpg 300w\" sizes=\"auto, (max-width: 504px) 100vw, 504px\" \/><\/a><\/td>\n<td style=\"width: 33.3333%;\"><a href=\"https:\/\/agora.xtec.cat\/ceipponent-granollers\/wp-content\/uploads\/usu1522\/2023\/01\/pLA-ESCOLA.pdf\"><img loading=\"lazy\" decoding=\"async\" class=\"alignnone size-full wp-image-10324\" src=\"https:\/\/agora.xtec.cat\/ceipponent-granollers\/wp-content\/uploads\/usu1522\/2023\/01\/Captura-de-pantalla-2023-01-31-115841.jpg\" alt=\"\" width=\"511\" height=\"319\" srcset=\"https:\/\/agora.xtec.cat\/ceipponent-granollers\/wp-content\/uploads\/usu1522\/2023\/01\/Captura-de-pantalla-2023-01-31-115841.jpg 511w, https:\/\/agora.xtec.cat\/ceipponent-granollers\/wp-content\/uploads\/usu1522\/2023\/01\/Captura-de-pantalla-2023-01-31-115841-300x187.jpg 300w\" sizes=\"auto, (max-width: 511px) 100vw, 511px\" \/><\/a><\/td>\n<td style=\"width: 33.3333%;\"><a href=\"https:\/\/agora.xtec.cat\/ceipponent-granollers\/wp-content\/uploads\/usu1522\/2023\/01\/Pla-de-Comunicacio-Families-1.pdf\"><img loading=\"lazy\" decoding=\"async\" class=\"alignnone size-full wp-image-10325\" src=\"https:\/\/agora.xtec.cat\/ceipponent-granollers\/wp-content\/uploads\/usu1522\/2023\/01\/Captura-de-pantalla-2023-01-31-115923.jpg\" alt=\"\" width=\"550\" height=\"394\" srcset=\"https:\/\/agora.xtec.cat\/ceipponent-granollers\/wp-content\/uploads\/usu1522\/2023\/01\/Captura-de-pantalla-2023-01-31-115923.jpg 550w, https:\/\/agora.xtec.cat\/ceipponent-granollers\/wp-content\/uploads\/usu1522\/2023\/01\/Captura-de-pantalla-2023-01-31-115923-300x215.jpg 300w\" sizes=\"auto, (max-width: 550px) 100vw, 550px\" \/><\/a><\/td>\n<\/tr>\n<\/tbody>\n<\/table>\n<p>&nbsp;<\/p>\n","protected":false},"excerpt":{"rendered":"<p>L\u2019objectiu Pla de Comunicaci\u00f3 e\u0301s organitzar les comunicacions entre els membres de la nostra comunitat escolar, marcant els canals i accions a desenvolupar per generar una comunicaci\u00f3 eficient, aix\u00ed com tamb\u00e9, el de crear un clima escolar positiu que fomenti l\u2019aprenentatge i la comunicaci\u00f3 entre&hellip;  <a href=\"https:\/\/agora.xtec.cat\/ceipponent-granollers\/pla-de-comunicacio-de-lescola-ponent\/\" title=\"Read Pla de Comunicaci\u00f3 de l&#8217;escola Ponent\">Llegeix m\u00e9s\u00bb<\/a><\/p>\n","protected":false},"author":24,"featured_media":0,"parent":0,"menu_order":0,"comment_status":"closed","ping_status":"closed","template":"","meta":{"_bbp_topic_count":0,"_bbp_reply_count":0,"_bbp_total_topic_count":0,"_bbp_total_reply_count":0,"_bbp_voice_count":0,"_bbp_anonymous_reply_count":0,"_bbp_topic_count_hidden":0,"_bbp_reply_count_hidden":0,"_bbp_forum_subforum_count":0,"footnotes":""},"class_list":["post-10322","page","type-page","status-publish","hentry"],"post_mailing_queue_ids":[],"_links":{"self":[{"href":"https:\/\/agora.xtec.cat\/ceipponent-granollers\/wp-json\/wp\/v2\/pages\/10322","targetHints":{"allow":["GET"]}}],"collection":[{"href":"https:\/\/agora.xtec.cat\/ceipponent-granollers\/wp-json\/wp\/v2\/pages"}],"about":[{"href":"https:\/\/agora.xtec.cat\/ceipponent-granollers\/wp-json\/wp\/v2\/types\/page"}],"author":[{"embeddable":true,"href":"https:\/\/agora.xtec.cat\/ceipponent-granollers\/wp-json\/wp\/v2\/users\/24"}],"replies":[{"embeddable":true,"href":"https:\/\/agora.xtec.cat\/ceipponent-granollers\/wp-json\/wp\/v2\/comments?post=10322"}],"version-history":[{"count":4,"href":"https:\/\/agora.xtec.cat\/ceipponent-granollers\/wp-json\/wp\/v2\/pages\/10322\/revisions"}],"predecessor-version":[{"id":10334,"href":"https:\/\/agora.xtec.cat\/ceipponent-granollers\/wp-json\/wp\/v2\/pages\/10322\/revisions\/10334"}],"wp:attachment":[{"href":"https:\/\/agora.xtec.cat\/ceipponent-granollers\/wp-json\/wp\/v2\/media?parent=10322"}],"curies":[{"name":"wp","href":"https:\/\/api.w.org\/{rel}","templated":true}]}}