{"id":235,"date":"2013-05-09T16:33:41","date_gmt":"2013-05-09T16:33:41","guid":{"rendered":"http:\/\/blocs.xtec.cat\/4tdelpompeu\/?page_id=155"},"modified":"2013-05-09T16:33:41","modified_gmt":"2013-05-09T16:33:41","slug":"matematiques","status":"publish","type":"page","link":"https:\/\/agora.xtec.cat\/ceippompeufabrasantadria\/matematiques\/","title":{"rendered":"MATEM\u00c0TIQUES"},"content":{"rendered":"<ul>\n<li><strong>CLASSIFICACI\u00d3 DE TRIANGLES I QUADRIL\u00c0TERS.<\/strong><\/li>\n<\/ul>\n<p><span style=\"line-height: 24px;\">Paquet del Jclic on estreballen tots els continguts de quart sobre aquest tema:<\/span><\/p>\n<div style=\"width:560;text-align:center;font-size:x-small;\"><iframe src=\"http:\/\/clic.xtec.cat\/db\/jclicApplet.jsp?project=http:\/\/clic.xtec.cat\/projects\/triquad\/jclic\/triquad.jclic.zip&#038;skin=@mini.xml&#038;lang=ca\" frameborder=0 width=560 height=440 scrolling=\"no\"><\/iframe><br \/><a href=\"http:\/\/clic.xtec.cat\/db\/act_ca.jsp?id=2066\">zonaClic &#8211; actividades &#8211; Triangles i quadril\u00e0ters CM<\/a><\/div>\n<p>&nbsp;<\/p>\n<ul>\n<li><strong style=\"line-height: 1.714285714; font-size: 1rem;\">TRIANGLES:\u00a0<\/strong><span style=\"line-height: 1.714285714; font-size: 1rem;\">Per treballar els triangles segons els costats i els angles.<\/span><\/li>\n<\/ul>\n<p><strong style=\"line-height: 1.714285714; font-size: 1rem;\"><a href=\"http:\/\/www.edu365.cat\/primaria\/muds\/matematiques\/triangle\/\">http:\/\/www.edu365.cat\/primaria\/muds\/matematiques\/triangle\/<\/a><\/strong><\/p>\n<ul>\n<li><strong style=\"line-height: 1.714285714; font-size: 1rem;\">QUADRILATERS I PARAL.LELOGRAMS<\/strong><\/li>\n<\/ul>\n<p><strong style=\"line-height: 1.714285714; font-size: 1rem;\"><a href=\"http:\/\/www.edu365.cat\/primaria\/muds\/matematiques\/quadrilaters\/\">http:\/\/www.edu365.cat\/primaria\/muds\/matematiques\/quadrilaters\/<\/a><\/strong><\/p>\n<ul>\n<li><strong>NOMBRES ROMANS:<\/strong><\/li>\n<\/ul>\n<p><span style=\"line-height: 24px;\">Aqu\u00ed teniu una p\u00e0gina amb explicacions dels nombres romans: <a title=\"Nombres romans\" href=\"http:\/\/www.wikilingua.net\/ca\/articles\/n\/u\/m\/Numeraci%C3%B3n_romana.html\" target=\"_blank\">Obrir p\u00e0gina<\/a><\/span><\/p>\n<p>&nbsp;<\/p>\n<p>Aqu\u00ed teniu un jclic per a practicar: <a title=\"Jclic romans\" href=\"http:\/\/clic.xtec.cat\/db\/jclicApplet.jsp?project=http:\/\/clic.xtec.cat\/projects\/romans2\/jclic\/romans2.jclic.zip&amp;lang=ca&amp;title=Els+n%FAmeros+romans\" target=\"_blank\">JCLIC dels Nombres Romans<\/a><\/p>\n<ul>\n<li><strong>TAULES DE MULTIPLICAR: <\/strong><\/li>\n<\/ul>\n<p>Aqu\u00ed teniu uns quants enlla\u00e7os per qu\u00e8 els nens\/es de 4t. practiquin les taules de multiplicar<\/p>\n<p><a href=\"http:\/\/www.xtec.cat\/ceiplesmoreres\/activitats\/matematiques\/taules.htm\">http:\/\/www.xtec.cat\/ceiplesmoreres\/activitats\/matematiques\/taules.htm<\/a><\/p>\n<p><a href=\"http:\/\/http:\/\/clic.xtec.cat\/db\/act_ca.jsp?id=1326\">http:\/\/clic.xtec.cat\/db\/act_ca.jsp?id=1326<\/a><\/p>\n<p><a href=\"http:\/\/http:\/\/www.gobiernodecanarias.org\/educacion\/9\/Usr\/eltanque\/preguntatablas\/tablas_pp.html\">http:\/\/www.gobiernodecanarias.org\/educacion\/9\/Usr\/eltanque\/preguntatablas\/tablas_pp.html<\/a><\/p>\n<p><a href=\"http:\/\/http:\/\/www.juntadeandalucia.es\/averroes\/colegiovirgendetiscar\/profes\/trabajos\/tablas\/controltablas.html\">http:\/\/www.juntadeandalucia.es\/averroes\/colegiovirgendetiscar\/profes\/trabajos\/tablas\/controltablas.html<\/a><\/p>\n<ul>\n<li><strong>DIVISIONS:<\/strong><\/li>\n<\/ul>\n<p>En aquesta adre\u00e7a podreu practicar les divisions<\/p>\n<p><a href=\"http:\/\/www2.gobiernodecanarias.org\/educacion\/17\/WebC\/eltanque\/ladivision\/resuelve\/todas\/resuelve_t_p.html\">http:\/\/www2.gobiernodecanarias.org\/educacion\/17\/WebC\/eltanque\/ladivision\/resuelve\/todas\/resuelve_t_p.html<\/a><\/p>\n<p><a href=\"http:\/\/www2.gobiernodecanarias.org\/educacion\/17\/WebC\/eltanque\/ladivision\/resuelve\/doscifras\/resuelve_dc_p.html\">http:\/\/www2.gobiernodecanarias.org\/educacion\/17\/WebC\/eltanque\/ladivision\/resuelve\/doscifras\/resuelve_dc_p.html<\/a><\/p>\n<p><strong>\u00a0\u00a0\u00a0\u00a0\u00a0\u00a0\u00a0 <\/strong><\/p>\n","protected":false},"excerpt":{"rendered":"<ul>\n<li>CLASSIFICACI\u00d3 DE TRIANGLES I QUADRIL\u00c0TERS.<\/li>\n<\/ul>\n<p>Paquet del Jclic on estreballen tots els continguts de quart sobre aquest tema:<br \/>\n<a href=\"http:\/\/clic.xtec.cat\/db\/act_ca.jsp?id=2066\">zonaClic &#8211; actividades &#8211; Triangles i quadril\u00e0ters CM<\/a><br \/>\n&nbsp;<\/p>\n<ul>\n<li>TRIANGLES:\u00a0Per treballar els triangles segons els costats i els angles.<\/li>\n<\/ul>\n<p><a href=\"http:\/\/www.edu365.cat\/primaria\/muds\/matematiques\/triangle\/\">http:\/\/www.edu365.cat\/primaria\/muds\/matematiques\/triangle\/<\/a><\/p>\n<ul>\n<li>QUADRILATERS I PARAL.LELOGRAMS<\/li>\n<\/ul>\n<p><a href=\"http:\/\/www.edu365.cat\/primaria\/muds\/matematiques\/quadrilaters\/\">http:\/\/www.edu365.cat\/primaria\/muds\/matematiques\/quadrilaters\/<\/a><\/p>\n<ul>\n<li>NOMBRES ROMANS:<\/li>\n<\/ul>\n<p>Aqu\u00ed teniu una p\u00e0gina amb explicacions dels&hellip;  <a href=\"https:\/\/agora.xtec.cat\/ceippompeufabrasantadria\/matematiques\/\" title=\"Read MATEM\u00c0TIQUES\">Llegeix m\u00e9s\u00bb<\/a><\/p>\n","protected":false},"author":3,"featured_media":0,"parent":0,"menu_order":7,"comment_status":"open","ping_status":"open","template":"","meta":{"_bbp_topic_count":0,"_bbp_reply_count":0,"_bbp_total_topic_count":0,"_bbp_total_reply_count":0,"_bbp_voice_count":0,"_bbp_anonymous_reply_count":0,"_bbp_topic_count_hidden":0,"_bbp_reply_count_hidden":0,"_bbp_forum_subforum_count":0,"footnotes":""},"class_list":["post-235","page","type-page","status-publish","hentry"],"post_mailing_queue_ids":[],"_links":{"self":[{"href":"https:\/\/agora.xtec.cat\/ceippompeufabrasantadria\/wp-json\/wp\/v2\/pages\/235","targetHints":{"allow":["GET"]}}],"collection":[{"href":"https:\/\/agora.xtec.cat\/ceippompeufabrasantadria\/wp-json\/wp\/v2\/pages"}],"about":[{"href":"https:\/\/agora.xtec.cat\/ceippompeufabrasantadria\/wp-json\/wp\/v2\/types\/page"}],"author":[{"embeddable":true,"href":"https:\/\/agora.xtec.cat\/ceippompeufabrasantadria\/wp-json\/wp\/v2\/users\/3"}],"replies":[{"embeddable":true,"href":"https:\/\/agora.xtec.cat\/ceippompeufabrasantadria\/wp-json\/wp\/v2\/comments?post=235"}],"version-history":[{"count":0,"href":"https:\/\/agora.xtec.cat\/ceippompeufabrasantadria\/wp-json\/wp\/v2\/pages\/235\/revisions"}],"wp:attachment":[{"href":"https:\/\/agora.xtec.cat\/ceippompeufabrasantadria\/wp-json\/wp\/v2\/media?parent=235"}],"curies":[{"name":"wp","href":"https:\/\/api.w.org\/{rel}","templated":true}]}}