{"id":2097,"date":"2017-01-25T19:06:27","date_gmt":"2017-01-25T18:06:27","guid":{"rendered":"http:\/\/agora.xtec.cat\/ceippompeufabrasantadria\/?page_id=2097"},"modified":"2026-01-28T22:08:44","modified_gmt":"2026-01-28T21:08:44","slug":"normes-nofc","status":"publish","type":"page","link":"https:\/\/agora.xtec.cat\/ceippompeufabrasantadria\/projecte-educatiu\/normes-nofc\/","title":{"rendered":"Normes d&#8217;Organitzaci\u00f3 i Funcionament de Centre"},"content":{"rendered":"<p data-start=\"1056\" data-end=\"1248\">Les <strong data-start=\"1060\" data-end=\"1118\">Normes d\u2019Organitzaci\u00f3 i Funcionament del Centre (NOFC)<\/strong> regulen el <strong data-start=\"1130\" data-end=\"1164\">funcionament diari de l\u2019escola<\/strong> i ajuden a garantir una conviv\u00e8ncia positiva i un entorn segur per a tot l\u2019alumnat.<\/p>\n<p data-start=\"1250\" data-end=\"1312\">En aquest document\u00a0 trobareu informaci\u00f3 sobre:<\/p>\n<ul data-start=\"1313\" data-end=\"1664\">\n<li data-start=\"1313\" data-end=\"1398\">\n<p data-start=\"1315\" data-end=\"1398\">L\u2019<strong data-start=\"1317\" data-end=\"1344\">organitzaci\u00f3 del centre<\/strong> i les funcions dels diferents \u00f2rgans i professionals.<\/p>\n<\/li>\n<li data-start=\"1399\" data-end=\"1506\">\n<p data-start=\"1401\" data-end=\"1506\">Aspectes del <strong data-start=\"1414\" data-end=\"1435\">dia a dia escolar<\/strong>: horaris, comunicaci\u00f3 amb les fam\u00edlies, assist\u00e8ncia, salut i menjador.<\/p>\n<\/li>\n<li data-start=\"1507\" data-end=\"1590\">\n<p data-start=\"1509\" data-end=\"1590\">Les <strong data-start=\"1513\" data-end=\"1538\">normes de conviv\u00e8ncia<\/strong>, els protocols d\u2019actuaci\u00f3 i les mesures educatives.<\/p>\n<\/li>\n<li data-start=\"1591\" data-end=\"1664\">\n<p data-start=\"1593\" data-end=\"1664\">Annexos com el <strong data-start=\"1608\" data-end=\"1626\">Pla d\u2019Acollida<\/strong> i la <strong data-start=\"1632\" data-end=\"1663\">Carta de Comprom\u00eds Educatiu<\/strong>.<\/p>\n<\/li>\n<\/ul>\n<p>&nbsp;<\/p>\n<p data-start=\"1666\" data-end=\"1748\">\ud83d\udcce <strong data-start=\"1669\" data-end=\"1688\">Document adjunt<\/strong><br data-start=\"1688\" data-end=\"1691\" \/>Podeu consultar les <strong data-start=\"1711\" data-end=\"1719\">NOFC<\/strong> completes a l\u2019enlla\u00e7 clicant sobre la seg\u00fcent imatge:<\/p>\n<p><a href=\"https:\/\/agora.xtec.cat\/ceippompeufabrasantadria\/wp-content\/uploads\/usu271\/2026\/01\/NOFC-PF-25.pdf\" target=\"_blank\" rel=\"noopener\"><img loading=\"lazy\" decoding=\"async\" class=\"aligncenter wp-image-14086\" src=\"https:\/\/agora.xtec.cat\/ceippompeufabrasantadria\/wp-content\/uploads\/usu271\/2026\/01\/NOFC-724x1024.png\" alt=\"\" width=\"276\" height=\"390\" srcset=\"https:\/\/agora.xtec.cat\/ceippompeufabrasantadria\/wp-content\/uploads\/usu271\/2026\/01\/NOFC-724x1024.png 724w, https:\/\/agora.xtec.cat\/ceippompeufabrasantadria\/wp-content\/uploads\/usu271\/2026\/01\/NOFC-212x300.png 212w, https:\/\/agora.xtec.cat\/ceippompeufabrasantadria\/wp-content\/uploads\/usu271\/2026\/01\/NOFC-768x1086.png 768w, https:\/\/agora.xtec.cat\/ceippompeufabrasantadria\/wp-content\/uploads\/usu271\/2026\/01\/NOFC-1086x1536.png 1086w, https:\/\/agora.xtec.cat\/ceippompeufabrasantadria\/wp-content\/uploads\/usu271\/2026\/01\/NOFC.png 1414w\" sizes=\"auto, (max-width: 276px) 100vw, 276px\" \/><\/a><\/p>\n","protected":false},"excerpt":{"rendered":"<p>Les Normes d\u2019Organitzaci\u00f3 i Funcionament del Centre (NOFC) regulen el funcionament diari de l\u2019escola i ajuden a garantir una conviv\u00e8ncia positiva i un entorn segur per a tot l\u2019alumnat.<br \/>\nEn aquest document\u00a0 trobareu informaci\u00f3 sobre:<\/p>\n<ul data-start=\"1313\" data-end=\"1664\">\n<li data-start=\"1313\" data-end=\"1398\">\nL\u2019organitzaci\u00f3 del centre i les funcions dels diferents&hellip;  <a href=\"https:\/\/agora.xtec.cat\/ceippompeufabrasantadria\/projecte-educatiu\/normes-nofc\/\" title=\"Read Normes d&#8217;Organitzaci\u00f3 i Funcionament de Centre\">Llegeix m\u00e9s\u00bb<\/a><\/p>\n","protected":false},"author":4,"featured_media":0,"parent":64,"menu_order":0,"comment_status":"closed","ping_status":"closed","template":"page-templates\/side-menu.php","meta":{"_bbp_topic_count":0,"_bbp_reply_count":0,"_bbp_total_topic_count":0,"_bbp_total_reply_count":0,"_bbp_voice_count":0,"_bbp_anonymous_reply_count":0,"_bbp_topic_count_hidden":0,"_bbp_reply_count_hidden":0,"_bbp_forum_subforum_count":0,"footnotes":""},"class_list":["post-2097","page","type-page","status-publish","hentry"],"post_mailing_queue_ids":[],"_links":{"self":[{"href":"https:\/\/agora.xtec.cat\/ceippompeufabrasantadria\/wp-json\/wp\/v2\/pages\/2097","targetHints":{"allow":["GET"]}}],"collection":[{"href":"https:\/\/agora.xtec.cat\/ceippompeufabrasantadria\/wp-json\/wp\/v2\/pages"}],"about":[{"href":"https:\/\/agora.xtec.cat\/ceippompeufabrasantadria\/wp-json\/wp\/v2\/types\/page"}],"author":[{"embeddable":true,"href":"https:\/\/agora.xtec.cat\/ceippompeufabrasantadria\/wp-json\/wp\/v2\/users\/4"}],"replies":[{"embeddable":true,"href":"https:\/\/agora.xtec.cat\/ceippompeufabrasantadria\/wp-json\/wp\/v2\/comments?post=2097"}],"version-history":[{"count":6,"href":"https:\/\/agora.xtec.cat\/ceippompeufabrasantadria\/wp-json\/wp\/v2\/pages\/2097\/revisions"}],"predecessor-version":[{"id":14431,"href":"https:\/\/agora.xtec.cat\/ceippompeufabrasantadria\/wp-json\/wp\/v2\/pages\/2097\/revisions\/14431"}],"up":[{"embeddable":true,"href":"https:\/\/agora.xtec.cat\/ceippompeufabrasantadria\/wp-json\/wp\/v2\/pages\/64"}],"wp:attachment":[{"href":"https:\/\/agora.xtec.cat\/ceippompeufabrasantadria\/wp-json\/wp\/v2\/media?parent=2097"}],"curies":[{"name":"wp","href":"https:\/\/api.w.org\/{rel}","templated":true}]}}