{"id":14361,"date":"2026-01-23T15:36:14","date_gmt":"2026-01-23T14:36:14","guid":{"rendered":"https:\/\/agora.xtec.cat\/ceippompeufabrasantadria\/?page_id=14361"},"modified":"2026-02-13T13:02:55","modified_gmt":"2026-02-13T12:02:55","slug":"servei-de-menjador","status":"publish","type":"page","link":"https:\/\/agora.xtec.cat\/ceippompeufabrasantadria\/servei-de-menjador\/","title":{"rendered":"Servei de menjador"},"content":{"rendered":"<h3 data-start=\"100\" data-end=\"122\">\ud83c\udf7d\ufe0f MEN\u00daS MENSUALS<\/h3>\n<p data-start=\"124\" data-end=\"246\">Podeu consultar els <strong data-start=\"157\" data-end=\"198\">men\u00fas mensuals del servei de menjador<\/strong> per con\u00e8ixer amb antelaci\u00f3 els \u00e0pats previstos.<\/p>\n<p data-start=\"124\" data-end=\"246\">\ud83d\udcce<strong><a href=\"https:\/\/tresmes.com\/\" target=\"_blank\" rel=\"noopener\"> Acc\u00e9s als men\u00fas mensuals<\/a><\/strong><\/p>\n<p data-start=\"281\" data-end=\"406\">Els men\u00fas inclouen informaci\u00f3 detallada sobre els plats programats i permeten fer un seguiment de l\u2019alimentaci\u00f3 dels infants.<\/p>\n<p>&nbsp;<\/p>\n<h3 data-start=\"498\" data-end=\"526\">\ud83d\udcdd Inscripci\u00f3 telem\u00e0tica<\/h3>\n<p data-start=\"528\" data-end=\"578\">La <strong data-start=\"531\" data-end=\"571\">inscripci\u00f3 telem\u00e0tica \u00e9s obligat\u00f2ria<\/strong> per a:<\/p>\n<ul data-start=\"580\" data-end=\"659\">\n<li data-start=\"580\" data-end=\"606\">\n<p data-start=\"582\" data-end=\"606\">Nous usuaris del servei.<\/p>\n<\/li>\n<li data-start=\"607\" data-end=\"659\">\n<p data-start=\"609\" data-end=\"659\">Fam\u00edlies que necessitin modificar dades banc\u00e0ries.<\/p>\n<\/li>\n<\/ul>\n<p data-start=\"661\" data-end=\"852\">El per\u00edode per realitzar aquest tr\u00e0mit \u00e9s <strong data-start=\"703\" data-end=\"743\">entre els mesos de juliol i setembre<\/strong>. \u00c9s important respectar aquests terminis per garantir una correcta gesti\u00f3 del servei des de l\u2019inici de curs.<\/p>\n<p data-start=\"661\" data-end=\"852\">\ud83d\udcce Per facilitar el proc\u00e9s, podeu consultar el document: <strong><a href=\"https:\/\/agora.xtec.cat\/ceippompeufabrasantadria\/wp-content\/uploads\/usu271\/2026\/02\/Com_fer_l_inscripcio_al_servei_de_menjador_25-26.pdf\" target=\"_blank\" rel=\"noopener\">Com fer l&#8217;inscripcio al servei de menjador 25-26<\/a><\/strong><\/p>\n<p>&nbsp;<\/p>\n<h3 data-start=\"859\" data-end=\"891\">\ud83d\udcb3 Tarifes i modalitats d\u2019\u00fas<\/h3>\n<p data-start=\"893\" data-end=\"1031\">La guia informativa inclou les <strong data-start=\"924\" data-end=\"981\">tarifes diferenciades per a alumnes fixos i eventuals<\/strong>, aix\u00ed com les condicions de pagament establertes.<\/p>\n<p data-start=\"1033\" data-end=\"1176\">Entre les opcions disponibles, s\u2019inclouen sistemes actuals i \u00e0gils com el <strong data-start=\"1107\" data-end=\"1136\">pagament mitjan\u00e7ant Bizum<\/strong>, que facilita la gesti\u00f3 a les fam\u00edlies.<\/p>\n<p data-start=\"1033\" data-end=\"1176\">\ud83d\udcce Trobareu tota la informaci\u00f3 detallada a: <strong><a href=\"https:\/\/agora.xtec.cat\/ceippompeufabrasantadria\/wp-content\/uploads\/usu271\/2026\/02\/Butlleta_TresMes_Pompeu_Fabra_25-26.pdf\" target=\"_blank\" rel=\"noopener\">Butlleta TresMes Pompeu Fabra 25-26<\/a><\/strong><\/p>\n<p>&nbsp;<\/p>\n<h3 data-start=\"1183\" data-end=\"1222\">\ud83d\udc76 Funcionament a Educaci\u00f3 Infantil<\/h3>\n<p data-start=\"1224\" data-end=\"1278\">Per als infants m\u00e9s petits, l\u2019espai de migdia combina:<\/p>\n<ul data-start=\"1280\" data-end=\"1375\">\n<li data-start=\"1280\" data-end=\"1307\">\n<p data-start=\"1282\" data-end=\"1307\"><strong data-start=\"1282\" data-end=\"1307\">Alimentaci\u00f3 saludable<\/strong><\/p>\n<\/li>\n<li data-start=\"1308\" data-end=\"1330\">\n<p data-start=\"1310\" data-end=\"1330\"><strong data-start=\"1310\" data-end=\"1330\">H\u00e0bit de descans<\/strong><\/p>\n<\/li>\n<li data-start=\"1331\" data-end=\"1375\">\n<p data-start=\"1333\" data-end=\"1375\"><strong data-start=\"1333\" data-end=\"1375\">Espais de joc i acompanyament educatiu<\/strong><\/p>\n<\/li>\n<\/ul>\n<p data-start=\"1377\" data-end=\"1515\">La din\u00e0mica di\u00e0ria est\u00e0 adaptada a les necessitats pr\u00f2pies de l\u2019etapa d\u2019infantil, garantint un ambient tranquil i adequat als seus ritmes.<\/p>\n<p data-start=\"1377\" data-end=\"1515\">\ud83d\udcce Podeu consultar aquesta informaci\u00f3 a: <strong><a href=\"https:\/\/agora.xtec.cat\/ceippompeufabrasantadria\/wp-content\/uploads\/usu271\/2026\/02\/Circular_informativa_TresMes_I3_25-26.pdf\" target=\"_blank\" rel=\"noopener\">Circular informativa TresMes I3 25-26<\/a><\/strong><\/p>\n<p>&nbsp;<\/p>\n<h3 data-start=\"1522\" data-end=\"1547\">\ud83c\udf92 Material necessari<\/h3>\n<p data-start=\"1549\" data-end=\"1664\">Les fam\u00edlies han de proporcionar el material necessari per al bon funcionament del servei, especialment a infantil:<\/p>\n<ul data-start=\"1666\" data-end=\"1775\">\n<li data-start=\"1666\" data-end=\"1687\">\n<p data-start=\"1668\" data-end=\"1687\"><strong data-start=\"1668\" data-end=\"1687\">Roba de recanvi<\/strong><\/p>\n<\/li>\n<li data-start=\"1688\" data-end=\"1718\">\n<p data-start=\"1690\" data-end=\"1718\"><strong data-start=\"1690\" data-end=\"1718\">Estris per a la migdiada<\/strong><\/p>\n<\/li>\n<li data-start=\"1719\" data-end=\"1775\">\n<p data-start=\"1721\" data-end=\"1775\">Altres elements que es detallaran a la guia espec\u00edfica<\/p>\n<\/li>\n<\/ul>\n<p data-start=\"1777\" data-end=\"1883\">Disposar d\u2019aquest material facilita l\u2019autonomia dels infants i el correcte desenvolupament de les rutines.<\/p>\n<p>&nbsp;<\/p>\n<h3 data-start=\"1890\" data-end=\"1927\">\ud83d\udcde Comunicaci\u00f3 amb la coordinaci\u00f3<\/h3>\n<p data-start=\"1929\" data-end=\"2028\">S\u2019estableixen <strong data-start=\"1943\" data-end=\"2007\">canals de comunicaci\u00f3 directes amb la coordinaci\u00f3 del servei<\/strong> per poder gestionar:<\/p>\n<ul data-start=\"2030\" data-end=\"2158\">\n<li data-start=\"2030\" data-end=\"2062\">\n<p data-start=\"2032\" data-end=\"2062\">Avisos de <strong data-start=\"2042\" data-end=\"2062\">dietes especials<\/strong><\/p>\n<\/li>\n<li data-start=\"2063\" data-end=\"2101\">\n<p data-start=\"2065\" data-end=\"2101\">Comunicaci\u00f3 d\u2019<strong data-start=\"2079\" data-end=\"2101\">abs\u00e8ncies puntuals<\/strong><\/p>\n<\/li>\n<li data-start=\"2102\" data-end=\"2158\">\n<p data-start=\"2104\" data-end=\"2158\">Qualsevol altra incid\u00e8ncia relacionada amb el menjador<\/p>\n<\/li>\n<\/ul>\n<p data-start=\"2160\" data-end=\"2240\">Una comunicaci\u00f3 fluida \u00e9s essencial per garantir el bon funcionament del servei.<\/p>\n","protected":false},"excerpt":{"rendered":"<p>\ud83c\udf7d\ufe0f MEN\u00daS MENSUALS<br \/>\nPodeu consultar els men\u00fas mensuals del servei de menjador per con\u00e8ixer amb antelaci\u00f3 els \u00e0pats previstos.<br \/>\n\ud83d\udcce<a href=\"https:\/\/tresmes.com\/\" target=\"_blank\" rel=\"noopener\"> Acc\u00e9s als men\u00fas mensuals<\/a><br \/>\nEls men\u00fas inclouen informaci\u00f3 detallada sobre els plats programats i permeten fer un seguiment de l\u2019alimentaci\u00f3 dels infants.<br \/>\n&nbsp;<br \/>\n\ud83d\udcdd Inscripci\u00f3 telem\u00e0tica<br \/>\nLa inscripci\u00f3&hellip;  <a href=\"https:\/\/agora.xtec.cat\/ceippompeufabrasantadria\/servei-de-menjador\/\" title=\"Read Servei de menjador\">Llegeix m\u00e9s\u00bb<\/a><\/p>\n","protected":false},"author":8,"featured_media":0,"parent":0,"menu_order":0,"comment_status":"closed","ping_status":"closed","template":"","meta":{"_bbp_topic_count":0,"_bbp_reply_count":0,"_bbp_total_topic_count":0,"_bbp_total_reply_count":0,"_bbp_voice_count":0,"_bbp_anonymous_reply_count":0,"_bbp_topic_count_hidden":0,"_bbp_reply_count_hidden":0,"_bbp_forum_subforum_count":0,"footnotes":""},"class_list":["post-14361","page","type-page","status-publish","hentry"],"post_mailing_queue_ids":[],"_links":{"self":[{"href":"https:\/\/agora.xtec.cat\/ceippompeufabrasantadria\/wp-json\/wp\/v2\/pages\/14361","targetHints":{"allow":["GET"]}}],"collection":[{"href":"https:\/\/agora.xtec.cat\/ceippompeufabrasantadria\/wp-json\/wp\/v2\/pages"}],"about":[{"href":"https:\/\/agora.xtec.cat\/ceippompeufabrasantadria\/wp-json\/wp\/v2\/types\/page"}],"author":[{"embeddable":true,"href":"https:\/\/agora.xtec.cat\/ceippompeufabrasantadria\/wp-json\/wp\/v2\/users\/8"}],"replies":[{"embeddable":true,"href":"https:\/\/agora.xtec.cat\/ceippompeufabrasantadria\/wp-json\/wp\/v2\/comments?post=14361"}],"version-history":[{"count":6,"href":"https:\/\/agora.xtec.cat\/ceippompeufabrasantadria\/wp-json\/wp\/v2\/pages\/14361\/revisions"}],"predecessor-version":[{"id":15782,"href":"https:\/\/agora.xtec.cat\/ceippompeufabrasantadria\/wp-json\/wp\/v2\/pages\/14361\/revisions\/15782"}],"wp:attachment":[{"href":"https:\/\/agora.xtec.cat\/ceippompeufabrasantadria\/wp-json\/wp\/v2\/media?parent=14361"}],"curies":[{"name":"wp","href":"https:\/\/api.w.org\/{rel}","templated":true}]}}