{"id":14251,"date":"2026-01-23T15:32:36","date_gmt":"2026-01-23T14:32:36","guid":{"rendered":"https:\/\/agora.xtec.cat\/ceippompeufabrasantadria\/?page_id=14251"},"modified":"2026-01-25T20:59:30","modified_gmt":"2026-01-25T19:59:30","slug":"treball-cooperatiu","status":"publish","type":"page","link":"https:\/\/agora.xtec.cat\/ceippompeufabrasantadria\/treball-cooperatiu\/","title":{"rendered":"Treball Cooperatiu"},"content":{"rendered":"<p data-start=\"352\" data-end=\"817\">A l\u2019Escola Pompeu Fabra de Sant Adri\u00e0 de Bes\u00f2s entenem l\u2019<strong data-start=\"409\" data-end=\"436\">aprenentatge cooperatiu<\/strong> com una eina clau per afavorir tant els aprenentatges acad\u00e8mics com el desenvolupament personal i social de l\u2019alumnat. El nostre treball es fonamenta en el <strong data-start=\"593\" data-end=\"657\">Programa CA\/AC (Cooperar per Aprendre \/ Aprendre a Cooperar)<\/strong>, que estableix una manera d\u2019organitzar les activitats de l\u2019aula per promoure la interacci\u00f3, la corresponsabilitat i la participaci\u00f3 activa de tots els infants.<\/p>\n<p data-start=\"819\" data-end=\"1081\">Aquest model es basa en l\u2019\u00fas did\u00e0ctic d\u2019<strong data-start=\"859\" data-end=\"891\">equips redu\u00efts i heterogenis<\/strong>, que permeten garantir que tot l\u2019alumnat aprengui els continguts curriculars alhora que adquireix compet\u00e8ncies per treballar en equip, comunicar-se i prendre decisions de manera compartida.<\/p>\n<p>&nbsp;<\/p>\n<h4 data-start=\"1083\" data-end=\"1142\">Cohesi\u00f3 de grup: construir una comunitat d\u2019aprenentatge<\/h4>\n<p data-start=\"1144\" data-end=\"1389\">Un dels pilars del programa \u00e9s la <strong data-start=\"1178\" data-end=\"1205\">cohesi\u00f3 del grup classe<\/strong>, entesa com la base imprescindible per al treball cooperatiu. L\u2019objectiu \u00e9s que l\u2019alumnat es percebi com una <strong data-start=\"1315\" data-end=\"1343\">comunitat d\u2019aprenentatge<\/strong>, on tothom t\u00e9 un paper i una responsabilitat.<\/p>\n<p data-start=\"1391\" data-end=\"1770\">Per aconseguir-ho, es creen les condicions necess\u00e0ries perqu\u00e8 el treball en equip es desenvolupi en un clima de <strong data-start=\"1503\" data-end=\"1559\">respecte, ajuda m\u00fatua i valoraci\u00f3 de les difer\u00e8ncies<\/strong>. Aquest \u00e0mbit es treballa a trav\u00e9s de din\u00e0miques de grup i activitats espec\u00edfiques, sovint a l\u2019espai de tutoria, que afavoreixen el coneixement mutu, la participaci\u00f3 activa i la presa de decisions consensuades.<\/p>\n<p>&nbsp;<\/p>\n<h4 data-start=\"1772\" data-end=\"1821\">El treball en equip com a recurs per aprendre<\/h4>\n<p data-start=\"1823\" data-end=\"2134\">L\u2019estructura cooperativa s\u2019utilitza de manera sistem\u00e0tica com a <strong data-start=\"1887\" data-end=\"1909\">recurs metodol\u00f2gic<\/strong> per assolir els objectius de les diferents \u00e0rees del curr\u00edculum. D\u2019aquesta manera, l\u2019activitat de l\u2019alumnat deixa de ser individualista o competitiva per basar-se en la <strong data-start=\"2079\" data-end=\"2133\">interacci\u00f3 simult\u00e0nia i la participaci\u00f3 equitativa<\/strong>.<\/p>\n<p data-start=\"2136\" data-end=\"2593\">A l\u2019aula s\u2019apliquen diverses <strong data-start=\"2165\" data-end=\"2193\">estructures cooperatives<\/strong>, tant simples com complexes. Les estructures simples, de curta durada \u2014com el <em data-start=\"2272\" data-end=\"2287\">Llapis al mig<\/em>, el <em data-start=\"2292\" data-end=\"2299\">1-2-4<\/em> o el <em data-start=\"2305\" data-end=\"2320\">Full giratori<\/em>\u2014, s\u2019utilitzen per dinamitzar activitats puntuals. Per a projectes de m\u00e9s recorregut, s\u2019incorporen t\u00e8cniques cooperatives complexes com el <em data-start=\"2459\" data-end=\"2484\">Trencaclosques (Jigsaw)<\/em> o els <em data-start=\"2491\" data-end=\"2513\">Grups d\u2019investigaci\u00f3<\/em>, que permeten aprofundir en els continguts i refor\u00e7ar el treball col\u00b7laboratiu.<\/p>\n<p>&nbsp;<\/p>\n<h4 data-start=\"2595\" data-end=\"2645\">El treball en equip com a contingut a ensenyar<\/h4>\n<p data-start=\"2647\" data-end=\"2923\">A l\u2019Escola Pompeu Fabra partim de la idea que <strong data-start=\"2693\" data-end=\"2760\">saber treballar en equip \u00e9s una compet\u00e8ncia que s\u2019ha d\u2019ensenyar<\/strong> de manera expl\u00edcita i sistem\u00e0tica. Per aquest motiu, el treball cooperatiu no \u00e9s nom\u00e9s un recurs metodol\u00f2gic, sin\u00f3 tamb\u00e9 un contingut d\u2019aprenentatge en si mateix.<\/p>\n<p data-start=\"2925\" data-end=\"3289\">L\u2019alumnat s\u2019organitza en <strong data-start=\"2950\" data-end=\"2968\">Equips de Base<\/strong> estables i heterogenis, formats habitualment per quatre o cinc membres, que es mantenen durant un per\u00edode prolongat, sovint al llarg de tot el curs. Dins d\u2019aquests equips, cada alumne\/a assumeix <strong data-start=\"3164\" data-end=\"3186\">c\u00e0rrecs i funcions<\/strong> concretes \u2014com ara coordinador\/a, secretari\/\u00e0ria, intendent o ajudant\u2014 amb responsabilitats definides.<\/p>\n<p data-start=\"3291\" data-end=\"3638\">Cada equip elabora peri\u00f2dicament un <strong data-start=\"3327\" data-end=\"3345\">Pla de l\u2019Equip<\/strong>, on es recullen els objectius comuns i els compromisos personals de cada membre. Aquest pla es revisa i s\u2019avalua regularment. A m\u00e9s, el <strong data-start=\"3482\" data-end=\"3504\">Quadern de l\u2019Equip<\/strong> permet documentar els acords, el diari de sessions i el funcionament global del grup, afavorint l\u2019autoorganitzaci\u00f3 i l\u2019autoregulaci\u00f3.<\/p>\n<p>&nbsp;<\/p>\n<h4 data-start=\"3640\" data-end=\"3686\">Avaluar per millorar el treball cooperatiu<\/h4>\n<p data-start=\"3688\" data-end=\"4125\">El centre dona un valor especial a l\u2019<strong data-start=\"3725\" data-end=\"3761\">avaluaci\u00f3 del treball cooperatiu<\/strong>, entenent-la com una eina per millorar i prendre consci\u00e8ncia del propi aprenentatge. Es distingeix una <strong data-start=\"3865\" data-end=\"3885\">avaluaci\u00f3 grupal<\/strong>, en qu\u00e8 l\u2019equip reflexiona sobre el seu funcionament i la manera com ha assolit els objectius, i una <strong data-start=\"3987\" data-end=\"4011\">avaluaci\u00f3 individual<\/strong>, en qu\u00e8 el docent valora el progr\u00e9s de cada alumne\/a en habilitats socials, participaci\u00f3 i comprom\u00eds amb el grup.<\/p>\n<p data-start=\"4127\" data-end=\"4360\">D\u2019aquesta manera, l\u2019aprenentatge cooperatiu esdev\u00e9 un element clau del projecte educatiu del centre, contribuint a formar infants competents, responsables i capa\u00e7os de treballar plegats en una societat cada vegada m\u00e9s col\u00b7laborativa.<\/p>\n","protected":false},"excerpt":{"rendered":"<p>A l\u2019Escola Pompeu Fabra de Sant Adri\u00e0 de Bes\u00f2s entenem l\u2019aprenentatge cooperatiu com una eina clau per afavorir tant els aprenentatges acad\u00e8mics com el desenvolupament personal i social de l\u2019alumnat. El nostre treball es fonamenta en el Programa CA\/AC (Cooperar per Aprendre \/ Aprendre a&hellip;  <a href=\"https:\/\/agora.xtec.cat\/ceippompeufabrasantadria\/treball-cooperatiu\/\" title=\"Read Treball Cooperatiu\">Llegeix m\u00e9s\u00bb<\/a><\/p>\n","protected":false},"author":8,"featured_media":0,"parent":0,"menu_order":0,"comment_status":"closed","ping_status":"closed","template":"","meta":{"_bbp_topic_count":0,"_bbp_reply_count":0,"_bbp_total_topic_count":0,"_bbp_total_reply_count":0,"_bbp_voice_count":0,"_bbp_anonymous_reply_count":0,"_bbp_topic_count_hidden":0,"_bbp_reply_count_hidden":0,"_bbp_forum_subforum_count":0,"footnotes":""},"class_list":["post-14251","page","type-page","status-publish","hentry"],"post_mailing_queue_ids":[],"_links":{"self":[{"href":"https:\/\/agora.xtec.cat\/ceippompeufabrasantadria\/wp-json\/wp\/v2\/pages\/14251","targetHints":{"allow":["GET"]}}],"collection":[{"href":"https:\/\/agora.xtec.cat\/ceippompeufabrasantadria\/wp-json\/wp\/v2\/pages"}],"about":[{"href":"https:\/\/agora.xtec.cat\/ceippompeufabrasantadria\/wp-json\/wp\/v2\/types\/page"}],"author":[{"embeddable":true,"href":"https:\/\/agora.xtec.cat\/ceippompeufabrasantadria\/wp-json\/wp\/v2\/users\/8"}],"replies":[{"embeddable":true,"href":"https:\/\/agora.xtec.cat\/ceippompeufabrasantadria\/wp-json\/wp\/v2\/comments?post=14251"}],"version-history":[{"count":4,"href":"https:\/\/agora.xtec.cat\/ceippompeufabrasantadria\/wp-json\/wp\/v2\/pages\/14251\/revisions"}],"predecessor-version":[{"id":14532,"href":"https:\/\/agora.xtec.cat\/ceippompeufabrasantadria\/wp-json\/wp\/v2\/pages\/14251\/revisions\/14532"}],"wp:attachment":[{"href":"https:\/\/agora.xtec.cat\/ceippompeufabrasantadria\/wp-json\/wp\/v2\/media?parent=14251"}],"curies":[{"name":"wp","href":"https:\/\/api.w.org\/{rel}","templated":true}]}}