{"id":14202,"date":"2026-01-23T13:52:38","date_gmt":"2026-01-23T12:52:38","guid":{"rendered":"https:\/\/agora.xtec.cat\/ceippompeufabrasantadria\/?page_id=14202"},"modified":"2026-01-23T22:10:46","modified_gmt":"2026-01-23T21:10:46","slug":"projecte-linguistic-de-centre","status":"publish","type":"page","link":"https:\/\/agora.xtec.cat\/ceippompeufabrasantadria\/projecte-linguistic-de-centre\/","title":{"rendered":"Projecte Ling\u00fc\u00edstic de Centre"},"content":{"rendered":"<p data-start=\"2062\" data-end=\"2220\">El <strong data-start=\"2065\" data-end=\"2088\">Projecte Ling\u00fc\u00edstic<\/strong> defineix com s\u2019ensenyen i s\u2019utilitzen les lleng\u00fces a l\u2019escola, amb l\u2019objectiu que l\u2019alumnat esdevingui <strong data-start=\"2192\" data-end=\"2219\">competent i pluriling\u00fce<\/strong>.<\/p>\n<p data-start=\"2222\" data-end=\"2242\"><strong data-start=\"2222\" data-end=\"2242\">Qu\u00e8 hi trobareu?<\/strong><\/p>\n<ul data-start=\"2243\" data-end=\"2682\">\n<li data-start=\"2243\" data-end=\"2337\">\n<p data-start=\"2245\" data-end=\"2337\">El <strong data-start=\"2248\" data-end=\"2295\">catal\u00e0 com a llengua vehicular i de cohesi\u00f3<\/strong>, present a la vida quotidiana del centre.<\/p>\n<\/li>\n<li data-start=\"2338\" data-end=\"2435\">\n<p data-start=\"2340\" data-end=\"2435\">El tractament progressiu del <strong data-start=\"2369\" data-end=\"2381\">castell\u00e0<\/strong> per garantir el domini de les dues lleng\u00fces oficials.<\/p>\n<\/li>\n<li data-start=\"2436\" data-end=\"2517\">\n<p data-start=\"2438\" data-end=\"2517\">La introducci\u00f3 de la <strong data-start=\"2459\" data-end=\"2478\">llengua anglesa<\/strong> amb un enfocament comunicatiu i l\u00fadic.<\/p>\n<\/li>\n<li data-start=\"2518\" data-end=\"2596\">\n<p data-start=\"2520\" data-end=\"2596\">Recursos per a l\u2019<strong data-start=\"2537\" data-end=\"2572\">acollida de l\u2019alumnat nouvingut<\/strong>, com l\u2019Aula d\u2019Acollida.<\/p>\n<\/li>\n<li data-start=\"2597\" data-end=\"2682\">\n<p data-start=\"2599\" data-end=\"2682\">La valoraci\u00f3 de la <strong data-start=\"2618\" data-end=\"2655\">diversitat ling\u00fc\u00edstica i cultural<\/strong> com un element enriquidor.<\/p>\n<\/li>\n<\/ul>\n<p data-start=\"2684\" data-end=\"2801\">Aquest projecte assegura una educaci\u00f3 ling\u00fc\u00edstica inclusiva, respectuosa i adaptada a la realitat del nostre alumnat.<\/p>\n<p data-start=\"2684\" data-end=\"2801\">\n<p data-start=\"2808\" data-end=\"2928\">\ud83d\udcce <strong data-start=\"2811\" data-end=\"2836\">Documents disponibles<\/strong><br data-start=\"2836\" data-end=\"2839\" \/>Podeu consultar aquest document \u00edntegrament clicant a la imatge que trobareu a continuaci\u00f3.<br data-start=\"201\" data-end=\"204\" \/>Cal tenir en compte que actualment es troba <strong data-start=\"250\" data-end=\"290\" data-is-only-node=\"\">en proc\u00e9s de revisi\u00f3 i actualitzaci\u00f3<\/strong>.<\/p>\n<p data-start=\"2808\" data-end=\"2928\"><a href=\"https:\/\/agora.xtec.cat\/ceippompeufabrasantadria\/wp-content\/uploads\/usu271\/2026\/01\/Proj-LINGUISTIC-Pompeu-revisio.doc.pdf\" target=\"_blank\" rel=\"noopener\"><img loading=\"lazy\" decoding=\"async\" class=\"aligncenter wp-image-14441\" src=\"https:\/\/agora.xtec.cat\/ceippompeufabrasantadria\/wp-content\/uploads\/usu271\/2026\/01\/3-212x300.png\" alt=\"\" width=\"276\" height=\"390\" srcset=\"https:\/\/agora.xtec.cat\/ceippompeufabrasantadria\/wp-content\/uploads\/usu271\/2026\/01\/3-212x300.png 212w, https:\/\/agora.xtec.cat\/ceippompeufabrasantadria\/wp-content\/uploads\/usu271\/2026\/01\/3-724x1024.png 724w, https:\/\/agora.xtec.cat\/ceippompeufabrasantadria\/wp-content\/uploads\/usu271\/2026\/01\/3-768x1086.png 768w, https:\/\/agora.xtec.cat\/ceippompeufabrasantadria\/wp-content\/uploads\/usu271\/2026\/01\/3-1086x1536.png 1086w, https:\/\/agora.xtec.cat\/ceippompeufabrasantadria\/wp-content\/uploads\/usu271\/2026\/01\/3.png 1414w\" sizes=\"auto, (max-width: 276px) 100vw, 276px\" \/><\/a><\/p>\n","protected":false},"excerpt":{"rendered":"<p>El Projecte Ling\u00fc\u00edstic defineix com s\u2019ensenyen i s\u2019utilitzen les lleng\u00fces a l\u2019escola, amb l\u2019objectiu que l\u2019alumnat esdevingui competent i pluriling\u00fce.<br \/>\nQu\u00e8 hi trobareu?<\/p>\n<ul data-start=\"2243\" data-end=\"2682\">\n<li data-start=\"2243\" data-end=\"2337\">\nEl catal\u00e0 com a llengua vehicular i de cohesi\u00f3, present a la vida quotidiana del centre.\n<\/li>\n<li data-start=\"2338\" data-end=\"2435\">\nEl tractament progressiu&hellip;  <a href=\"https:\/\/agora.xtec.cat\/ceippompeufabrasantadria\/projecte-linguistic-de-centre\/\" title=\"Read Projecte Ling\u00fc\u00edstic de Centre\">Llegeix m\u00e9s\u00bb<\/a><\/p>\n","protected":false},"author":8,"featured_media":0,"parent":0,"menu_order":0,"comment_status":"closed","ping_status":"closed","template":"","meta":{"_bbp_topic_count":0,"_bbp_reply_count":0,"_bbp_total_topic_count":0,"_bbp_total_reply_count":0,"_bbp_voice_count":0,"_bbp_anonymous_reply_count":0,"_bbp_topic_count_hidden":0,"_bbp_reply_count_hidden":0,"_bbp_forum_subforum_count":0,"footnotes":""},"class_list":["post-14202","page","type-page","status-publish","hentry"],"post_mailing_queue_ids":[],"_links":{"self":[{"href":"https:\/\/agora.xtec.cat\/ceippompeufabrasantadria\/wp-json\/wp\/v2\/pages\/14202","targetHints":{"allow":["GET"]}}],"collection":[{"href":"https:\/\/agora.xtec.cat\/ceippompeufabrasantadria\/wp-json\/wp\/v2\/pages"}],"about":[{"href":"https:\/\/agora.xtec.cat\/ceippompeufabrasantadria\/wp-json\/wp\/v2\/types\/page"}],"author":[{"embeddable":true,"href":"https:\/\/agora.xtec.cat\/ceippompeufabrasantadria\/wp-json\/wp\/v2\/users\/8"}],"replies":[{"embeddable":true,"href":"https:\/\/agora.xtec.cat\/ceippompeufabrasantadria\/wp-json\/wp\/v2\/comments?post=14202"}],"version-history":[{"count":3,"href":"https:\/\/agora.xtec.cat\/ceippompeufabrasantadria\/wp-json\/wp\/v2\/pages\/14202\/revisions"}],"predecessor-version":[{"id":14443,"href":"https:\/\/agora.xtec.cat\/ceippompeufabrasantadria\/wp-json\/wp\/v2\/pages\/14202\/revisions\/14443"}],"wp:attachment":[{"href":"https:\/\/agora.xtec.cat\/ceippompeufabrasantadria\/wp-json\/wp\/v2\/media?parent=14202"}],"curies":[{"name":"wp","href":"https:\/\/api.w.org\/{rel}","templated":true}]}}