{"id":14094,"date":"2026-01-22T22:05:19","date_gmt":"2026-01-22T21:05:19","guid":{"rendered":"https:\/\/agora.xtec.cat\/ceippompeufabrasantadria\/?page_id=14094"},"modified":"2026-01-25T20:20:35","modified_gmt":"2026-01-25T19:20:35","slug":"escola-emprenedora-cueme","status":"publish","type":"page","link":"https:\/\/agora.xtec.cat\/ceippompeufabrasantadria\/escola-emprenedora-cueme\/","title":{"rendered":"Escola Emprenedora (CuEmE)"},"content":{"rendered":"<p data-start=\"574\" data-end=\"989\">Des de fa gaireb\u00e9 <strong data-start=\"592\" data-end=\"605\">vint anys<\/strong>, la nostra escola desenvolupa de manera continuada el projecte <strong data-start=\"669\" data-end=\"703\">Cultura Emprenedora a l\u2019Escola<\/strong>, del qual n\u2019ha estat <strong data-start=\"725\" data-end=\"744\">centre impulsor<\/strong> des dels seus inicis. Al llarg d\u2019aquest temps, el projecte s\u2019ha anat consolidant com una l\u00ednia pedag\u00f2gica pr\u00f2pia del centre, amb el suport de la Diputaci\u00f3 de Barcelona i, inicialment, de l\u2019\u00e0rea d\u2019Economia de l\u2019Ajuntament de Sant Adri\u00e0 de Bes\u00f2s.<\/p>\n<p data-start=\"991\" data-end=\"1371\">El projecte t\u00e9 com a finalitat <strong data-start=\"1022\" data-end=\"1057\">impulsar la cultura emprenedora<\/strong> a trav\u00e9s de la creaci\u00f3 de cooperatives escolars organitzades i gestionades per l\u2019alumnat de cicle superior d\u2019educaci\u00f3 prim\u00e0ria, concretament a sis\u00e8 curs. Aquesta experi\u00e8ncia permet a l\u2019alumnat viure un proc\u00e9s real d\u2019emprenedoria, des de la generaci\u00f3 de la idea fins a la producci\u00f3 i comercialitzaci\u00f3 de productes.<\/p>\n<p data-start=\"1373\" data-end=\"1797\">Al llarg del curs, l\u2019alumnat apr\u00e8n a posar en marxa un projecte d\u2019emprenedoria, gestiona un microcr\u00e8dit, pren decisions de manera democr\u00e0tica i desenvolupa petits productes que posteriorment ven en el seu entorn proper. Tot el proc\u00e9s es duu a terme des d\u2019una metodologia basada en l\u2019aprenentatge significatiu, el treball cooperatiu i el treball per projectes, integrant de manera transversal diferents \u00e0mbits del curr\u00edculum.<\/p>\n<p data-start=\"1799\" data-end=\"2221\">L\u2019objectiu principal del projecte \u00e9s <strong data-start=\"1836\" data-end=\"1915\">fomentar la creativitat, la iniciativa, la innovaci\u00f3 i l\u2019esperit emprenedor<\/strong>, desenvolupant compet\u00e8ncies personals, socials i professionals que resulten \u00fatils per a qualsevol repte vital, m\u00e9s enll\u00e0 de la possible orientaci\u00f3 cap a l\u2019\u00e0mbit empresarial. En aquest sentit, el projecte s\u2019alinea amb els objectius estrat\u00e8gics europeus en mat\u00e8ria d\u2019educaci\u00f3 i desenvolupament competencial.<\/p>\n<p data-start=\"2223\" data-end=\"2593\">El projecte aposta pel <strong data-start=\"2246\" data-end=\"2266\">model cooperatiu<\/strong> com a filosofia de base, ja que promou una gesti\u00f3 democr\u00e0tica i participativa, refor\u00e7a valors de responsabilitat social i afavoreix la implicaci\u00f3 activa de l\u2019alumnat en la presa de decisions col\u00b7lectives. Aquesta traject\u00f2ria sostinguda al llarg dels anys ha convertit el projecte en un referent dins del centre i del municipi.<\/p>\n","protected":false},"excerpt":{"rendered":"<p>Des de fa gaireb\u00e9 vint anys, la nostra escola desenvolupa de manera continuada el projecte Cultura Emprenedora a l\u2019Escola, del qual n\u2019ha estat centre impulsor des dels seus inicis. Al llarg d\u2019aquest temps, el projecte s\u2019ha anat consolidant com una l\u00ednia pedag\u00f2gica pr\u00f2pia del centre,&hellip;  <a href=\"https:\/\/agora.xtec.cat\/ceippompeufabrasantadria\/escola-emprenedora-cueme\/\" title=\"Read Escola Emprenedora (CuEmE)\">Llegeix m\u00e9s\u00bb<\/a><\/p>\n","protected":false},"author":8,"featured_media":0,"parent":0,"menu_order":0,"comment_status":"closed","ping_status":"closed","template":"","meta":{"_bbp_topic_count":0,"_bbp_reply_count":0,"_bbp_total_topic_count":0,"_bbp_total_reply_count":0,"_bbp_voice_count":0,"_bbp_anonymous_reply_count":0,"_bbp_topic_count_hidden":0,"_bbp_reply_count_hidden":0,"_bbp_forum_subforum_count":0,"footnotes":""},"class_list":["post-14094","page","type-page","status-publish","hentry"],"post_mailing_queue_ids":[],"_links":{"self":[{"href":"https:\/\/agora.xtec.cat\/ceippompeufabrasantadria\/wp-json\/wp\/v2\/pages\/14094","targetHints":{"allow":["GET"]}}],"collection":[{"href":"https:\/\/agora.xtec.cat\/ceippompeufabrasantadria\/wp-json\/wp\/v2\/pages"}],"about":[{"href":"https:\/\/agora.xtec.cat\/ceippompeufabrasantadria\/wp-json\/wp\/v2\/types\/page"}],"author":[{"embeddable":true,"href":"https:\/\/agora.xtec.cat\/ceippompeufabrasantadria\/wp-json\/wp\/v2\/users\/8"}],"replies":[{"embeddable":true,"href":"https:\/\/agora.xtec.cat\/ceippompeufabrasantadria\/wp-json\/wp\/v2\/comments?post=14094"}],"version-history":[{"count":2,"href":"https:\/\/agora.xtec.cat\/ceippompeufabrasantadria\/wp-json\/wp\/v2\/pages\/14094\/revisions"}],"predecessor-version":[{"id":14521,"href":"https:\/\/agora.xtec.cat\/ceippompeufabrasantadria\/wp-json\/wp\/v2\/pages\/14094\/revisions\/14521"}],"wp:attachment":[{"href":"https:\/\/agora.xtec.cat\/ceippompeufabrasantadria\/wp-json\/wp\/v2\/media?parent=14094"}],"curies":[{"name":"wp","href":"https:\/\/api.w.org\/{rel}","templated":true}]}}