{"id":2458,"date":"2014-01-14T18:13:11","date_gmt":"2014-01-14T17:13:11","guid":{"rendered":"http:\/\/blocs.xtec.cat\/ceippoetafoix\/?page_id=2458"},"modified":"2023-12-01T15:10:20","modified_gmt":"2023-12-01T14:10:20","slug":"cami-escolar","status":"publish","type":"page","link":"https:\/\/agora.xtec.cat\/ceippoetafoix\/projectes\/cami-escolar\/","title":{"rendered":"Pacificaci\u00f3 escolar"},"content":{"rendered":"<div class=\"col-xs-12 mbottom20\">\n<p style=\"text-align: justify;\"><span style=\"font-family: inherit; font-size: 1em;\">Les escoles s\u00f3n llocs plens de vida, amb un gran volum de persones que s&#8217;hi acosten cada dia, entre alumnes, docents, pares i mares. Per aix\u00f2, els seus entorns han de ser llocs segurs i saludables, amb espais d&#8217;estada i joc i tamb\u00e9 on hi hagi menys contaminaci\u00f3. Amb aquest objectiu, Barcelona posa en marxa el projecte Protegim les escoles, que fins al 2023 transformar\u00e0 uns 200 entorns escolars. La nostra escola ja forma part d&#8217;aquest projecte.<\/span><\/p>\n<\/div>\n<div class=\"region region-content\">\n<div class=\"flexed-header\" style=\"text-align: justify;\">\n<p><strong>Qu\u00e8 \u00e9s una escola protegida? <\/strong>\u00c9s la transformaci\u00f3 de\u00a0l&#8217;entorn de l&#8217;escola, posant\u00a0al centre la seguretat i el benestar dels nens i nenes a trav\u00e9s de diverses accions:<\/p>\n<ul>\n<li>Pacificaci\u00f3 del tr\u00e0nsit en l\u2019entorn escolar.<\/li>\n<li>Millora dels accessos a les escoles.<\/li>\n<li>Ampliaci\u00f3 de les zones d&#8217;estada i del verd, incorporant nou mobiliari urb\u00e0: bancs, jardineres&#8230;<\/li>\n<\/ul>\n<\/div>\n<p style=\"text-align: justify;\"><img loading=\"lazy\" decoding=\"async\" class=\"size-medium wp-image-6064\" src=\"https:\/\/agora.xtec.cat\/ceippoetafoix\/wp-content\/uploads\/usu296\/2020\/11\/IMG-5938-min-225x300.jpg\" alt=\"\" width=\"225\" height=\"300\" \/> <img loading=\"lazy\" decoding=\"async\" class=\"size-medium wp-image-6065\" src=\"https:\/\/agora.xtec.cat\/ceippoetafoix\/wp-content\/uploads\/usu296\/2020\/11\/IMG-5939-min-225x300.jpg\" alt=\"\" width=\"225\" height=\"300\" \/> <img loading=\"lazy\" decoding=\"async\" class=\"size-medium wp-image-6066\" src=\"https:\/\/agora.xtec.cat\/ceippoetafoix\/wp-content\/uploads\/usu296\/2020\/11\/IMG-5940-min-225x300.jpg\" alt=\"\" width=\"225\" height=\"300\" \/> <img loading=\"lazy\" decoding=\"async\" class=\"size-medium wp-image-6067\" src=\"https:\/\/agora.xtec.cat\/ceippoetafoix\/wp-content\/uploads\/usu296\/2020\/11\/IMG-5941-min-225x300.jpg\" alt=\"\" width=\"225\" height=\"300\" \/> <img loading=\"lazy\" decoding=\"async\" class=\"size-medium wp-image-6068\" src=\"https:\/\/agora.xtec.cat\/ceippoetafoix\/wp-content\/uploads\/usu296\/2020\/11\/IMG-5942-min-225x300.jpg\" alt=\"\" width=\"225\" height=\"300\" \/><\/p>\n<\/div>\n","protected":false},"excerpt":{"rendered":"<p>Les escoles s\u00f3n llocs plens de vida, amb un gran volum de persones que s&#8217;hi acosten cada dia, entre alumnes, docents, pares i mares. Per aix\u00f2, els seus entorns han de ser llocs segurs i saludables, amb espais d&#8217;estada i joc i tamb\u00e9 on hi&hellip;  <a href=\"https:\/\/agora.xtec.cat\/ceippoetafoix\/projectes\/cami-escolar\/\" title=\"Read Pacificaci\u00f3 escolar\">Llegeix m\u00e9s\u00bb<\/a><\/p>\n","protected":false},"author":3,"featured_media":0,"parent":2452,"menu_order":2,"comment_status":"closed","ping_status":"closed","template":"page-templates\/side-menu.php","meta":{"_bbp_topic_count":0,"_bbp_reply_count":0,"_bbp_total_topic_count":0,"_bbp_total_reply_count":0,"_bbp_voice_count":0,"_bbp_anonymous_reply_count":0,"_bbp_topic_count_hidden":0,"_bbp_reply_count_hidden":0,"_bbp_forum_subforum_count":0,"footnotes":""},"class_list":["post-2458","page","type-page","status-publish","hentry"],"post_mailing_queue_ids":[],"_links":{"self":[{"href":"https:\/\/agora.xtec.cat\/ceippoetafoix\/wp-json\/wp\/v2\/pages\/2458","targetHints":{"allow":["GET"]}}],"collection":[{"href":"https:\/\/agora.xtec.cat\/ceippoetafoix\/wp-json\/wp\/v2\/pages"}],"about":[{"href":"https:\/\/agora.xtec.cat\/ceippoetafoix\/wp-json\/wp\/v2\/types\/page"}],"author":[{"embeddable":true,"href":"https:\/\/agora.xtec.cat\/ceippoetafoix\/wp-json\/wp\/v2\/users\/3"}],"replies":[{"embeddable":true,"href":"https:\/\/agora.xtec.cat\/ceippoetafoix\/wp-json\/wp\/v2\/comments?post=2458"}],"version-history":[{"count":5,"href":"https:\/\/agora.xtec.cat\/ceippoetafoix\/wp-json\/wp\/v2\/pages\/2458\/revisions"}],"predecessor-version":[{"id":10299,"href":"https:\/\/agora.xtec.cat\/ceippoetafoix\/wp-json\/wp\/v2\/pages\/2458\/revisions\/10299"}],"up":[{"embeddable":true,"href":"https:\/\/agora.xtec.cat\/ceippoetafoix\/wp-json\/wp\/v2\/pages\/2452"}],"wp:attachment":[{"href":"https:\/\/agora.xtec.cat\/ceippoetafoix\/wp-json\/wp\/v2\/media?parent=2458"}],"curies":[{"name":"wp","href":"https:\/\/api.w.org\/{rel}","templated":true}]}}