{"id":84,"date":"2014-09-18T14:11:31","date_gmt":"2014-09-18T12:11:31","guid":{"rendered":"http:\/\/agora.xtec.cat\/ceippladedalt\/?page_id=84"},"modified":"2025-07-11T23:54:31","modified_gmt":"2025-07-11T21:54:31","slug":"activitats-extraescolars","status":"publish","type":"page","link":"https:\/\/agora.xtec.cat\/ceippladedalt\/serveis\/activitats-extraescolars\/","title":{"rendered":"EXTRAESCOLARS"},"content":{"rendered":"<h2><strong>ACTIVITATS EXTRAESCOLARS DE MIGDIA I TARDA<\/strong><\/h2>\n<p>La<span style=\"color: #000000;\"><strong> <span style=\"text-decoration: underline;\">Comissi\u00f3 d&#8217;extraescolars de l&#8217;AFA<\/span><\/strong> presenta cada any una proposta d&#8217;activitats extraescolars per a tot l&#8217;alumnat de l&#8217;escola, des d&#8217;I4 fins a 6\u00e8: b\u00e0squet, v\u00f2lei, circ, multiesport, gimn\u00e0stica art\u00edstica, esport adaptat, contes del m\u00f3n, m\u00fasica, angl\u00e8s, xin\u00e8s, rob\u00f2tica i mecanografia.<\/span><\/p>\n<p><img decoding=\"async\" class=\"alignright\" src=\"http:\/\/www.lacomarcal.com\/wp-content\/uploads\/2016\/02\/EXTRAESCOLARS.png\" alt=\"ACTIVITATS EXTRAESCOLARS\" \/><\/p>\n<p><strong>Les inscripcions comen\u00e7aran a mitjans d&#8217;agost<\/strong>! I les activitats s&#8217;iniciaran a l&#8217;octubre.<\/p>\n<p>Trobareu tota la informaci\u00f3 a l&#8217;enlla\u00e7 de la web de l&#8217;AFA.<\/p>\n<p style=\"text-align: center;\"><a href=\"https:\/\/afapladedalt.wordpress.com\/extraescolars\/\" target=\"_blank\" rel=\"noopener noreferrer\"><img loading=\"lazy\" decoding=\"async\" class=\"aligncenter wp-image-549 size-full\" src=\"https:\/\/agora.xtec.cat\/ceippladedalt\/wp-content\/uploads\/usu2126\/2020\/07\/images.png\" alt=\"\" width=\"108\" height=\"97\" \/><\/a><\/p>\n","protected":false},"excerpt":{"rendered":"<p>ACTIVITATS EXTRAESCOLARS DE MIGDIA I TARDA<br \/>\nLa Comissi\u00f3 d&#8217;extraescolars de l&#8217;AFA presenta cada any una proposta d&#8217;activitats extraescolars per a tot l&#8217;alumnat de l&#8217;escola, des d&#8217;I4 fins a 6\u00e8: b\u00e0squet, v\u00f2lei, circ, multiesport, gimn\u00e0stica art\u00edstica, esport adaptat, contes del m\u00f3n, m\u00fasica, angl\u00e8s, xin\u00e8s, rob\u00f2tica i mecanografia.<\/p>\n<p>Les&hellip;  <a href=\"https:\/\/agora.xtec.cat\/ceippladedalt\/serveis\/activitats-extraescolars\/\" title=\"Read EXTRAESCOLARS\">Llegeix m\u00e9s\u00bb<\/a><\/p>\n","protected":false},"author":1,"featured_media":0,"parent":66,"menu_order":50,"comment_status":"closed","ping_status":"closed","template":"page-templates\/side-menu.php","meta":{"_bbp_topic_count":0,"_bbp_reply_count":0,"_bbp_total_topic_count":0,"_bbp_total_reply_count":0,"_bbp_voice_count":0,"_bbp_anonymous_reply_count":0,"_bbp_topic_count_hidden":0,"_bbp_reply_count_hidden":0,"_bbp_forum_subforum_count":0,"footnotes":""},"class_list":["post-84","page","type-page","status-publish","hentry"],"post_mailing_queue_ids":[],"_links":{"self":[{"href":"https:\/\/agora.xtec.cat\/ceippladedalt\/wp-json\/wp\/v2\/pages\/84","targetHints":{"allow":["GET"]}}],"collection":[{"href":"https:\/\/agora.xtec.cat\/ceippladedalt\/wp-json\/wp\/v2\/pages"}],"about":[{"href":"https:\/\/agora.xtec.cat\/ceippladedalt\/wp-json\/wp\/v2\/types\/page"}],"author":[{"embeddable":true,"href":"https:\/\/agora.xtec.cat\/ceippladedalt\/wp-json\/wp\/v2\/users\/1"}],"replies":[{"embeddable":true,"href":"https:\/\/agora.xtec.cat\/ceippladedalt\/wp-json\/wp\/v2\/comments?post=84"}],"version-history":[{"count":6,"href":"https:\/\/agora.xtec.cat\/ceippladedalt\/wp-json\/wp\/v2\/pages\/84\/revisions"}],"predecessor-version":[{"id":23274,"href":"https:\/\/agora.xtec.cat\/ceippladedalt\/wp-json\/wp\/v2\/pages\/84\/revisions\/23274"}],"up":[{"embeddable":true,"href":"https:\/\/agora.xtec.cat\/ceippladedalt\/wp-json\/wp\/v2\/pages\/66"}],"wp:attachment":[{"href":"https:\/\/agora.xtec.cat\/ceippladedalt\/wp-json\/wp\/v2\/media?parent=84"}],"curies":[{"name":"wp","href":"https:\/\/api.w.org\/{rel}","templated":true}]}}

<h2><strong>ACTIVITATS EXTRAESCOLARS DE MIGDIA I TARDA</strong></h2>
<p>La<span style="color: #000000;"><strong> <span style="text-decoration: underline;">Comissió d&#8217;extraescolars de l&#8217;AFA</span></strong> presenta cada any una proposta d&#8217;activitats extraescolars per a tot l&#8217;alumnat de l&#8217;escola, des d&#8217;I4 fins a 6è: bàsquet, vòlei, circ, multiesport, gimnàstica artística, esport adaptat, contes del món, música, anglès, xinès, robòtica i mecanografia.</span></p>
<p><img decoding="async" class="alignright" src="http://www.lacomarcal.com/wp-content/uploads/2016/02/EXTRAESCOLARS.png" alt="ACTIVITATS EXTRAESCOLARS" /></p>
<p><strong>Les inscripcions començaran a mitjans d&#8217;agost</strong>! I les activitats s&#8217;iniciaran a l&#8217;octubre.</p>
<p>Trobareu tota la informació a l&#8217;enllaç de la web de l&#8217;AFA.</p>
<p style="text-align: center;"><a href="https://afapladedalt.wordpress.com/extraescolars/" target="_blank" rel="noopener noreferrer"><img loading="lazy" decoding="async" class="aligncenter wp-image-549 size-full" src="https://agora.xtec.cat/ceippladedalt/wp-content/uploads/usu2126/2020/07/images.png" alt="" width="108" height="97" /></a></p>

<p>ACTIVITATS EXTRAESCOLARS DE MIGDIA I TARDA<br />
La Comissió d&#8217;extraescolars de l&#8217;AFA presenta cada any una proposta d&#8217;activitats extraescolars per a tot l&#8217;alumnat de l&#8217;escola, des d&#8217;I4 fins a 6è: bàsquet, vòlei, circ, multiesport, gimnàstica artística, esport adaptat, contes del món, música, anglès, xinès, robòtica i mecanografia.</p>
<p>Les&hellip;  <a href="https://agora.xtec.cat/ceippladedalt/serveis/activitats-extraescolars/" title="Read EXTRAESCOLARS">Llegeix més»</a></p>
