{"id":82,"date":"2014-09-18T14:10:51","date_gmt":"2014-09-18T12:10:51","guid":{"rendered":"http:\/\/agora.xtec.cat\/ceippladedalt\/?page_id=82"},"modified":"2026-04-21T11:54:05","modified_gmt":"2026-04-21T09:54:05","slug":"casal-destiu","status":"publish","type":"page","link":"https:\/\/agora.xtec.cat\/ceippladedalt\/serveis\/casal-destiu\/","title":{"rendered":"CASAL D&#8217;ESTIU"},"content":{"rendered":"<h2>ESTIU RIU<\/h2>\n<p>L\u2019Estiu Riu \u00e9s un projecte d\u2019activitats Educatives de Lleure per a infants i joves durant l\u2019estiu. La nostra escola forma part dels centres on es planifiquen activitats educatives de lleure.<a href=\"https:\/\/drive.google.com\/file\/d\/1bnhtUAeejVD2tC2-FaQY4MSoJfKLbrEw\/view?usp=sharing\"><img loading=\"lazy\" decoding=\"async\" class=\"alignright\" src=\"https:\/\/www.olot.cat\/media\/site1\/cache\/images\/banner-activa-estiu-2026-800x400-redim-w800-h600.jpg\" width=\"356\" height=\"178\" \/><\/a><\/p>\n<p>L\u2019\u00c0rea de Cultura i Educaci\u00f3 de l\u2019Ajuntament d\u2019Olot es vol assegurar que durant el per\u00edode d\u2019estiu tots els infants i joves de la ciutat que vulguin tinguin l\u2019oportunitat de participar en activitats educatives de lleure. Amb aquesta finalitat i a banda de les organitzades per la pr\u00f2pia \u00e0rea es promou i es d\u00f3na suport, en el marc d\u2019un programa municipal i comarcal, a un conjunt d\u2019activitats culturals, d\u2019esport i de lleure organitzades per diferents entitats i associacions de la ciutat.<\/p>\n<p><a href=\"https:\/\/drive.google.com\/file\/d\/1bnhtUAeejVD2tC2-FaQY4MSoJfKLbrEw\/view?usp=sharing\"><strong>Guia estiu 2026<\/strong><\/a><\/p>\n<p><a href=\"https:\/\/oloteducacio.cat\/qui-som\/serveis\/estiu-riu\/esplai-per-a-petits-pla-de-dalt-informacio-families\/\"><strong>Estiu Riu 2025 Esplai per a petits Pla de Dalt<\/strong><\/a><\/p>\n<p style=\"text-align: left;\">\n","protected":false},"excerpt":{"rendered":"<p>ESTIU RIU<br \/>\nL\u2019Estiu Riu \u00e9s un projecte d\u2019activitats Educatives de Lleure per a infants i joves durant l\u2019estiu. La nostra escola forma part dels centres on es planifiquen activitats educatives de lleure.<a href=\"https:\/\/drive.google.com\/file\/d\/1bnhtUAeejVD2tC2-FaQY4MSoJfKLbrEw\/view?usp=sharing\"><\/a><br \/>\nL\u2019\u00c0rea de Cultura i Educaci\u00f3 de l\u2019Ajuntament d\u2019Olot es vol assegurar que durant el&hellip;  <a href=\"https:\/\/agora.xtec.cat\/ceippladedalt\/serveis\/casal-destiu\/\" title=\"Read CASAL D&#8217;ESTIU\">Llegeix m\u00e9s\u00bb<\/a><\/p>\n","protected":false},"author":1,"featured_media":0,"parent":66,"menu_order":60,"comment_status":"closed","ping_status":"closed","template":"page-templates\/side-menu.php","meta":{"_bbp_topic_count":0,"_bbp_reply_count":0,"_bbp_total_topic_count":0,"_bbp_total_reply_count":0,"_bbp_voice_count":0,"_bbp_anonymous_reply_count":0,"_bbp_topic_count_hidden":0,"_bbp_reply_count_hidden":0,"_bbp_forum_subforum_count":0,"footnotes":""},"class_list":["post-82","page","type-page","status-publish","hentry"],"post_mailing_queue_ids":[],"_links":{"self":[{"href":"https:\/\/agora.xtec.cat\/ceippladedalt\/wp-json\/wp\/v2\/pages\/82","targetHints":{"allow":["GET"]}}],"collection":[{"href":"https:\/\/agora.xtec.cat\/ceippladedalt\/wp-json\/wp\/v2\/pages"}],"about":[{"href":"https:\/\/agora.xtec.cat\/ceippladedalt\/wp-json\/wp\/v2\/types\/page"}],"author":[{"embeddable":true,"href":"https:\/\/agora.xtec.cat\/ceippladedalt\/wp-json\/wp\/v2\/users\/1"}],"replies":[{"embeddable":true,"href":"https:\/\/agora.xtec.cat\/ceippladedalt\/wp-json\/wp\/v2\/comments?post=82"}],"version-history":[{"count":5,"href":"https:\/\/agora.xtec.cat\/ceippladedalt\/wp-json\/wp\/v2\/pages\/82\/revisions"}],"predecessor-version":[{"id":23737,"href":"https:\/\/agora.xtec.cat\/ceippladedalt\/wp-json\/wp\/v2\/pages\/82\/revisions\/23737"}],"up":[{"embeddable":true,"href":"https:\/\/agora.xtec.cat\/ceippladedalt\/wp-json\/wp\/v2\/pages\/66"}],"wp:attachment":[{"href":"https:\/\/agora.xtec.cat\/ceippladedalt\/wp-json\/wp\/v2\/media?parent=82"}],"curies":[{"name":"wp","href":"https:\/\/api.w.org\/{rel}","templated":true}]}}

<h2>ESTIU RIU</h2>
<p>L’Estiu Riu és un projecte d’activitats Educatives de Lleure per a infants i joves durant l’estiu. La nostra escola forma part dels centres on es planifiquen activitats educatives de lleure.<a href="https://drive.google.com/file/d/1bnhtUAeejVD2tC2-FaQY4MSoJfKLbrEw/view?usp=sharing"><img loading="lazy" decoding="async" class="alignright" src="https://www.olot.cat/media/site1/cache/images/banner-activa-estiu-2026-800x400-redim-w800-h600.jpg" width="356" height="178" /></a></p>
<p>L’Àrea de Cultura i Educació de l’Ajuntament d’Olot es vol assegurar que durant el període d’estiu tots els infants i joves de la ciutat que vulguin tinguin l’oportunitat de participar en activitats educatives de lleure. Amb aquesta finalitat i a banda de les organitzades per la pròpia àrea es promou i es dóna suport, en el marc d’un programa municipal i comarcal, a un conjunt d’activitats culturals, d’esport i de lleure organitzades per diferents entitats i associacions de la ciutat.</p>
<p><a href="https://drive.google.com/file/d/1bnhtUAeejVD2tC2-FaQY4MSoJfKLbrEw/view?usp=sharing"><strong>Guia estiu 2026</strong></a></p>
<p><a href="https://oloteducacio.cat/qui-som/serveis/estiu-riu/esplai-per-a-petits-pla-de-dalt-informacio-families/"><strong>Estiu Riu 2025 Esplai per a petits Pla de Dalt</strong></a></p>
<p style="text-align: left;">

<p>ESTIU RIU<br />
L’Estiu Riu és un projecte d’activitats Educatives de Lleure per a infants i joves durant l’estiu. La nostra escola forma part dels centres on es planifiquen activitats educatives de lleure.<a href="https://drive.google.com/file/d/1bnhtUAeejVD2tC2-FaQY4MSoJfKLbrEw/view?usp=sharing"></a><br />
L’Àrea de Cultura i Educació de l’Ajuntament d’Olot es vol assegurar que durant el&hellip;  <a href="https://agora.xtec.cat/ceippladedalt/serveis/casal-destiu/" title="Read CASAL D&#8217;ESTIU">Llegeix més»</a></p>
