{"id":682,"date":"2020-07-07T23:14:51","date_gmt":"2020-07-07T21:14:51","guid":{"rendered":"https:\/\/agora.xtec.cat\/ceippladedalt\/?page_id=682"},"modified":"2026-02-02T12:44:26","modified_gmt":"2026-02-02T11:44:26","slug":"pau","status":"publish","type":"page","link":"https:\/\/agora.xtec.cat\/ceippladedalt\/fotos\/pau\/","title":{"rendered":"DIA DE LA PAU (DENIP)"},"content":{"rendered":"<p><span style=\"color: #800080;\"><strong>CURS 25-26 <\/strong><\/span>Avui 30 de gener, tenim la oportunitat per a pensar en com podem fer un m\u00f3n m\u00e9s just i pac\u00edfic. Aquest dia ens recorda que la pau no nom\u00e9s vol dir acabar amb els conflictes, sin\u00f3 tamb\u00e9 eliminar la discriminaci\u00f3 i la viol\u00e8ncia en totes les seves formes. Aquestes setmanes tota l&#8217;escola hem treballat unes din\u00e0miques per detectar les viol\u00e8ncies i hem treballat la can\u00e7\u00f3 l&#8217;Escola que volem del grup musical Xiula, que ens parla de comprometre&#8217;ns amb el m\u00f3n on vivim; d&#8217;aprendre a relacionar-nos des del respecte i l&#8217;estima; a conviure amb la frustraci\u00f3 i la impaci\u00e8ncia i cultivar l&#8217;estima cap a les coses tal com son i tal com les vivim.<\/p>\n<p>Tota forma de viol\u00e8ncia -f\u00edsica, verbal, relacional, discriminat\u00f2ria o digital- fa mal i no t\u00e9 m\u00e9s lloc a la nostra escola. Volem una escola on totes les persones ens tractem b\u00e9, ens sentim segures i felices. ens comprometem a ajudar-nos, a parlar amb calma, a respectar-nos i tenir cura els uns dels altres.<\/p>\n<p><img loading=\"lazy\" decoding=\"async\" class=\"wp-image-23615 size-medium aligncenter\" src=\"https:\/\/agora.xtec.cat\/ceippladedalt\/wp-content\/uploads\/usu2126\/2026\/02\/96A9FDB0-17BA-489A-9F2B-58A88E5656EF-300x225.jpeg\" alt=\"\" width=\"300\" height=\"225\" srcset=\"https:\/\/agora.xtec.cat\/ceippladedalt\/wp-content\/uploads\/usu2126\/2026\/02\/96A9FDB0-17BA-489A-9F2B-58A88E5656EF-300x225.jpeg 300w, https:\/\/agora.xtec.cat\/ceippladedalt\/wp-content\/uploads\/usu2126\/2026\/02\/96A9FDB0-17BA-489A-9F2B-58A88E5656EF-1024x768.jpeg 1024w, https:\/\/agora.xtec.cat\/ceippladedalt\/wp-content\/uploads\/usu2126\/2026\/02\/96A9FDB0-17BA-489A-9F2B-58A88E5656EF-768x576.jpeg 768w, https:\/\/agora.xtec.cat\/ceippladedalt\/wp-content\/uploads\/usu2126\/2026\/02\/96A9FDB0-17BA-489A-9F2B-58A88E5656EF-1536x1152.jpeg 1536w, https:\/\/agora.xtec.cat\/ceippladedalt\/wp-content\/uploads\/usu2126\/2026\/02\/96A9FDB0-17BA-489A-9F2B-58A88E5656EF-200x150.jpeg 200w, https:\/\/agora.xtec.cat\/ceippladedalt\/wp-content\/uploads\/usu2126\/2026\/02\/96A9FDB0-17BA-489A-9F2B-58A88E5656EF.jpeg 2000w\" sizes=\"auto, (max-width: 300px) 100vw, 300px\" \/><\/p>\n<h2><a href=\"https:\/\/drive.google.com\/drive\/folders\/1DN3-F6ui8djMoJCkrb92HWpOuz6vqKVu?usp=drive_link\" target=\"_blank\" rel=\"noopener\"><img loading=\"lazy\" decoding=\"async\" class=\"aligncenter wp-image-19761 size-medium\" src=\"https:\/\/agora.xtec.cat\/ceippladedalt\/wp-content\/uploads\/usu2126\/2023\/06\/icona-fotos-300x143.jpg\" alt=\"\" width=\"300\" height=\"143\" srcset=\"https:\/\/agora.xtec.cat\/ceippladedalt\/wp-content\/uploads\/usu2126\/2023\/06\/icona-fotos-300x143.jpg 300w, https:\/\/agora.xtec.cat\/ceippladedalt\/wp-content\/uploads\/usu2126\/2023\/06\/icona-fotos-768x365.jpg 768w, https:\/\/agora.xtec.cat\/ceippladedalt\/wp-content\/uploads\/usu2126\/2023\/06\/icona-fotos.jpg 930w\" sizes=\"auto, (max-width: 300px) 100vw, 300px\" \/><\/a><\/h2>\n<h2 style=\"text-align: center;\"><a href=\"https:\/\/drive.google.com\/drive\/folders\/1DN3-F6ui8djMoJCkrb92HWpOuz6vqKVu?usp=drive_link\" target=\"_blank\" rel=\"noopener\">Enlla\u00e7 per veure les fotos<\/a><\/h2>\n<h5 style=\"text-align: center;\">Paparazzis:\u00a0 (6\u00e8)<\/h5>\n<h5 style=\"text-align: center;\"><\/h5>\n<p><span style=\"color: #800080;\"><strong>ANYS ANTERIORS<\/strong><\/span><\/p>\n<p><span style=\"color: #800080;\"><strong>CURS 24-25 <\/strong><span style=\"color: #000000;\">Avui 30 de gener, aniversari de la mort de Mahatma Gandhi, hem celebrat el <span style=\"text-decoration: underline;\">Dia Escolar de la No-Viol\u00e8ncia i la Pau<\/span> (DENIP) amb una activitat molt especial que ha implicat tots els infants de l&#8217;escola. Per reivindicar la pau al m\u00f3n, hem sortit al pati conjuntament per cantar &#8220;Compta amb mi&#8221; de <a style=\"color: #000000;\" href=\"https:\/\/youtu.be\/uIKAukcBPDk?si=NTeGId6HRHTjTq_z\"><em>Txarango<\/em><\/a>. Aquesta can\u00e7\u00f3 parla de l&#8217;amistat, d&#8217;ajudar-nos entre nosaltres i aquesta \u00e9s una bona manera de construir la pau. Cal continuar treballant plegats per fer de la pau un valor present en el nostre dia a dia.<\/span><\/span><\/p>\n<p><img loading=\"lazy\" decoding=\"async\" class=\"aligncenter wp-image-22219 size-medium\" src=\"https:\/\/agora.xtec.cat\/ceippladedalt\/wp-content\/uploads\/usu2126\/2025\/01\/3E4F96BD-8152-4948-9F38-1723438B4815-1-300x225.jpeg\" alt=\"\" width=\"300\" height=\"225\" srcset=\"https:\/\/agora.xtec.cat\/ceippladedalt\/wp-content\/uploads\/usu2126\/2025\/01\/3E4F96BD-8152-4948-9F38-1723438B4815-1-300x225.jpeg 300w, https:\/\/agora.xtec.cat\/ceippladedalt\/wp-content\/uploads\/usu2126\/2025\/01\/3E4F96BD-8152-4948-9F38-1723438B4815-1-200x150.jpeg 200w, https:\/\/agora.xtec.cat\/ceippladedalt\/wp-content\/uploads\/usu2126\/2025\/01\/3E4F96BD-8152-4948-9F38-1723438B4815-1.jpeg 640w\" sizes=\"auto, (max-width: 300px) 100vw, 300px\" \/><\/p>\n<p><span style=\"color: #800080;\"><strong>CURS 23-24 <\/strong><\/span>El dimarts 30 de gener tota l&#8217;escola vam celebrar el dia de la Pau i la No Viol\u00e8ncia. Una setmana on vam reflexionar sobre els conflictes del nostre entorn m\u00e9s proper i de la resta del M\u00f3n. A l&#8217;entrada de l&#8217;escola vam recrear un &#8220;Camp de refugiats&#8221;. Cada classe va preparar un manifest a favor de la pau i la comunicaci\u00f3.<\/p>\n<p><img loading=\"lazy\" decoding=\"async\" class=\"wp-image-20576 alignleft\" src=\"https:\/\/agora.xtec.cat\/ceippladedalt\/wp-content\/uploads\/usu2126\/2024\/02\/Fotos-1024x768.jpeg\" alt=\"\" width=\"600\" height=\"450\" srcset=\"https:\/\/agora.xtec.cat\/ceippladedalt\/wp-content\/uploads\/usu2126\/2024\/02\/Fotos-1024x768.jpeg 1024w, https:\/\/agora.xtec.cat\/ceippladedalt\/wp-content\/uploads\/usu2126\/2024\/02\/Fotos-300x225.jpeg 300w, https:\/\/agora.xtec.cat\/ceippladedalt\/wp-content\/uploads\/usu2126\/2024\/02\/Fotos-768x576.jpeg 768w, https:\/\/agora.xtec.cat\/ceippladedalt\/wp-content\/uploads\/usu2126\/2024\/02\/Fotos-1536x1152.jpeg 1536w, https:\/\/agora.xtec.cat\/ceippladedalt\/wp-content\/uploads\/usu2126\/2024\/02\/Fotos-200x150.jpeg 200w, https:\/\/agora.xtec.cat\/ceippladedalt\/wp-content\/uploads\/usu2126\/2024\/02\/Fotos.jpeg 2000w\" sizes=\"auto, (max-width: 600px) 100vw, 600px\" \/> <img loading=\"lazy\" decoding=\"async\" class=\"wp-image-20580  aligncenter\" src=\"https:\/\/agora.xtec.cat\/ceippladedalt\/wp-content\/uploads\/usu2126\/2024\/02\/Fotos-camp-300x300.jpeg\" alt=\"\" width=\"454\" height=\"454\" srcset=\"https:\/\/agora.xtec.cat\/ceippladedalt\/wp-content\/uploads\/usu2126\/2024\/02\/Fotos-camp-300x300.jpeg 300w, https:\/\/agora.xtec.cat\/ceippladedalt\/wp-content\/uploads\/usu2126\/2024\/02\/Fotos-camp-1024x1024.jpeg 1024w, https:\/\/agora.xtec.cat\/ceippladedalt\/wp-content\/uploads\/usu2126\/2024\/02\/Fotos-camp-150x150.jpeg 150w, https:\/\/agora.xtec.cat\/ceippladedalt\/wp-content\/uploads\/usu2126\/2024\/02\/Fotos-camp-768x768.jpeg 768w, https:\/\/agora.xtec.cat\/ceippladedalt\/wp-content\/uploads\/usu2126\/2024\/02\/Fotos-camp-1536x1536.jpeg 1536w, https:\/\/agora.xtec.cat\/ceippladedalt\/wp-content\/uploads\/usu2126\/2024\/02\/Fotos-camp.jpeg 1732w\" sizes=\"auto, (max-width: 454px) 100vw, 454px\" \/><\/p>\n<p><span style=\"color: #800080;\"><strong>CURS 22-23<\/strong><\/span>\u00a0Cada 30 de gener, ens tornem a reunir tots plegats per manifestar el nostre desig de PAU a tot el m\u00f3n i tamb\u00e9 per celebrar el dia de la no-viol\u00e8ncia i la igualtat. Estem lluny de viure en un m\u00f3n en PAU, hi ha llocs a la Terra on pateixen injust\u00edcies, viol\u00e8ncia, maltractaments, guerres\u2026 Aquestes injust\u00edcies, aquestes guerres provoquen que molta gent marxi de les seves cases, dels seus pa\u00efsos buscant viure millor.<\/p>\n<p>Les persones i les fam\u00edlies que marxen del seu pa\u00eds, de la seva ciutat o del seu poble perden moltes altres coses: la seva casa, la fam\u00edlia, els amics&#8230; S\u2019han d\u2019adaptar a una nova cultura, un nou clima, un nou paisatge i sovint, aprendre una nova llengua. Aquesta enyoran\u00e7a pot provocar tristesa, soledat, estr\u00e8s, depressi\u00f3&#8230; \u00e9s el que es coneix com a <strong>dol migratori.<\/strong><\/p>\n<p>Aquesta setmana treballarem &#8220;El dol migratori&#8221; llegint contes, mirant v\u00eddeos i escoltant can\u00e7ons. Una d&#8217;elles &#8220;A la deriva&#8221; de Txarango que vam ballar a la tarda. Durant el mat\u00ed, cada classe ha omplert una motxilla (en forma d&#8217;ampolles plenes d&#8217;aigua) amb tot all\u00f2 que trobar\u00edeu a faltar si migr\u00e9ssiu a una altra ciutat o pa\u00eds: la fam\u00edlia, els amics, el menjar&#8230; <strong>Pesa la motxilla?<\/strong><\/p>\n","protected":false},"excerpt":{"rendered":"<p>CURS 25-26 Avui 30 de gener, tenim la oportunitat per a pensar en com podem fer un m\u00f3n m\u00e9s just i pac\u00edfic. Aquest dia ens recorda que la pau no nom\u00e9s vol dir acabar amb els conflictes, sin\u00f3 tamb\u00e9 eliminar la discriminaci\u00f3 i la viol\u00e8ncia&hellip;  <a href=\"https:\/\/agora.xtec.cat\/ceippladedalt\/fotos\/pau\/\" title=\"Read DIA DE LA PAU (DENIP)\">Llegeix m\u00e9s\u00bb<\/a><\/p>\n","protected":false},"author":1,"featured_media":0,"parent":696,"menu_order":0,"comment_status":"closed","ping_status":"closed","template":"page-templates\/side-menu.php","meta":{"_bbp_topic_count":0,"_bbp_reply_count":0,"_bbp_total_topic_count":0,"_bbp_total_reply_count":0,"_bbp_voice_count":0,"_bbp_anonymous_reply_count":0,"_bbp_topic_count_hidden":0,"_bbp_reply_count_hidden":0,"_bbp_forum_subforum_count":0,"footnotes":""},"class_list":["post-682","page","type-page","status-publish","hentry"],"post_mailing_queue_ids":[],"_links":{"self":[{"href":"https:\/\/agora.xtec.cat\/ceippladedalt\/wp-json\/wp\/v2\/pages\/682","targetHints":{"allow":["GET"]}}],"collection":[{"href":"https:\/\/agora.xtec.cat\/ceippladedalt\/wp-json\/wp\/v2\/pages"}],"about":[{"href":"https:\/\/agora.xtec.cat\/ceippladedalt\/wp-json\/wp\/v2\/types\/page"}],"author":[{"embeddable":true,"href":"https:\/\/agora.xtec.cat\/ceippladedalt\/wp-json\/wp\/v2\/users\/1"}],"replies":[{"embeddable":true,"href":"https:\/\/agora.xtec.cat\/ceippladedalt\/wp-json\/wp\/v2\/comments?post=682"}],"version-history":[{"count":6,"href":"https:\/\/agora.xtec.cat\/ceippladedalt\/wp-json\/wp\/v2\/pages\/682\/revisions"}],"predecessor-version":[{"id":23621,"href":"https:\/\/agora.xtec.cat\/ceippladedalt\/wp-json\/wp\/v2\/pages\/682\/revisions\/23621"}],"up":[{"embeddable":true,"href":"https:\/\/agora.xtec.cat\/ceippladedalt\/wp-json\/wp\/v2\/pages\/696"}],"wp:attachment":[{"href":"https:\/\/agora.xtec.cat\/ceippladedalt\/wp-json\/wp\/v2\/media?parent=682"}],"curies":[{"name":"wp","href":"https:\/\/api.w.org\/{rel}","templated":true}]}}

<p><span style="color: #800080;"><strong>CURS 25-26 </strong></span>Avui 30 de gener, tenim la oportunitat per a pensar en com podem fer un món més just i pacífic. Aquest dia ens recorda que la pau no només vol dir acabar amb els conflictes, sinó també eliminar la discriminació i la violència en totes les seves formes. Aquestes setmanes tota l&#8217;escola hem treballat unes dinàmiques per detectar les violències i hem treballat la cançó l&#8217;Escola que volem del grup musical Xiula, que ens parla de comprometre&#8217;ns amb el món on vivim; d&#8217;aprendre a relacionar-nos des del respecte i l&#8217;estima; a conviure amb la frustració i la impaciència i cultivar l&#8217;estima cap a les coses tal com son i tal com les vivim.</p>
<p>Tota forma de violència -física, verbal, relacional, discriminatòria o digital- fa mal i no té més lloc a la nostra escola. Volem una escola on totes les persones ens tractem bé, ens sentim segures i felices. ens comprometem a ajudar-nos, a parlar amb calma, a respectar-nos i tenir cura els uns dels altres.</p>
<p><img loading="lazy" decoding="async" class="wp-image-23615 size-medium aligncenter" src="https://agora.xtec.cat/ceippladedalt/wp-content/uploads/usu2126/2026/02/96A9FDB0-17BA-489A-9F2B-58A88E5656EF-300x225.jpeg" alt="" width="300" height="225" srcset="https://agora.xtec.cat/ceippladedalt/wp-content/uploads/usu2126/2026/02/96A9FDB0-17BA-489A-9F2B-58A88E5656EF-300x225.jpeg 300w, https://agora.xtec.cat/ceippladedalt/wp-content/uploads/usu2126/2026/02/96A9FDB0-17BA-489A-9F2B-58A88E5656EF-1024x768.jpeg 1024w, https://agora.xtec.cat/ceippladedalt/wp-content/uploads/usu2126/2026/02/96A9FDB0-17BA-489A-9F2B-58A88E5656EF-768x576.jpeg 768w, https://agora.xtec.cat/ceippladedalt/wp-content/uploads/usu2126/2026/02/96A9FDB0-17BA-489A-9F2B-58A88E5656EF-1536x1152.jpeg 1536w, https://agora.xtec.cat/ceippladedalt/wp-content/uploads/usu2126/2026/02/96A9FDB0-17BA-489A-9F2B-58A88E5656EF-200x150.jpeg 200w, https://agora.xtec.cat/ceippladedalt/wp-content/uploads/usu2126/2026/02/96A9FDB0-17BA-489A-9F2B-58A88E5656EF.jpeg 2000w" sizes="auto, (max-width: 300px) 100vw, 300px" /></p>
<h2><a href="https://drive.google.com/drive/folders/1DN3-F6ui8djMoJCkrb92HWpOuz6vqKVu?usp=drive_link" target="_blank" rel="noopener"><img loading="lazy" decoding="async" class="aligncenter wp-image-19761 size-medium" src="https://agora.xtec.cat/ceippladedalt/wp-content/uploads/usu2126/2023/06/icona-fotos-300x143.jpg" alt="" width="300" height="143" srcset="https://agora.xtec.cat/ceippladedalt/wp-content/uploads/usu2126/2023/06/icona-fotos-300x143.jpg 300w, https://agora.xtec.cat/ceippladedalt/wp-content/uploads/usu2126/2023/06/icona-fotos-768x365.jpg 768w, https://agora.xtec.cat/ceippladedalt/wp-content/uploads/usu2126/2023/06/icona-fotos.jpg 930w" sizes="auto, (max-width: 300px) 100vw, 300px" /></a></h2>
<h2 style="text-align: center;"><a href="https://drive.google.com/drive/folders/1DN3-F6ui8djMoJCkrb92HWpOuz6vqKVu?usp=drive_link" target="_blank" rel="noopener">Enllaç per veure les fotos</a></h2>
<h5 style="text-align: center;">Paparazzis:  (6è)</h5>
<h5 style="text-align: center;"></h5>
<p><span style="color: #800080;"><strong>ANYS ANTERIORS</strong></span></p>
<p><span style="color: #800080;"><strong>CURS 24-25 </strong><span style="color: #000000;">Avui 30 de gener, aniversari de la mort de Mahatma Gandhi, hem celebrat el <span style="text-decoration: underline;">Dia Escolar de la No-Violència i la Pau</span> (DENIP) amb una activitat molt especial que ha implicat tots els infants de l&#8217;escola. Per reivindicar la pau al món, hem sortit al pati conjuntament per cantar &#8220;Compta amb mi&#8221; de <a style="color: #000000;" href="https://youtu.be/uIKAukcBPDk?si=NTeGId6HRHTjTq_z"><em>Txarango</em></a>. Aquesta cançó parla de l&#8217;amistat, d&#8217;ajudar-nos entre nosaltres i aquesta és una bona manera de construir la pau. Cal continuar treballant plegats per fer de la pau un valor present en el nostre dia a dia.</span></span></p>
<p><img loading="lazy" decoding="async" class="aligncenter wp-image-22219 size-medium" src="https://agora.xtec.cat/ceippladedalt/wp-content/uploads/usu2126/2025/01/3E4F96BD-8152-4948-9F38-1723438B4815-1-300x225.jpeg" alt="" width="300" height="225" srcset="https://agora.xtec.cat/ceippladedalt/wp-content/uploads/usu2126/2025/01/3E4F96BD-8152-4948-9F38-1723438B4815-1-300x225.jpeg 300w, https://agora.xtec.cat/ceippladedalt/wp-content/uploads/usu2126/2025/01/3E4F96BD-8152-4948-9F38-1723438B4815-1-200x150.jpeg 200w, https://agora.xtec.cat/ceippladedalt/wp-content/uploads/usu2126/2025/01/3E4F96BD-8152-4948-9F38-1723438B4815-1.jpeg 640w" sizes="auto, (max-width: 300px) 100vw, 300px" /></p>
<p><span style="color: #800080;"><strong>CURS 23-24 </strong></span>El dimarts 30 de gener tota l&#8217;escola vam celebrar el dia de la Pau i la No Violència. Una setmana on vam reflexionar sobre els conflictes del nostre entorn més proper i de la resta del Món. A l&#8217;entrada de l&#8217;escola vam recrear un &#8220;Camp de refugiats&#8221;. Cada classe va preparar un manifest a favor de la pau i la comunicació.</p>
<p><img loading="lazy" decoding="async" class="wp-image-20576 alignleft" src="https://agora.xtec.cat/ceippladedalt/wp-content/uploads/usu2126/2024/02/Fotos-1024x768.jpeg" alt="" width="600" height="450" srcset="https://agora.xtec.cat/ceippladedalt/wp-content/uploads/usu2126/2024/02/Fotos-1024x768.jpeg 1024w, https://agora.xtec.cat/ceippladedalt/wp-content/uploads/usu2126/2024/02/Fotos-300x225.jpeg 300w, https://agora.xtec.cat/ceippladedalt/wp-content/uploads/usu2126/2024/02/Fotos-768x576.jpeg 768w, https://agora.xtec.cat/ceippladedalt/wp-content/uploads/usu2126/2024/02/Fotos-1536x1152.jpeg 1536w, https://agora.xtec.cat/ceippladedalt/wp-content/uploads/usu2126/2024/02/Fotos-200x150.jpeg 200w, https://agora.xtec.cat/ceippladedalt/wp-content/uploads/usu2126/2024/02/Fotos.jpeg 2000w" sizes="auto, (max-width: 600px) 100vw, 600px" /> <img loading="lazy" decoding="async" class="wp-image-20580  aligncenter" src="https://agora.xtec.cat/ceippladedalt/wp-content/uploads/usu2126/2024/02/Fotos-camp-300x300.jpeg" alt="" width="454" height="454" srcset="https://agora.xtec.cat/ceippladedalt/wp-content/uploads/usu2126/2024/02/Fotos-camp-300x300.jpeg 300w, https://agora.xtec.cat/ceippladedalt/wp-content/uploads/usu2126/2024/02/Fotos-camp-1024x1024.jpeg 1024w, https://agora.xtec.cat/ceippladedalt/wp-content/uploads/usu2126/2024/02/Fotos-camp-150x150.jpeg 150w, https://agora.xtec.cat/ceippladedalt/wp-content/uploads/usu2126/2024/02/Fotos-camp-768x768.jpeg 768w, https://agora.xtec.cat/ceippladedalt/wp-content/uploads/usu2126/2024/02/Fotos-camp-1536x1536.jpeg 1536w, https://agora.xtec.cat/ceippladedalt/wp-content/uploads/usu2126/2024/02/Fotos-camp.jpeg 1732w" sizes="auto, (max-width: 454px) 100vw, 454px" /></p>
<p><span style="color: #800080;"><strong>CURS 22-23</strong></span> Cada 30 de gener, ens tornem a reunir tots plegats per manifestar el nostre desig de PAU a tot el món i també per celebrar el dia de la no-violència i la igualtat. Estem lluny de viure en un món en PAU, hi ha llocs a la Terra on pateixen injustícies, violència, maltractaments, guerres… Aquestes injustícies, aquestes guerres provoquen que molta gent marxi de les seves cases, dels seus països buscant viure millor.</p>
<p>Les persones i les famílies que marxen del seu país, de la seva ciutat o del seu poble perden moltes altres coses: la seva casa, la família, els amics&#8230; S’han d’adaptar a una nova cultura, un nou clima, un nou paisatge i sovint, aprendre una nova llengua. Aquesta enyorança pot provocar tristesa, soledat, estrès, depressió&#8230; és el que es coneix com a <strong>dol migratori.</strong></p>
<p>Aquesta setmana treballarem &#8220;El dol migratori&#8221; llegint contes, mirant vídeos i escoltant cançons. Una d&#8217;elles &#8220;A la deriva&#8221; de Txarango que vam ballar a la tarda. Durant el matí, cada classe ha omplert una motxilla (en forma d&#8217;ampolles plenes d&#8217;aigua) amb tot allò que trobaríeu a faltar si migréssiu a una altra ciutat o país: la família, els amics, el menjar&#8230; <strong>Pesa la motxilla?</strong></p>

<p>CURS 25-26 Avui 30 de gener, tenim la oportunitat per a pensar en com podem fer un món més just i pacífic. Aquest dia ens recorda que la pau no només vol dir acabar amb els conflictes, sinó també eliminar la discriminació i la violència&hellip;  <a href="https://agora.xtec.cat/ceippladedalt/fotos/pau/" title="Read DIA DE LA PAU (DENIP)">Llegeix més»</a></p>
