{"id":64,"date":"2014-09-18T12:39:08","date_gmt":"2014-09-18T10:39:08","guid":{"rendered":"http:\/\/agora.xtec.cat\/ceippladedalt\/?page_id=64"},"modified":"2025-07-04T13:44:00","modified_gmt":"2025-07-04T11:44:00","slug":"projecte-educatiu","status":"publish","type":"page","link":"https:\/\/agora.xtec.cat\/ceippladedalt\/documents-de-centre\/projecte-educatiu\/","title":{"rendered":"PROJECTE EDUCATIU"},"content":{"rendered":"\n<p>El projecte educatiu de centre (PEC) \u00e9s un document que inclou els trets d&#8217;identitat del centre, els principis pedag\u00f2gics, els principis organitzatius i el projecte ling\u00fc\u00edstic.<\/p>\n\n\n\n<p>En aquest document s&#8217;especifiquen els valors, els objectius i les prioritats d&#8217;actuaci\u00f3 del centre, la concreci\u00f3 dels curr\u00edculums que s&#8217;imparteixen i el tractament transversal en les \u00e0rees, mat\u00e8ries o m\u00f2duls de l&#8217;educaci\u00f3 en valors i altres ensenyaments.<\/p>\n\n\n\n<p class=\"has-text-align-center\"><a href=\"https:\/\/drive.google.com\/file\/d\/1a4Dq0owIeJxENEl-fpkVcwpsAUHKjE_F\/view?usp=sharing\" target=\"_blank\" rel=\"noreferrer noopener\"><img loading=\"lazy\" decoding=\"async\" width=\"1000\" height=\"795\" class=\"wp-image-22678\" style=\"width: 1000px;\" src=\"https:\/\/agora.xtec.cat\/ceippladedalt\/wp-content\/uploads\/usu2126\/2025\/05\/PEC-1.jpg\" alt=\"\" srcset=\"https:\/\/agora.xtec.cat\/ceippladedalt\/wp-content\/uploads\/usu2126\/2025\/05\/PEC-1.jpg 1358w, https:\/\/agora.xtec.cat\/ceippladedalt\/wp-content\/uploads\/usu2126\/2025\/05\/PEC-1-300x239.jpg 300w, https:\/\/agora.xtec.cat\/ceippladedalt\/wp-content\/uploads\/usu2126\/2025\/05\/PEC-1-1024x814.jpg 1024w, https:\/\/agora.xtec.cat\/ceippladedalt\/wp-content\/uploads\/usu2126\/2025\/05\/PEC-1-768x611.jpg 768w\" sizes=\"auto, (max-width: 1000px) 100vw, 1000px\" \/><\/a><\/p>\n","protected":false},"excerpt":{"rendered":"<p>El projecte educatiu de centre (PEC) \u00e9s un document que inclou els trets d&#8217;identitat del centre, els principis pedag\u00f2gics, els principis organitzatius i el projecte ling\u00fc\u00edstic.<\/p>\n<p>En aquest document s&#8217;especifiquen els valors, els objectius i les prioritats d&#8217;actuaci\u00f3 del centre, la concreci\u00f3 dels curr\u00edculums que s&#8217;imparteixen&hellip;  <a href=\"https:\/\/agora.xtec.cat\/ceippladedalt\/documents-de-centre\/projecte-educatiu\/\" title=\"Read PROJECTE EDUCATIU\">Llegeix m\u00e9s\u00bb<\/a><\/p>\n","protected":false},"author":1,"featured_media":0,"parent":510,"menu_order":20,"comment_status":"closed","ping_status":"closed","template":"page-templates\/side-menu.php","meta":{"_bbp_topic_count":0,"_bbp_reply_count":0,"_bbp_total_topic_count":0,"_bbp_total_reply_count":0,"_bbp_voice_count":0,"_bbp_anonymous_reply_count":0,"_bbp_topic_count_hidden":0,"_bbp_reply_count_hidden":0,"_bbp_forum_subforum_count":0,"footnotes":""},"class_list":["post-64","page","type-page","status-publish","hentry"],"post_mailing_queue_ids":[],"_links":{"self":[{"href":"https:\/\/agora.xtec.cat\/ceippladedalt\/wp-json\/wp\/v2\/pages\/64","targetHints":{"allow":["GET"]}}],"collection":[{"href":"https:\/\/agora.xtec.cat\/ceippladedalt\/wp-json\/wp\/v2\/pages"}],"about":[{"href":"https:\/\/agora.xtec.cat\/ceippladedalt\/wp-json\/wp\/v2\/types\/page"}],"author":[{"embeddable":true,"href":"https:\/\/agora.xtec.cat\/ceippladedalt\/wp-json\/wp\/v2\/users\/1"}],"replies":[{"embeddable":true,"href":"https:\/\/agora.xtec.cat\/ceippladedalt\/wp-json\/wp\/v2\/comments?post=64"}],"version-history":[{"count":6,"href":"https:\/\/agora.xtec.cat\/ceippladedalt\/wp-json\/wp\/v2\/pages\/64\/revisions"}],"predecessor-version":[{"id":23203,"href":"https:\/\/agora.xtec.cat\/ceippladedalt\/wp-json\/wp\/v2\/pages\/64\/revisions\/23203"}],"up":[{"embeddable":true,"href":"https:\/\/agora.xtec.cat\/ceippladedalt\/wp-json\/wp\/v2\/pages\/510"}],"wp:attachment":[{"href":"https:\/\/agora.xtec.cat\/ceippladedalt\/wp-json\/wp\/v2\/media?parent=64"}],"curies":[{"name":"wp","href":"https:\/\/api.w.org\/{rel}","templated":true}]}}

<p>El projecte educatiu de centre (PEC) és un document que inclou els trets d&#8217;identitat del centre, els principis pedagògics, els principis organitzatius i el projecte lingüístic.</p>



<p>En aquest document s&#8217;especifiquen els valors, els objectius i les prioritats d&#8217;actuació del centre, la concreció dels currículums que s&#8217;imparteixen i el tractament transversal en les àrees, matèries o mòduls de l&#8217;educació en valors i altres ensenyaments.</p>



<p class="has-text-align-center"><a href="https://drive.google.com/file/d/1a4Dq0owIeJxENEl-fpkVcwpsAUHKjE_F/view?usp=sharing" target="_blank" rel="noreferrer noopener"><img loading="lazy" decoding="async" width="1000" height="795" class="wp-image-22678" style="width: 1000px;" src="https://agora.xtec.cat/ceippladedalt/wp-content/uploads/usu2126/2025/05/PEC-1.jpg" alt="" srcset="https://agora.xtec.cat/ceippladedalt/wp-content/uploads/usu2126/2025/05/PEC-1.jpg 1358w, https://agora.xtec.cat/ceippladedalt/wp-content/uploads/usu2126/2025/05/PEC-1-300x239.jpg 300w, https://agora.xtec.cat/ceippladedalt/wp-content/uploads/usu2126/2025/05/PEC-1-1024x814.jpg 1024w, https://agora.xtec.cat/ceippladedalt/wp-content/uploads/usu2126/2025/05/PEC-1-768x611.jpg 768w" sizes="auto, (max-width: 1000px) 100vw, 1000px" /></a></p>

<p>El projecte educatiu de centre (PEC) és un document que inclou els trets d&#8217;identitat del centre, els principis pedagògics, els principis organitzatius i el projecte lingüístic.</p>
<p>En aquest document s&#8217;especifiquen els valors, els objectius i les prioritats d&#8217;actuació del centre, la concreció dels currículums que s&#8217;imparteixen&hellip;  <a href="https://agora.xtec.cat/ceippladedalt/documents-de-centre/projecte-educatiu/" title="Read PROJECTE EDUCATIU">Llegeix més»</a></p>
