{"id":32,"date":"2014-09-18T12:31:33","date_gmt":"2014-09-18T10:31:33","guid":{"rendered":"http:\/\/agora.xtec.cat\/ceippladedalt\/?page_id=32"},"modified":"2025-07-03T12:48:24","modified_gmt":"2025-07-03T10:48:24","slug":"calendari-del-curs","status":"publish","type":"page","link":"https:\/\/agora.xtec.cat\/ceippladedalt\/lescola\/calendari-del-curs\/","title":{"rendered":"CALENDARI DEL CURS"},"content":{"rendered":"<h3 style=\"text-align: center;\"><\/h3>\n<p><img loading=\"lazy\" decoding=\"async\" class=\"aligncenter size-full wp-image-23193\" src=\"https:\/\/agora.xtec.cat\/ceippladedalt\/wp-content\/uploads\/usu2126\/2025\/07\/Calendari-families-25-26.jpg\" alt=\"\" width=\"1047\" height=\"796\" srcset=\"https:\/\/agora.xtec.cat\/ceippladedalt\/wp-content\/uploads\/usu2126\/2025\/07\/Calendari-families-25-26.jpg 1047w, https:\/\/agora.xtec.cat\/ceippladedalt\/wp-content\/uploads\/usu2126\/2025\/07\/Calendari-families-25-26-300x228.jpg 300w, https:\/\/agora.xtec.cat\/ceippladedalt\/wp-content\/uploads\/usu2126\/2025\/07\/Calendari-families-25-26-1024x779.jpg 1024w, https:\/\/agora.xtec.cat\/ceippladedalt\/wp-content\/uploads\/usu2126\/2025\/07\/Calendari-families-25-26-768x584.jpg 768w\" sizes=\"auto, (max-width: 1047px) 100vw, 1047px\" \/><\/p>\n<p><b>INICI DE LES CLASSES<\/b><\/p>\n<ul>\n<li><strong>8 de setembre (a Olot el 10 de setembre)<\/strong>\u00a0\u2013 Per segon cicle d\u2019educaci\u00f3 infantil i prim\u00e0ria, ESO i cicles formatius de grau b\u00e0sic.<\/li>\n<\/ul>\n<hr \/>\n<p><b>VACANCES<\/b><\/p>\n<ul>\n<li>Vacances de Nadal: del 22 de desembre de 2025 al 7 de gener de 2026<\/li>\n<li>Vacances de Setmana Santa: del 30 de mar\u00e7 al 6 d\u2019abril de 2026<\/li>\n<li>Vacances d\u2019estiu: inici el 22 de juny (19 de juny \u00faltim dia de classes)<\/li>\n<\/ul>\n<hr \/>\n<p><strong>DIES DE LLIURE DISPOSICI\u00d3 DE CAR\u00c0CTER GENERAL<\/strong><\/p>\n<p><strong><u>Per a l\u2019any 2025:<\/u><\/strong><br \/>\n<b>8 i 9 de setembre\u00a0<\/b>(Festes del Tura)<br \/>\n<strong>11 de setembre<\/strong>\u00a0(Diada Nacional)<br \/>\n<strong>12 d\u2019octubre<\/strong>\u00a0(Festa Nacional de Espa\u00f1a)<br \/>\n<strong>1 de novembre<\/strong>\u00a0(Tots Sants)<br \/>\n<strong>6 de desembre<\/strong>\u00a0(Dia de la Constituci\u00f3)<br \/>\n<strong>25 de desembre<\/strong>\u00a0(Nadal)<br \/>\n<strong>26 de desembre<\/strong>\u00a0(Sant Esteve)<\/p>\n<p><strong><u>Per a l\u2019any 2026:<\/u><\/strong><br \/>\n<strong>1 de gener<\/strong>\u00a0(Cap d\u2019any).<br \/>\n<strong>6 de gener<\/strong>\u00a0(Reis)<br \/>\n<strong>3 d\u2019abril<\/strong>\u00a0(Divendres Sant)<br \/>\n<strong>6 d\u2019abril<\/strong>\u00a0(Pasqua florida)<br \/>\n<strong>1 de maig<\/strong>\u00a0(Festa del Treball)<br \/>\n<strong>24 de juny<\/strong>\u00a0(Sant Joan)<\/p>\n<hr \/>\n<p><strong>DIES DE LLIURE DISPOSICI\u00d3 LOCALS<\/strong><\/p>\n<p>El Departament d\u2019Educaci\u00f3 i Formaci\u00f3 Professional de la Generalitat ha establert <strong>4 dies festius de lliure disposici\u00f3<\/strong> per al curs 2025-26 que s\u2019han consensuat a nivell de ciutat i s&#8217;han aprovat pel Consell Escolar de centre amb data 25 de juny:<\/p>\n<p><strong>31 d\u2019octubre<\/strong><br \/>\n<b>13 de febrer<br \/>\n16 de febrer<br \/>\n4 de maig<\/b><\/p>\n<p><strong>JORNADES INTENSIVES<\/strong><\/p>\n<p>Divendres <strong>19 desembre<\/strong> jornada intensiva de 9 a 13h.<\/p>\n<p>Del <strong>8 al 19 de juny<\/strong> jornada intensiva de 9 a 13h.<\/p>\n<h3 style=\"text-align: center;\"><strong><a href=\"https:\/\/agora.xtec.cat\/ceippladedalt\/wp-content\/uploads\/usu2126\/2025\/06\/calendari-escolar-2025-2026.pdf\">calendari-escolar-2025-2026<\/a><\/strong><\/h3>\n<p style=\"text-align: center;\">************************************<\/p>\n","protected":false},"excerpt":{"rendered":"<p>INICI DE LES CLASSES<\/p>\n<ul>\n<li>8 de setembre (a Olot el 10 de setembre)\u00a0\u2013 Per segon cicle d\u2019educaci\u00f3 infantil i prim\u00e0ria, ESO i cicles formatius de grau b\u00e0sic.<\/li>\n<\/ul>\n<p>VACANCES<\/p>\n<ul>\n<li>Vacances de Nadal: del 22 de desembre de 2025 al 7 de gener de 2026<\/li>\n<li>Vacances de Setmana Santa: del 30&hellip;  <a href=\"https:\/\/agora.xtec.cat\/ceippladedalt\/lescola\/calendari-del-curs\/\" title=\"Read CALENDARI DEL CURS\">Llegeix m\u00e9s\u00bb<\/a><br \/>\n","protected":false},"author":1,"featured_media":0,"parent":22,"menu_order":50,"comment_status":"closed","ping_status":"closed","template":"page-templates\/side-menu.php","meta":{"_bbp_topic_count":0,"_bbp_reply_count":0,"_bbp_total_topic_count":0,"_bbp_total_reply_count":0,"_bbp_voice_count":0,"_bbp_anonymous_reply_count":0,"_bbp_topic_count_hidden":0,"_bbp_reply_count_hidden":0,"_bbp_forum_subforum_count":0,"footnotes":""},"class_list":["post-32","page","type-page","status-publish","hentry"],"post_mailing_queue_ids":[],"_links":{"self":[{"href":"https:\/\/agora.xtec.cat\/ceippladedalt\/wp-json\/wp\/v2\/pages\/32","targetHints":{"allow":["GET"]}}],"collection":[{"href":"https:\/\/agora.xtec.cat\/ceippladedalt\/wp-json\/wp\/v2\/pages"}],"about":[{"href":"https:\/\/agora.xtec.cat\/ceippladedalt\/wp-json\/wp\/v2\/types\/page"}],"author":[{"embeddable":true,"href":"https:\/\/agora.xtec.cat\/ceippladedalt\/wp-json\/wp\/v2\/users\/1"}],"replies":[{"embeddable":true,"href":"https:\/\/agora.xtec.cat\/ceippladedalt\/wp-json\/wp\/v2\/comments?post=32"}],"version-history":[{"count":6,"href":"https:\/\/agora.xtec.cat\/ceippladedalt\/wp-json\/wp\/v2\/pages\/32\/revisions"}],"predecessor-version":[{"id":23194,"href":"https:\/\/agora.xtec.cat\/ceippladedalt\/wp-json\/wp\/v2\/pages\/32\/revisions\/23194"}],"up":[{"embeddable":true,"href":"https:\/\/agora.xtec.cat\/ceippladedalt\/wp-json\/wp\/v2\/pages\/22"}],"wp:attachment":[{"href":"https:\/\/agora.xtec.cat\/ceippladedalt\/wp-json\/wp\/v2\/media?parent=32"}],"curies":[{"name":"wp","href":"https:\/\/api.w.org\/{rel}","templated":true}]}}

<h3 style="text-align: center;"></h3>
<p><img loading="lazy" decoding="async" class="aligncenter size-full wp-image-23193" src="https://agora.xtec.cat/ceippladedalt/wp-content/uploads/usu2126/2025/07/Calendari-families-25-26.jpg" alt="" width="1047" height="796" srcset="https://agora.xtec.cat/ceippladedalt/wp-content/uploads/usu2126/2025/07/Calendari-families-25-26.jpg 1047w, https://agora.xtec.cat/ceippladedalt/wp-content/uploads/usu2126/2025/07/Calendari-families-25-26-300x228.jpg 300w, https://agora.xtec.cat/ceippladedalt/wp-content/uploads/usu2126/2025/07/Calendari-families-25-26-1024x779.jpg 1024w, https://agora.xtec.cat/ceippladedalt/wp-content/uploads/usu2126/2025/07/Calendari-families-25-26-768x584.jpg 768w" sizes="auto, (max-width: 1047px) 100vw, 1047px" /></p>
<p><b>INICI DE LES CLASSES</b></p>
<ul>
<li><strong>8 de setembre (a Olot el 10 de setembre)</strong> – Per segon cicle d’educació infantil i primària, ESO i cicles formatius de grau bàsic.</li>
</ul>
<hr />
<p><b>VACANCES</b></p>
<ul>
<li>Vacances de Nadal: del 22 de desembre de 2025 al 7 de gener de 2026</li>
<li>Vacances de Setmana Santa: del 30 de març al 6 d’abril de 2026</li>
<li>Vacances d’estiu: inici el 22 de juny (19 de juny últim dia de classes)</li>
</ul>
<hr />
<p><strong>DIES DE LLIURE DISPOSICIÓ DE CARÀCTER GENERAL</strong></p>
<p><strong><u>Per a l’any 2025:</u></strong><br />
<b>8 i 9 de setembre </b>(Festes del Tura)<br />
<strong>11 de setembre</strong> (Diada Nacional)<br />
<strong>12 d’octubre</strong> (Festa Nacional de España)<br />
<strong>1 de novembre</strong> (Tots Sants)<br />
<strong>6 de desembre</strong> (Dia de la Constitució)<br />
<strong>25 de desembre</strong> (Nadal)<br />
<strong>26 de desembre</strong> (Sant Esteve)</p>
<p><strong><u>Per a l’any 2026:</u></strong><br />
<strong>1 de gener</strong> (Cap d’any).<br />
<strong>6 de gener</strong> (Reis)<br />
<strong>3 d’abril</strong> (Divendres Sant)<br />
<strong>6 d’abril</strong> (Pasqua florida)<br />
<strong>1 de maig</strong> (Festa del Treball)<br />
<strong>24 de juny</strong> (Sant Joan)</p>
<hr />
<p><strong>DIES DE LLIURE DISPOSICIÓ LOCALS</strong></p>
<p>El Departament d’Educació i Formació Professional de la Generalitat ha establert <strong>4 dies festius de lliure disposició</strong> per al curs 2025-26 que s’han consensuat a nivell de ciutat i s&#8217;han aprovat pel Consell Escolar de centre amb data 25 de juny:</p>
<p><strong>31 d’octubre</strong><br />
<b>13 de febrer<br />
16 de febrer<br />
4 de maig</b></p>
<p><strong>JORNADES INTENSIVES</strong></p>
<p>Divendres <strong>19 desembre</strong> jornada intensiva de 9 a 13h.</p>
<p>Del <strong>8 al 19 de juny</strong> jornada intensiva de 9 a 13h.</p>
<h3 style="text-align: center;"><strong><a href="https://agora.xtec.cat/ceippladedalt/wp-content/uploads/usu2126/2025/06/calendari-escolar-2025-2026.pdf">calendari-escolar-2025-2026</a></strong></h3>
<p style="text-align: center;">************************************</p>

<p>INICI DE LES CLASSES</p>
<ul>
<li>8 de setembre (a Olot el 10 de setembre) – Per segon cicle d’educació infantil i primària, ESO i cicles formatius de grau bàsic.</li>
</ul>
<p>VACANCES</p>
<ul>
<li>Vacances de Nadal: del 22 de desembre de 2025 al 7 de gener de 2026</li>
<li>Vacances de Setmana Santa: del 30&hellip;  <a href="https://agora.xtec.cat/ceippladedalt/lescola/calendari-del-curs/" title="Read CALENDARI DEL CURS">Llegeix més»</a><br />
