{"id":26,"date":"2014-09-18T12:24:32","date_gmt":"2014-09-18T10:24:32","guid":{"rendered":"http:\/\/agora.xtec.cat\/ceippladedalt\/?page_id=26"},"modified":"2025-05-05T18:41:37","modified_gmt":"2025-05-05T16:41:37","slug":"historia","status":"publish","type":"page","link":"https:\/\/agora.xtec.cat\/ceippladedalt\/lescola\/historia\/","title":{"rendered":"HIST\u00d2RIA"},"content":{"rendered":"<p style=\"text-align: center;\"><em>En aquesta p\u00e0gina intentarem fer un recorregut hist\u00f2ric de la que va ser la primera escola p\u00fablica del barri del Pla de Dalt <\/em><em>i de les diferents etapes i transformacions que s&#8217;hi han anat fent fins avui dia.<\/em><\/p>\n<p><strong>L&#8217;escola va n\u00e9ixer l&#8217;any 1960. La seva primera ubicaci\u00f3 va ser al barri de Montolivet o tamb\u00e9 conegut com a Sant Pere M\u00e0rtir al carrer Geranis, 50. Actualment, l&#8217;ocupen diferents associacions d&#8217;Olot: l&#8217;Escola Bressol de Sant Pere M\u00e0rtir, l&#8217;Associaci\u00f3 de Ve\u00efns del Barri de Montolivet, l&#8217;Acad\u00e8mia de M\u00fasica Moderna i l&#8217;Esbart Olot.<\/strong><\/p>\n<p>Un dels primers directors de l&#8217;escola va ser en Miquel. Juntament amb la seva muller la Pilar van fer de mestres a l&#8217;escola Pla de Dalt fins que es van jubilar i han viscut tota la vida en el mateix barri.<\/p>\n<p><img loading=\"lazy\" decoding=\"async\" class=\"aligncenter wp-image-17535 size-full\" src=\"https:\/\/agora.xtec.cat\/ceippladedalt\/wp-content\/uploads\/usu2126\/2022\/02\/Escola-a-Montolivet.jpg\" alt=\"\" width=\"800\" height=\"550\" srcset=\"https:\/\/agora.xtec.cat\/ceippladedalt\/wp-content\/uploads\/usu2126\/2022\/02\/Escola-a-Montolivet.jpg 800w, https:\/\/agora.xtec.cat\/ceippladedalt\/wp-content\/uploads\/usu2126\/2022\/02\/Escola-a-Montolivet-300x206.jpg 300w, https:\/\/agora.xtec.cat\/ceippladedalt\/wp-content\/uploads\/usu2126\/2022\/02\/Escola-a-Montolivet-768x528.jpg 768w\" sizes=\"auto, (max-width: 800px) 100vw, 800px\" \/><\/p>\n<p style=\"text-align: right;\"><em>Cr\u00e8dit: Arxiu Comarcal de la Garrotxa. Servei d\u2019imatges. Fons L\u2019Olot\u00ed. Autor: \u00c0lvar Farr\u00e9 Serradell, c.1980<\/em><\/p>\n<p><strong>A finals dels anys 70 es va comen\u00e7ar a construir el primer edifici de l&#8217;escola nova en els terrenys actuals del carrer alforja.<\/strong><\/p>\n<p><img loading=\"lazy\" decoding=\"async\" class=\"aligncenter wp-image-17540 size-large\" src=\"https:\/\/agora.xtec.cat\/ceippladedalt\/wp-content\/uploads\/usu2126\/2022\/02\/Collage-1r-edifici-1024x768.jpeg\" alt=\"\" width=\"1024\" height=\"768\" srcset=\"https:\/\/agora.xtec.cat\/ceippladedalt\/wp-content\/uploads\/usu2126\/2022\/02\/Collage-1r-edifici-1024x768.jpeg 1024w, https:\/\/agora.xtec.cat\/ceippladedalt\/wp-content\/uploads\/usu2126\/2022\/02\/Collage-1r-edifici-300x225.jpeg 300w, https:\/\/agora.xtec.cat\/ceippladedalt\/wp-content\/uploads\/usu2126\/2022\/02\/Collage-1r-edifici-768x576.jpeg 768w, https:\/\/agora.xtec.cat\/ceippladedalt\/wp-content\/uploads\/usu2126\/2022\/02\/Collage-1r-edifici-1536x1152.jpeg 1536w, https:\/\/agora.xtec.cat\/ceippladedalt\/wp-content\/uploads\/usu2126\/2022\/02\/Collage-1r-edifici-200x150.jpeg 200w, https:\/\/agora.xtec.cat\/ceippladedalt\/wp-content\/uploads\/usu2126\/2022\/02\/Collage-1r-edifici.jpeg 2000w\" sizes=\"auto, (max-width: 1024px) 100vw, 1024px\" \/><\/p>\n<p style=\"text-align: right;\"><em>Cr\u00e8dits de les fotografies: Arxiu Comarcal de la Garrotxa. Servei d\u2019imatges. Fons L\u2019Olot\u00ed. Autor: \u00c0lvar Farr\u00e9 Serradell, c. 1979, 1980.<\/em><\/p>\n<p><strong>El nou &#8220;Col\u00b7legi Nacional Sant Pere M\u00e0rtir&#8221; es va inaugurar el 14 de desembre de 1980. L&#8217;acte va ser organitzat per l&#8217;Associaci\u00f3 de Pares d&#8217;Alumnes, el Claustre de Professors i amb la col\u00b7laboraci\u00f3 de l&#8217;Ajuntament d&#8217;Olot. Aix\u00ed es va recollir en un article de la Vanguardia del 15 d&#8217;agost del mateix any.<\/strong><\/p>\n<p><img loading=\"lazy\" decoding=\"async\" class=\"aligncenter wp-image-17597 size-large\" src=\"https:\/\/agora.xtec.cat\/ceippladedalt\/wp-content\/uploads\/usu2126\/2022\/02\/Inauguracio-acte-1980-i-article-Vanguardia-1024x683.jpg\" alt=\"\" width=\"1024\" height=\"683\" srcset=\"https:\/\/agora.xtec.cat\/ceippladedalt\/wp-content\/uploads\/usu2126\/2022\/02\/Inauguracio-acte-1980-i-article-Vanguardia-1024x683.jpg 1024w, https:\/\/agora.xtec.cat\/ceippladedalt\/wp-content\/uploads\/usu2126\/2022\/02\/Inauguracio-acte-1980-i-article-Vanguardia-300x200.jpg 300w, https:\/\/agora.xtec.cat\/ceippladedalt\/wp-content\/uploads\/usu2126\/2022\/02\/Inauguracio-acte-1980-i-article-Vanguardia-768x512.jpg 768w, https:\/\/agora.xtec.cat\/ceippladedalt\/wp-content\/uploads\/usu2126\/2022\/02\/Inauguracio-acte-1980-i-article-Vanguardia-1536x1025.jpg 1536w, https:\/\/agora.xtec.cat\/ceippladedalt\/wp-content\/uploads\/usu2126\/2022\/02\/Inauguracio-acte-1980-i-article-Vanguardia.jpg 2048w\" sizes=\"auto, (max-width: 1024px) 100vw, 1024px\" \/><\/p>\n<p><img loading=\"lazy\" decoding=\"async\" class=\"aligncenter wp-image-17541 size-large\" src=\"https:\/\/agora.xtec.cat\/ceippladedalt\/wp-content\/uploads\/usu2126\/2022\/02\/Inauguracio-collage-1024x342.jpeg\" alt=\"\" width=\"1024\" height=\"342\" srcset=\"https:\/\/agora.xtec.cat\/ceippladedalt\/wp-content\/uploads\/usu2126\/2022\/02\/Inauguracio-collage-1024x342.jpeg 1024w, https:\/\/agora.xtec.cat\/ceippladedalt\/wp-content\/uploads\/usu2126\/2022\/02\/Inauguracio-collage-300x100.jpeg 300w, https:\/\/agora.xtec.cat\/ceippladedalt\/wp-content\/uploads\/usu2126\/2022\/02\/Inauguracio-collage-768x257.jpeg 768w, https:\/\/agora.xtec.cat\/ceippladedalt\/wp-content\/uploads\/usu2126\/2022\/02\/Inauguracio-collage-1536x513.jpeg 1536w, https:\/\/agora.xtec.cat\/ceippladedalt\/wp-content\/uploads\/usu2126\/2022\/02\/Inauguracio-collage.jpeg 2048w\" sizes=\"auto, (max-width: 1024px) 100vw, 1024px\" \/><\/p>\n<p><strong>Ampliaci\u00f3 2006-2008<\/strong><\/p>\n<p>No us podeu imaginar la il\u00b7lusi\u00f3 que ens va fer rebre aquesta maqueta, des del 1994 els pares tenien una guerra encesa amb el departament per aconseguir l&#8217;ampliaci\u00f3 ja que el barri en expansi\u00f3 no podia absorbir tots els alumnes si ens mantenien una l\u00ednia escolar per edat. Per fi pod\u00edem dir que deixar\u00edem enrere els m\u00f2duls i la precarietat de com treball\u00e0vem els \u00faltims anys. Recordo el dia de la presentaci\u00f3 del projecte per part dels arquitectes a tots els membres del Consell Escolar. Un cop es va acabar la presentaci\u00f3 de la Flor (arquitecta) l&#8217;exalcalde Llu\u00eds Sacrest aixeca el dit i diu: <strong>Esteu al cas que a Olot hi cauen 1000 l. d&#8217;aigua a l&#8217;any i heu projectat els teulats plans<\/strong>. Un somriure es va apoderar de tothom i immediatament van actualitzar el projecta amb aquesta i 50 propostes m\u00e9s que provenien de la comissi\u00f3 d&#8217;obres que vam endegar amb lequip directiu, l&#8217;AFA i alguns pares arquitectes i aparelladors que ten\u00edem a l&#8217;escola. Des d&#8217;aqu\u00ed un agra\u00efment a tothom per la implicaci\u00f3 i el criteri que van aportar per deixar una escola tan maca com la que tenim.<\/p>\n<p><img loading=\"lazy\" decoding=\"async\" class=\"aligncenter wp-image-17542 size-large\" src=\"https:\/\/agora.xtec.cat\/ceippladedalt\/wp-content\/uploads\/usu2126\/2022\/02\/Ampliacio-collage-1024x683.jpeg\" alt=\"\" width=\"1024\" height=\"683\" srcset=\"https:\/\/agora.xtec.cat\/ceippladedalt\/wp-content\/uploads\/usu2126\/2022\/02\/Ampliacio-collage-1024x683.jpeg 1024w, https:\/\/agora.xtec.cat\/ceippladedalt\/wp-content\/uploads\/usu2126\/2022\/02\/Ampliacio-collage-300x200.jpeg 300w, https:\/\/agora.xtec.cat\/ceippladedalt\/wp-content\/uploads\/usu2126\/2022\/02\/Ampliacio-collage-768x512.jpeg 768w, https:\/\/agora.xtec.cat\/ceippladedalt\/wp-content\/uploads\/usu2126\/2022\/02\/Ampliacio-collage-1536x1025.jpeg 1536w, https:\/\/agora.xtec.cat\/ceippladedalt\/wp-content\/uploads\/usu2126\/2022\/02\/Ampliacio-collage.jpeg 2048w\" sizes=\"auto, (max-width: 1024px) 100vw, 1024px\" \/><\/p>\n","protected":false},"excerpt":{"rendered":"<p>En aquesta p\u00e0gina intentarem fer un recorregut hist\u00f2ric de la que va ser la primera escola p\u00fablica del barri del Pla de Dalt i de les diferents etapes i transformacions que s&#8217;hi han anat fent fins avui dia.<br \/>\nL&#8217;escola va n\u00e9ixer l&#8217;any 1960. La seva primera&hellip;  <a href=\"https:\/\/agora.xtec.cat\/ceippladedalt\/lescola\/historia\/\" title=\"Read HIST\u00d2RIA\">Llegeix m\u00e9s\u00bb<\/a><\/p>\n","protected":false},"author":1,"featured_media":0,"parent":22,"menu_order":20,"comment_status":"closed","ping_status":"closed","template":"page-templates\/side-menu.php","meta":{"_bbp_topic_count":0,"_bbp_reply_count":0,"_bbp_total_topic_count":0,"_bbp_total_reply_count":0,"_bbp_voice_count":0,"_bbp_anonymous_reply_count":0,"_bbp_topic_count_hidden":0,"_bbp_reply_count_hidden":0,"_bbp_forum_subforum_count":0,"footnotes":""},"class_list":["post-26","page","type-page","status-publish","hentry"],"post_mailing_queue_ids":[],"_links":{"self":[{"href":"https:\/\/agora.xtec.cat\/ceippladedalt\/wp-json\/wp\/v2\/pages\/26","targetHints":{"allow":["GET"]}}],"collection":[{"href":"https:\/\/agora.xtec.cat\/ceippladedalt\/wp-json\/wp\/v2\/pages"}],"about":[{"href":"https:\/\/agora.xtec.cat\/ceippladedalt\/wp-json\/wp\/v2\/types\/page"}],"author":[{"embeddable":true,"href":"https:\/\/agora.xtec.cat\/ceippladedalt\/wp-json\/wp\/v2\/users\/1"}],"replies":[{"embeddable":true,"href":"https:\/\/agora.xtec.cat\/ceippladedalt\/wp-json\/wp\/v2\/comments?post=26"}],"version-history":[{"count":4,"href":"https:\/\/agora.xtec.cat\/ceippladedalt\/wp-json\/wp\/v2\/pages\/26\/revisions"}],"predecessor-version":[{"id":22465,"href":"https:\/\/agora.xtec.cat\/ceippladedalt\/wp-json\/wp\/v2\/pages\/26\/revisions\/22465"}],"up":[{"embeddable":true,"href":"https:\/\/agora.xtec.cat\/ceippladedalt\/wp-json\/wp\/v2\/pages\/22"}],"wp:attachment":[{"href":"https:\/\/agora.xtec.cat\/ceippladedalt\/wp-json\/wp\/v2\/media?parent=26"}],"curies":[{"name":"wp","href":"https:\/\/api.w.org\/{rel}","templated":true}]}}

HISTÒRIA

<p style="text-align: center;"><em>En aquesta pàgina intentarem fer un recorregut històric de la que va ser la primera escola pública del barri del Pla de Dalt </em><em>i de les diferents etapes i transformacions que s&#8217;hi han anat fent fins avui dia.</em></p>
<p><strong>L&#8217;escola va néixer l&#8217;any 1960. La seva primera ubicació va ser al barri de Montolivet o també conegut com a Sant Pere Màrtir al carrer Geranis, 50. Actualment, l&#8217;ocupen diferents associacions d&#8217;Olot: l&#8217;Escola Bressol de Sant Pere Màrtir, l&#8217;Associació de Veïns del Barri de Montolivet, l&#8217;Acadèmia de Música Moderna i l&#8217;Esbart Olot.</strong></p>
<p>Un dels primers directors de l&#8217;escola va ser en Miquel. Juntament amb la seva muller la Pilar van fer de mestres a l&#8217;escola Pla de Dalt fins que es van jubilar i han viscut tota la vida en el mateix barri.</p>
<p><img loading="lazy" decoding="async" class="aligncenter wp-image-17535 size-full" src="https://agora.xtec.cat/ceippladedalt/wp-content/uploads/usu2126/2022/02/Escola-a-Montolivet.jpg" alt="" width="800" height="550" srcset="https://agora.xtec.cat/ceippladedalt/wp-content/uploads/usu2126/2022/02/Escola-a-Montolivet.jpg 800w, https://agora.xtec.cat/ceippladedalt/wp-content/uploads/usu2126/2022/02/Escola-a-Montolivet-300x206.jpg 300w, https://agora.xtec.cat/ceippladedalt/wp-content/uploads/usu2126/2022/02/Escola-a-Montolivet-768x528.jpg 768w" sizes="auto, (max-width: 800px) 100vw, 800px" /></p>
<p style="text-align: right;"><em>Crèdit: Arxiu Comarcal de la Garrotxa. Servei d’imatges. Fons L’Olotí. Autor: Àlvar Farré Serradell, c.1980</em></p>
<p><strong>A finals dels anys 70 es va començar a construir el primer edifici de l&#8217;escola nova en els terrenys actuals del carrer alforja.</strong></p>
<p><img loading="lazy" decoding="async" class="aligncenter wp-image-17540 size-large" src="https://agora.xtec.cat/ceippladedalt/wp-content/uploads/usu2126/2022/02/Collage-1r-edifici-1024x768.jpeg" alt="" width="1024" height="768" srcset="https://agora.xtec.cat/ceippladedalt/wp-content/uploads/usu2126/2022/02/Collage-1r-edifici-1024x768.jpeg 1024w, https://agora.xtec.cat/ceippladedalt/wp-content/uploads/usu2126/2022/02/Collage-1r-edifici-300x225.jpeg 300w, https://agora.xtec.cat/ceippladedalt/wp-content/uploads/usu2126/2022/02/Collage-1r-edifici-768x576.jpeg 768w, https://agora.xtec.cat/ceippladedalt/wp-content/uploads/usu2126/2022/02/Collage-1r-edifici-1536x1152.jpeg 1536w, https://agora.xtec.cat/ceippladedalt/wp-content/uploads/usu2126/2022/02/Collage-1r-edifici-200x150.jpeg 200w, https://agora.xtec.cat/ceippladedalt/wp-content/uploads/usu2126/2022/02/Collage-1r-edifici.jpeg 2000w" sizes="auto, (max-width: 1024px) 100vw, 1024px" /></p>
<p style="text-align: right;"><em>Crèdits de les fotografies: Arxiu Comarcal de la Garrotxa. Servei d’imatges. Fons L’Olotí. Autor: Àlvar Farré Serradell, c. 1979, 1980.</em></p>
<p><strong>El nou &#8220;Col·legi Nacional Sant Pere Màrtir&#8221; es va inaugurar el 14 de desembre de 1980. L&#8217;acte va ser organitzat per l&#8217;Associació de Pares d&#8217;Alumnes, el Claustre de Professors i amb la col·laboració de l&#8217;Ajuntament d&#8217;Olot. Així es va recollir en un article de la Vanguardia del 15 d&#8217;agost del mateix any.</strong></p>
<p><img loading="lazy" decoding="async" class="aligncenter wp-image-17597 size-large" src="https://agora.xtec.cat/ceippladedalt/wp-content/uploads/usu2126/2022/02/Inauguracio-acte-1980-i-article-Vanguardia-1024x683.jpg" alt="" width="1024" height="683" srcset="https://agora.xtec.cat/ceippladedalt/wp-content/uploads/usu2126/2022/02/Inauguracio-acte-1980-i-article-Vanguardia-1024x683.jpg 1024w, https://agora.xtec.cat/ceippladedalt/wp-content/uploads/usu2126/2022/02/Inauguracio-acte-1980-i-article-Vanguardia-300x200.jpg 300w, https://agora.xtec.cat/ceippladedalt/wp-content/uploads/usu2126/2022/02/Inauguracio-acte-1980-i-article-Vanguardia-768x512.jpg 768w, https://agora.xtec.cat/ceippladedalt/wp-content/uploads/usu2126/2022/02/Inauguracio-acte-1980-i-article-Vanguardia-1536x1025.jpg 1536w, https://agora.xtec.cat/ceippladedalt/wp-content/uploads/usu2126/2022/02/Inauguracio-acte-1980-i-article-Vanguardia.jpg 2048w" sizes="auto, (max-width: 1024px) 100vw, 1024px" /></p>
<p><img loading="lazy" decoding="async" class="aligncenter wp-image-17541 size-large" src="https://agora.xtec.cat/ceippladedalt/wp-content/uploads/usu2126/2022/02/Inauguracio-collage-1024x342.jpeg" alt="" width="1024" height="342" srcset="https://agora.xtec.cat/ceippladedalt/wp-content/uploads/usu2126/2022/02/Inauguracio-collage-1024x342.jpeg 1024w, https://agora.xtec.cat/ceippladedalt/wp-content/uploads/usu2126/2022/02/Inauguracio-collage-300x100.jpeg 300w, https://agora.xtec.cat/ceippladedalt/wp-content/uploads/usu2126/2022/02/Inauguracio-collage-768x257.jpeg 768w, https://agora.xtec.cat/ceippladedalt/wp-content/uploads/usu2126/2022/02/Inauguracio-collage-1536x513.jpeg 1536w, https://agora.xtec.cat/ceippladedalt/wp-content/uploads/usu2126/2022/02/Inauguracio-collage.jpeg 2048w" sizes="auto, (max-width: 1024px) 100vw, 1024px" /></p>
<p><strong>Ampliació 2006-2008</strong></p>
<p>No us podeu imaginar la il·lusió que ens va fer rebre aquesta maqueta, des del 1994 els pares tenien una guerra encesa amb el departament per aconseguir l&#8217;ampliació ja que el barri en expansió no podia absorbir tots els alumnes si ens mantenien una línia escolar per edat. Per fi podíem dir que deixaríem enrere els mòduls i la precarietat de com treballàvem els últims anys. Recordo el dia de la presentació del projecte per part dels arquitectes a tots els membres del Consell Escolar. Un cop es va acabar la presentació de la Flor (arquitecta) l&#8217;exalcalde Lluís Sacrest aixeca el dit i diu: <strong>Esteu al cas que a Olot hi cauen 1000 l. d&#8217;aigua a l&#8217;any i heu projectat els teulats plans</strong>. Un somriure es va apoderar de tothom i immediatament van actualitzar el projecta amb aquesta i 50 propostes més que provenien de la comissió d&#8217;obres que vam endegar amb lequip directiu, l&#8217;AFA i alguns pares arquitectes i aparelladors que teníem a l&#8217;escola. Des d&#8217;aquí un agraïment a tothom per la implicació i el criteri que van aportar per deixar una escola tan maca com la que tenim.</p>
<p><img loading="lazy" decoding="async" class="aligncenter wp-image-17542 size-large" src="https://agora.xtec.cat/ceippladedalt/wp-content/uploads/usu2126/2022/02/Ampliacio-collage-1024x683.jpeg" alt="" width="1024" height="683" srcset="https://agora.xtec.cat/ceippladedalt/wp-content/uploads/usu2126/2022/02/Ampliacio-collage-1024x683.jpeg 1024w, https://agora.xtec.cat/ceippladedalt/wp-content/uploads/usu2126/2022/02/Ampliacio-collage-300x200.jpeg 300w, https://agora.xtec.cat/ceippladedalt/wp-content/uploads/usu2126/2022/02/Ampliacio-collage-768x512.jpeg 768w, https://agora.xtec.cat/ceippladedalt/wp-content/uploads/usu2126/2022/02/Ampliacio-collage-1536x1025.jpeg 1536w, https://agora.xtec.cat/ceippladedalt/wp-content/uploads/usu2126/2022/02/Ampliacio-collage.jpeg 2048w" sizes="auto, (max-width: 1024px) 100vw, 1024px" /></p>

<p>En aquesta pàgina intentarem fer un recorregut històric de la que va ser la primera escola pública del barri del Pla de Dalt i de les diferents etapes i transformacions que s&#8217;hi han anat fent fins avui dia.<br />
L&#8217;escola va néixer l&#8217;any 1960. La seva primera&hellip;  <a href="https://agora.xtec.cat/ceippladedalt/lescola/historia/" title="Read HISTÒRIA">Llegeix més»</a></p>
